000
CDUS41 KBGM 192119
CLISYR


CLIMATE REPORT
NATIONAL WEATHER SERVICE BINGHAMTON NY
519 PM EDT FRI MAY 19 2017


...................................

...THE SYRACUSE NY CLIMATE SUMMARY FOR MAY 19 2017...
VALID AS OF 0500 PM LOCAL TIME.

CLIMATE NORMAL PERIOD 1981 TO 2010
CLIMATE RECORD PERIOD 1902 TO 2017


WEATHER ITEM   OBSERVED TIME   RECORD YEAR NORMAL DEPARTURE LAST
                VALUE   (LST)  VALUE       VALUE  FROM      YEAR
                                                  NORMAL
..................................................................
TEMPERATURE (F)
 TODAY
  MAXIMUM         68    801 AM  92    1971  70     -2       68
  MINIMUM         55   1109 AM  32    2009  47      8       39
                                      1944
  AVERAGE         62                        58      4       54

PRECIPITATION (IN)
  TODAY            T             2.36 1969   0.11  -0.11     0.00
  MONTH TO DATE    3.28                      1.91   1.37     1.10
  SINCE MAR 1     12.08                      8.05   4.03     5.56
  SINCE JAN 1     18.66                     12.62   6.04    12.08

SNOWFALL (IN)
  TODAY            0.0           T    1976   0.0    0.0      0.0
  MONTH TO DATE    0.0                       0.1   -0.1       T
  SINCE MAR 1     31.2                      21.9    9.3     13.5
  SINCE JUL 1    134.9                     123.8   11.1     80.3
  SNOW DEPTH       0

DEGREE DAYS
 HEATING
  TODAY            3                         7     -4       11
  MONTH TO DATE  247                       185     62      240
  SINCE MAR 1   1745                      1689     56     1678
  SINCE JUL 1   6014                      6520   -506     5777

 COOLING
  TODAY            0                         1     -1        0
  MONTH TO DATE   18                         9      9        0
  SINCE MAR 1     30                        13     17        0
  SINCE JAN 1     30                        13     17        0
..................................................................


WIND (MPH)
  HIGHEST WIND SPEED    23   HIGHEST WIND DIRECTION    NW (300)
  HIGHEST GUST SPEED    30   HIGHEST GUST DIRECTION     W (290)
  AVERAGE WIND SPEED    10.9


SKY COVER
  POSSIBLE SUNSHINE  MM
  AVERAGE SKY COVER 0.7


WEATHER CONDITIONS
 THE FOLLOWING WEATHER WAS RECORDED TODAY.
  LIGHT RAIN
  FOG


RELATIVE HUMIDITY (PERCENT)
 HIGHEST   100           200 AM
 LOWEST     62           400 PM
 AVERAGE    81

..........................................................


THE SYRACUSE NY CLIMATE NORMALS FOR TOMORROW
                         NORMAL    RECORD    YEAR
 MAXIMUM TEMPERATURE (F)   70        90      1962
 MINIMUM TEMPERATURE (F)   48        32      2002
                                             1944


SUNRISE AND SUNSET
MAY 19 2017...........SUNRISE   537 AM EDT   SUNSET   826 PM EDT
MAY 20 2017...........SUNRISE   536 AM EDT   SUNSET   827 PM EDT


-  INDICATES NEGATIVE NUMBERS.
R  INDICATES RECORD WAS SET OR TIED.
MM INDICATES DATA IS MISSING.
T  INDICATES TRACE AMOUNT.




$$
