000
CDUS41 KBGM 270534
CLISYR


CLIMATE REPORT
NATIONAL WEATHER SERVICE BINGHAMTON NY
132 AM EDT TUE JUN 27 2017


...................................

...THE SYRACUSE NY CLIMATE SUMMARY FOR JUNE 26 2017...

CLIMATE NORMAL PERIOD 1981 TO 2010
CLIMATE RECORD PERIOD 1902 TO 2017


WEATHER ITEM   OBSERVED TIME   RECORD YEAR NORMAL DEPARTURE LAST
                VALUE   (LST)  VALUE       VALUE  FROM      YEAR
                                                  NORMAL
..................................................................
TEMPERATURE (F)
 YESTERDAY
  MAXIMUM         69    502 PM  96    1952  80    -11       90
  MINIMUM         58   1155 PM  42    1970  59     -1       62
  AVERAGE         64                        70     -6       76

PRECIPITATION (IN)
  YESTERDAY        0.35          2.67 1968   0.11   0.24     0.00
  MONTH TO DATE    3.90                      2.86   1.04     1.95
  SINCE JUN 1      3.90                      2.86   1.04     1.95
  SINCE JAN 1     25.74                     16.79   8.95    16.51

SNOWFALL (IN)
  YESTERDAY        0.0           0.0  2002   0.0    0.0      0.0
                                      2001
  MONTH TO DATE    0.0                       0.0    0.0       T
  SINCE JUN 1      0.0                       0.0    0.0       T
  SINCE JUL 1    134.9                     123.8   11.1     80.3
  SNOW DEPTH       0

DEGREE DAYS
 HEATING
  YESTERDAY        1                         1      0        0
  MONTH TO DATE   61                        57      4       53
  SINCE JUN 1     61                        57      4       53
  SINCE JUL 1   6128                      6647   -519     5851

 COOLING
  YESTERDAY        0                         5     -5       11
  MONTH TO DATE   92                        90      2       73
  SINCE JUN 1     92                        90      2       73
  SINCE JAN 1    124                       120      4      129
..................................................................


WIND (MPH)
  HIGHEST WIND SPEED    18   HIGHEST WIND DIRECTION     W (260)
  HIGHEST GUST SPEED    MM   HIGHEST GUST DIRECTION    MM
  AVERAGE WIND SPEED     4.3


SKY COVER
  POSSIBLE SUNSHINE  MM
  AVERAGE SKY COVER 0.5


WEATHER CONDITIONS
 THE FOLLOWING WEATHER WAS RECORDED YESTERDAY.
  THUNDERSTORM
  HEAVY RAIN
  LIGHT RAIN
  FOG


RELATIVE HUMIDITY (PERCENT)
 HIGHEST   100           300 AM
 LOWEST     63          1000 AM
 AVERAGE    82

..........................................................


THE SYRACUSE NY CLIMATE NORMALS FOR TODAY
                         NORMAL    RECORD    YEAR
 MAXIMUM TEMPERATURE (F)   80        95      1999
                                             1941
 MINIMUM TEMPERATURE (F)   59        47      1982


SUNRISE AND SUNSET
JUNE 27 2017..........SUNRISE   527 AM EDT   SUNSET   848 PM EDT
JUNE 28 2017..........SUNRISE   527 AM EDT   SUNSET   848 PM EDT


-  INDICATES NEGATIVE NUMBERS.
R  INDICATES RECORD WAS SET OR TIED.
MM INDICATES DATA IS MISSING.
T  INDICATES TRACE AMOUNT.




$$
