134
CDUS41 KBGM 190532
CLISYR


CLIMATE REPORT
NATIONAL WEATHER SERVICE BINGHAMTON NY
1232 AM EST THU JAN 19 2017


...................................

...THE SYRACUSE NY CLIMATE SUMMARY FOR JANUARY 18 2017...

CLIMATE NORMAL PERIOD 1981 TO 2010
CLIMATE RECORD PERIOD 1902 TO 2017


WEATHER ITEM   OBSERVED TIME   RECORD YEAR NORMAL DEPARTURE LAST
                VALUE   (LST)  VALUE       VALUE  FROM      YEAR
                                                  NORMAL
..................................................................
TEMPERATURE (F)
 YESTERDAY
  MAXIMUM         38    131 PM  61    1973  31      7       20
  MINIMUM         34    838 AM -15    1945  15     19       14
  AVERAGE         36                        23     13       17

PRECIPITATION (IN)
  YESTERDAY        0.16          0.76 1920   0.08   0.08     0.08
  MONTH TO DATE    2.35                      1.53   0.82     1.47
  SINCE DEC 1      5.59                      4.75   0.84     6.30
  SINCE JAN 1      2.35                      1.53   0.82     1.47

SNOWFALL (IN)
  YESTERDAY        0.0          19.8  1992   1.1   -1.1      6.1
  MONTH TO DATE    4.8                      19.5  -14.7     28.1
  SINCE DEC 1     42.0                      52.2  -10.2     30.2
  SINCE JUL 1     67.4                      62.1    5.3     31.0
  SNOW DEPTH       0

DEGREE DAYS
 HEATING
  YESTERDAY       29                        42    -13       48
  MONTH TO DATE  689                       743    -54      700
  SINCE DEC 1   1780                      1847    -67     1431
  SINCE JUL 1   2974                      3196   -222     2516

 COOLING
  YESTERDAY        0                         0      0        0
  MONTH TO DATE    0                         0      0        0
  SINCE DEC 1      0                         0      0        0
  SINCE JAN 1      0                         0      0        0
..................................................................


WIND (MPH)
  HIGHEST WIND SPEED    12   HIGHEST WIND DIRECTION     W (250)
  HIGHEST GUST SPEED    15   HIGHEST GUST DIRECTION     W (290)
  AVERAGE WIND SPEED     5.9


SKY COVER
  POSSIBLE SUNSHINE  MM
  AVERAGE SKY COVER 1.0


WEATHER CONDITIONS
 THE FOLLOWING WEATHER WAS RECORDED YESTERDAY.
  LIGHT RAIN
  FOG


RELATIVE HUMIDITY (PERCENT)
 HIGHEST   100           500 AM
 LOWEST     85          1200 AM
 AVERAGE    93

..........................................................


THE SYRACUSE NY CLIMATE NORMALS FOR TODAY
                         NORMAL    RECORD    YEAR
 MAXIMUM TEMPERATURE (F)   31        64      1996
 MINIMUM TEMPERATURE (F)   15       -20      1904


SUNRISE AND SUNSET
JANUARY 19 2017.......SUNRISE   731 AM EST   SUNSET   500 PM EST
JANUARY 20 2017.......SUNRISE   730 AM EST   SUNSET   501 PM EST


-  INDICATES NEGATIVE NUMBERS.
R  INDICATES RECORD WAS SET OR TIED.
MM INDICATES DATA IS MISSING.
T  INDICATES TRACE AMOUNT.




$$
