000
CDUS41 KBGM 190345
CLISYR


CLIMATE REPORT
NATIONAL WEATHER SERVICE BINGHAMTON NY
1045 PM EST SAT FEB 18 2017


...................................

...THE SYRACUSE NY CLIMATE SUMMARY FOR FEBRUARY 18 2017...
VALID AS OF 1000 PM LOCAL TIME.

CLIMATE NORMAL PERIOD 1981 TO 2010
CLIMATE RECORD PERIOD 1902 TO 2017


WEATHER ITEM   OBSERVED TIME   RECORD YEAR NORMAL DEPARTURE LAST
                VALUE   (LST)  VALUE       VALUE  FROM      YEAR
                                                  NORMAL
..................................................................
TEMPERATURE (F)
 TODAY
  MAXIMUM         57    421 PM  62    1981  35     22       22
  MINIMUM         18   1237 AM -26    1979  18      0        4
  AVERAGE         38                        26     12       13

PRECIPITATION (IN)
  TODAY            0.00          1.04 1976   0.08  -0.08      T
  MONTH TO DATE    2.30                      1.29   1.01     3.21
  SINCE DEC 1      8.57                      7.01   1.56     9.75
  SINCE JAN 1      5.33                      3.79   1.54     4.92

SNOWFALL (IN)
  TODAY            0.0           6.1  2005   0.9   -0.9      0.3
  MONTH TO DATE   32.4                      16.7   15.7     21.9
  SINCE DEC 1     78.0                      83.4   -5.4     62.8
  SINCE JUL 1    103.4                      93.3   10.1     63.6
  SNOW DEPTH       8

DEGREE DAYS
 HEATING
  TODAY           27                        39    -12       52
  MONTH TO DATE  666                       721    -55      727
  SINCE DEC 1   2859                      3108   -249     2662
  SINCE JUL 1   4053                      4457   -404     3747

 COOLING
  TODAY            0                         0      0        0
  MONTH TO DATE    0                         0      0        0
  SINCE DEC 1      0                         0      0        0
  SINCE JAN 1      0                         0      0        0
..................................................................


WIND (MPH)
  HIGHEST WIND SPEED    25   HIGHEST WIND DIRECTION     W (260)
  HIGHEST GUST SPEED    34   HIGHEST GUST DIRECTION     W (260)
  AVERAGE WIND SPEED     7.4


SKY COVER
  POSSIBLE SUNSHINE  MM
  AVERAGE SKY COVER 0.3


WEATHER CONDITIONS
 THE FOLLOWING WEATHER WAS RECORDED TODAY.
  NO SIGNIFICANT WEATHER WAS OBSERVED.


RELATIVE HUMIDITY (PERCENT)
 HIGHEST    92          1200 AM
 LOWEST     41           100 PM
 AVERAGE    67

..........................................................


THE SYRACUSE NY CLIMATE NORMALS FOR TOMORROW
                         NORMAL    RECORD    YEAR
 MAXIMUM TEMPERATURE (F)   35        69      1981
 MINIMUM TEMPERATURE (F)   18        -9      2007


SUNRISE AND SUNSET
FEBRUARY 18 2017......SUNRISE   657 AM EST   SUNSET   540 PM EST
FEBRUARY 19 2017......SUNRISE   656 AM EST   SUNSET   541 PM EST


-  INDICATES NEGATIVE NUMBERS.
R  INDICATES RECORD WAS SET OR TIED.
MM INDICATES DATA IS MISSING.
T  INDICATES TRACE AMOUNT.




$$
