000
CDUS41 KBGM 280335
CLISYR


CLIMATE REPORT
NATIONAL WEATHER SERVICE BINGHAMTON NY
1035 PM EST SAT DEC 27 2014


...................................

...THE SYRACUSE NY CLIMATE SUMMARY FOR DECEMBER 27 2014...
VALID AS OF 1000 PM LOCAL TIME.

CLIMATE NORMAL PERIOD 1981 TO 2010
CLIMATE RECORD PERIOD 1902 TO 2014


WEATHER ITEM   OBSERVED TIME   RECORD YEAR NORMAL DEPARTURE LAST
                VALUE   (LST)  VALUE       VALUE  FROM      YEAR
                                                  NORMAL
..................................................................
TEMPERATURE (F)
 TODAY
  MAXIMUM         54    927 PM  62    1936  33     21       32
  MINIMUM         27   1232 AM -11    1989  19      8       21
  AVERAGE         41                        26     15       27

PRECIPITATION (IN)
  TODAY            0.00          1.87 1904   0.10  -0.10      T
  MONTH TO DATE    2.82                      2.85  -0.03     2.47
  SINCE DEC 1      2.82                      2.85  -0.03     2.47
  SINCE JAN 1     40.30                     38.10   2.20    40.00

SNOWFALL (IN)
  TODAY            0.0           8.3  2000   1.1   -1.1      0.1
  MONTH TO DATE   16.6                      28.3  -11.7     27.0
  SINCE DEC 1     16.6                      28.3  -11.7     27.0
  SINCE JUL 1     27.6                      38.2  -10.6     41.3
  SNOW DEPTH       0

DEGREE DAYS
 HEATING
  TODAY           24                        39    -15       38
  MONTH TO DATE  863                       945    -82      993
  SINCE DEC 1    863                       945    -82      993
  SINCE JUL 1   2048                      2294   -246     2326

 COOLING
  TODAY            0                         0      0        0
  MONTH TO DATE    0                         0      0        0
  SINCE DEC 1      0                         0      0        0
  SINCE JAN 1    647                       569     78      712
..................................................................


WIND (MPH)
  HIGHEST WIND SPEED    17   HIGHEST WIND DIRECTION     S (190)
  HIGHEST GUST SPEED    23   HIGHEST GUST DIRECTION     S (190)
  AVERAGE WIND SPEED     4.8


SKY COVER
  POSSIBLE SUNSHINE  MM
  AVERAGE SKY COVER 0.9


WEATHER CONDITIONS
 THE FOLLOWING WEATHER WAS RECORDED TODAY.
  NO SIGNIFICANT WEATHER WAS OBSERVED.


RELATIVE HUMIDITY (PERCENT)
 HIGHEST    92           100 AM
 LOWEST     54           300 PM
 AVERAGE    73

..........................................................


THE SYRACUSE NY CLIMATE NORMALS FOR TOMORROW
                         NORMAL    RECORD    YEAR
 MAXIMUM TEMPERATURE (F)   33        64      1984
 MINIMUM TEMPERATURE (F)   18       -10      1939


SUNRISE AND SUNSET
DECEMBER 27 2014......SUNRISE   735 AM EST   SUNSET   436 PM EST
DECEMBER 28 2014......SUNRISE   736 AM EST   SUNSET   437 PM EST


-  INDICATES NEGATIVE NUMBERS.
R  INDICATES RECORD WAS SET OR TIED.
MM INDICATES DATA IS MISSING.
T  INDICATES TRACE AMOUNT.




$$
