000
CDUS41 KBGM 151224
CLISYR


CLIMATE REPORT
NATIONAL WEATHER SERVICE BINGHAMTON NY
822 AM EDT TUE AUG 15 2017


...................................

...THE SYRACUSE NY CLIMATE SUMMARY FOR AUGUST 13 2017...

CLIMATE NORMAL PERIOD 1981 TO 2010
CLIMATE RECORD PERIOD 1902 TO 2017


WEATHER ITEM   OBSERVED TIME   RECORD YEAR NORMAL DEPARTURE LAST
                VALUE   (LST)  VALUE       VALUE  FROM      YEAR
                                                  NORMAL
..................................................................
TEMPERATURE (F)
 YESTERDAY
  MAXIMUM         79   1237 PM  96    1947  81     -2       90
  MINIMUM         57   1156 PM  48    1941  60     -3       74
                                      1930
  AVERAGE         68                        70     -2       82

PRECIPITATION (IN)
  YESTERDAY        0.00          3.26 1943   0.11  -0.11     1.09
  MONTH TO DATE    0.88                      1.48  -0.60     2.98
  SINCE JUN 1      9.76                      8.57   1.19     7.58
  SINCE JAN 1     31.60                     22.50   9.10    22.14

SNOWFALL (IN)
  YESTERDAY        0.0           0.0  2002   0.0    0.0      0.0
                                      2000
                                      2001
  MONTH TO DATE    0.0                       0.0    0.0      0.0
  SINCE JUN 1      0.0                       0.0    0.0       T
  SINCE JUL 1      0.0                       0.0    0.0      0.0
  SNOW DEPTH       0

DEGREE DAYS
 HEATING
  YESTERDAY        0                         0      0        0
  MONTH TO DATE    0                         0      0        0
  SINCE JUN 1     73                        69      4       53
  SINCE JUL 1      2                         8     -6        0

 COOLING
  YESTERDAY        3                         6     -3       17
  MONTH TO DATE   73                        78     -5      148
  SINCE JUN 1    351                       394    -43      514
  SINCE JAN 1    383                       424    -41      570
..................................................................


WIND (MPH)
  HIGHEST WIND SPEED    MM   HIGHEST WIND DIRECTION     N (14)
  HIGHEST GUST SPEED    MM   HIGHEST GUST DIRECTION     N (19)
  AVERAGE WIND SPEED     7.5


SKY COVER
  POSSIBLE SUNSHINE  MM
  AVERAGE SKY COVER  MM


WEATHER CONDITIONS
 THE FOLLOWING WEATHER WAS RECORDED YESTERDAY.
  NO SIGNIFICANT WEATHER WAS OBSERVED.


RELATIVE HUMIDITY (PERCENT)
 HIGHEST    MM
 LOWEST     MM
 AVERAGE    MM

..........................................................


THE SYRACUSE NY CLIMATE NORMALS FOR TODAY
                         NORMAL    RECORD    YEAR
 MAXIMUM TEMPERATURE (F)   81       101      2002
 MINIMUM TEMPERATURE (F)   60        48      1966
                                             1946
                                             1903


SUNRISE AND SUNSET
AUGUST 14 2017........SUNRISE   609 AM EDT   SUNSET   808 PM EDT
AUGUST 15 2017........SUNRISE   610 AM EDT   SUNSET   807 PM EDT


-  INDICATES NEGATIVE NUMBERS.
R  INDICATES RECORD WAS SET OR TIED.
MM INDICATES DATA IS MISSING.
T  INDICATES TRACE AMOUNT.




$$
