788
CDUS41 KBGM 250619
CLISYR


CLIMATE REPORT
NATIONAL WEATHER SERVICE BINGHAMTON NY
219 AM EDT SUN SEP 25 2016


...................................

...THE SYRACUSE NY CLIMATE SUMMARY FOR SEPTEMBER 24 2016...

CLIMATE NORMAL PERIOD 1981 TO 2010
CLIMATE RECORD PERIOD 1902 TO 2016


WEATHER ITEM   OBSERVED TIME   RECORD YEAR NORMAL DEPARTURE LAST
                VALUE   (LST)  VALUE       VALUE  FROM      YEAR
                                                  NORMAL
..................................................................
TEMPERATURE (F)
 YESTERDAY
  MAXIMUM         64   1253 PM  90    2010  69     -5       78
  MINIMUM         44    616 AM  29    1963  49     -5       51
  AVERAGE         54                        59     -5       65

PRECIPITATION (IN)
  YESTERDAY        0.00          2.59 2001   0.13  -0.13     0.00
  MONTH TO DATE    3.67                      2.94   0.73     2.07
  SINCE SEP 1      3.67                      2.94   0.73     2.07
  SINCE JAN 1     26.88                     27.53  -0.65    29.39

SNOWFALL (IN)
  YESTERDAY        0.0           0.0  2002   0.0    0.0      0.0
                                      2000
                                      2001
  MONTH TO DATE    0.0                       0.0    0.0      0.0
  SINCE SEP 1      0.0                       0.0    0.0      0.0
  SINCE JUL 1      0.0                       0.0    0.0      0.0
  SNOW DEPTH       0

DEGREE DAYS
 HEATING
  YESTERDAY       11                         7      4        0
  MONTH TO DATE   38                        91    -53       36
  SINCE SEP 1     38                        91    -53       36
  SINCE JUL 1     39                       117    -78       44

 COOLING
  YESTERDAY        0                         1     -1        0
  MONTH TO DATE   90                        49     41      139
  SINCE SEP 1     90                        49     41      139
  SINCE JAN 1    802                       562    240      711
..................................................................


WIND (MPH)
  HIGHEST WIND SPEED    16   HIGHEST WIND DIRECTION    NW (300)
  HIGHEST GUST SPEED    20   HIGHEST GUST DIRECTION     N (340)
  AVERAGE WIND SPEED     5.5


SKY COVER
  POSSIBLE SUNSHINE  MM
  AVERAGE SKY COVER 0.3


WEATHER CONDITIONS
 THE FOLLOWING WEATHER WAS RECORDED YESTERDAY.
  FOG


RELATIVE HUMIDITY (PERCENT)
 HIGHEST   100           600 AM
 LOWEST     39           300 PM
 AVERAGE    70

..........................................................


THE SYRACUSE NY CLIMATE NORMALS FOR TODAY
                         NORMAL    RECORD    YEAR
 MAXIMUM TEMPERATURE (F)   68        91      2007
 MINIMUM TEMPERATURE (F)   48        32      1963


SUNRISE AND SUNSET
SEPTEMBER 25 2016.....SUNRISE   656 AM EDT   SUNSET   655 PM EDT
SEPTEMBER 26 2016.....SUNRISE   657 AM EDT   SUNSET   654 PM EDT


-  INDICATES NEGATIVE NUMBERS.
R  INDICATES RECORD WAS SET OR TIED.
MM INDICATES DATA IS MISSING.
T  INDICATES TRACE AMOUNT.




$$
