000
CDUS41 KBGM 160536
CLISYR


CLIMATE REPORT
NATIONAL WEATHER SERVICE BINGHAMTON NY
1235 AM EST THU NOV 16 2017


...................................

...THE SYRACUSE NY CLIMATE SUMMARY FOR NOVEMBER 15 2017...

CLIMATE NORMAL PERIOD 1981 TO 2010
CLIMATE RECORD PERIOD 1902 TO 2017


WEATHER ITEM   OBSERVED TIME   RECORD YEAR NORMAL DEPARTURE LAST
                VALUE   (LST)  VALUE       VALUE  FROM      YEAR
                                                  NORMAL
..................................................................
TEMPERATURE (F)
 YESTERDAY
  MAXIMUM         46    212 PM  73    1956  49     -3       54
  MINIMUM         26    709 AM  12    1933  33     -7       34
  AVERAGE         36                        41     -5       44

PRECIPITATION (IN)
  YESTERDAY        T             1.47 1973   0.12  -0.12      T
  MONTH TO DATE    2.40                      1.75   0.65     1.02
  SINCE SEP 1      9.87                      8.88   0.99    12.41
  SINCE JAN 1     42.39                     33.47   8.92    35.62

SNOWFALL (IN)
  YESTERDAY        0.0           3.0  1995   0.3   -0.3      0.0
  MONTH TO DATE    0.9                       2.8   -1.9      0.0
  SINCE SEP 1      0.9                       3.2   -2.3      0.2
  SINCE JUL 1      0.9                       3.2   -2.3      0.2
  SNOW DEPTH       0

DEGREE DAYS
 HEATING
  YESTERDAY       29                        24      5       21
  MONTH TO DATE  394                       326     68      304
  SINCE SEP 1    752                       917   -165      807
  SINCE JUL 1    788                       943   -155      808

 COOLING
  YESTERDAY        0                         0      0        0
  MONTH TO DATE    0                         0      0        0
  SINCE SEP 1    112                        56     56       97
  SINCE JAN 1    562                       569     -7      809
..................................................................


WIND (MPH)
  HIGHEST WIND SPEED    21   HIGHEST WIND DIRECTION    SE (150)
  HIGHEST GUST SPEED    27   HIGHEST GUST DIRECTION     S (160)
  AVERAGE WIND SPEED     8.6


SKY COVER
  POSSIBLE SUNSHINE  MM
  AVERAGE SKY COVER 0.7


WEATHER CONDITIONS
 THE FOLLOWING WEATHER WAS RECORDED YESTERDAY.
  LIGHT RAIN
  FOG


RELATIVE HUMIDITY (PERCENT)
 HIGHEST   100           100 AM
 LOWEST     45           200 PM
 AVERAGE    73

..........................................................


THE SYRACUSE NY CLIMATE NORMALS FOR TODAY
                         NORMAL    RECORD    YEAR
 MAXIMUM TEMPERATURE (F)   48        71      1990
 MINIMUM TEMPERATURE (F)   33         6      1933


SUNRISE AND SUNSET
NOVEMBER 16 2017......SUNRISE   659 AM EST   SUNSET   439 PM EST
NOVEMBER 17 2017......SUNRISE   700 AM EST   SUNSET   439 PM EST


-  INDICATES NEGATIVE NUMBERS.
R  INDICATES RECORD WAS SET OR TIED.
MM INDICATES DATA IS MISSING.
T  INDICATES TRACE AMOUNT.




$$
