000
CDUS41 KBGM 010606
CLISYR


CLIMATE REPORT
NATIONAL WEATHER SERVICE BINGHAMTON NY
205 AM EDT WED JUL 1 2015


...................................

...THE SYRACUSE NY CLIMATE SUMMARY FOR JUNE 30 2015...

CLIMATE NORMAL PERIOD 1981 TO 2010
CLIMATE RECORD PERIOD 1902 TO 2015


WEATHER ITEM   OBSERVED TIME   RECORD YEAR NORMAL DEPARTURE LAST
                VALUE   (LST)  VALUE       VALUE  FROM      YEAR
                                                  NORMAL
..................................................................
TEMPERATURE (F)
 YESTERDAY
  MAXIMUM         76    438 PM  95    1931  81     -5       89
  MINIMUM         55    235 AM  48    1988  60     -5       73
  AVERAGE         66                        70     -4       81

PRECIPITATION (IN)
  YESTERDAY        2.64R         1.74 1907   0.12   2.52     0.00
  MONTH TO DATE    9.92                      3.31   6.61     2.74
  SINCE JUN 1      9.92                      3.31   6.61     2.74
  SINCE JAN 1     22.04                     17.24   4.80    20.12

SNOWFALL (IN)
  YESTERDAY        0.0           0.0  2002   0.0    0.0      0.0
                                      2001
  MONTH TO DATE    0.0                       0.0    0.0      0.0
  SINCE JUN 1      0.0                       0.0    0.0      0.0
  SINCE JUL 1    119.7                     123.8   -4.1    132.0
  SNOW DEPTH       0

DEGREE DAYS
 HEATING
  YESTERDAY        0                         1     -1        0
  MONTH TO DATE   53                        61     -8       23
  SINCE JUN 1     53                        61     -8       23
  SINCE JUL 1   7121                      6651    470     7079

 COOLING
  YESTERDAY        1                         6     -5       16
  MONTH TO DATE   89                       113    -24      147
  SINCE JUN 1     89                       113    -24      147
  SINCE JAN 1    194                       143     51      203
..................................................................


WIND (MPH)
  HIGHEST WIND SPEED    22   HIGHEST WIND DIRECTION     S (200)
  HIGHEST GUST SPEED    28   HIGHEST GUST DIRECTION    SW (210)
  AVERAGE WIND SPEED     8.0


SKY COVER
  POSSIBLE SUNSHINE  MM
  AVERAGE SKY COVER 0.9


WEATHER CONDITIONS
 THE FOLLOWING WEATHER WAS RECORDED YESTERDAY.
  THUNDERSTORM
  HEAVY RAIN
  LIGHT RAIN
  FOG


RELATIVE HUMIDITY (PERCENT)
 HIGHEST   100           300 AM
 LOWEST     79           500 PM
 AVERAGE    90

..........................................................


THE SYRACUSE NY CLIMATE NORMALS FOR TODAY
                         NORMAL    RECORD    YEAR
 MAXIMUM TEMPERATURE (F)   81        95      1931
 MINIMUM TEMPERATURE (F)   60        46      1912


SUNRISE AND SUNSET
JULY  1 2015..........SUNRISE   529 AM EDT   SUNSET   848 PM EDT
JULY  2 2015..........SUNRISE   529 AM EDT   SUNSET   848 PM EDT


-  INDICATES NEGATIVE NUMBERS.
R  INDICATES RECORD WAS SET OR TIED.
MM INDICATES DATA IS MISSING.
T  INDICATES TRACE AMOUNT.




$$

HEDEN
