000
CDUS41 KBGM 300613
CLISYR


CLIMATE REPORT
NATIONAL WEATHER SERVICE BINGHAMTON NY
211 AM EDT TUE SEP 30 2014


...................................

...THE SYRACUSE NY CLIMATE SUMMARY FOR SEPTEMBER 29 2014...

CLIMATE NORMAL PERIOD 1981 TO 2010
CLIMATE RECORD PERIOD 1902 TO 2014


WEATHER ITEM   OBSERVED TIME   RECORD YEAR NORMAL DEPARTURE LAST
                VALUE   (LST)  VALUE       VALUE  FROM      YEAR
                                                  NORMAL
..................................................................
TEMPERATURE (F)
 YESTERDAY
  MAXIMUM         81    229 PM  90    1959  67     14       73
  MINIMUM         52    511 AM  30    2000  47      5       47
  AVERAGE         67                        57     10       60

PRECIPITATION (IN)
  YESTERDAY        0.00          1.51 1986   0.13  -0.13     0.00
  MONTH TO DATE    1.60                      3.57  -1.97     3.20
  SINCE SEP 1      1.60                      3.57  -1.97     3.20
  SINCE JAN 1     30.64                     28.16   2.48    29.78

SNOWFALL (IN)
  YESTERDAY        0.0           0.0  2002   0.0    0.0      0.0
  MONTH TO DATE    0.0                       0.0    0.0      0.0
  SINCE SEP 1      0.0                       0.0    0.0      0.0
  SINCE JUL 1      0.0                       0.0    0.0      0.0
  SNOW DEPTH       0

DEGREE DAYS
 HEATING
  YESTERDAY        0                         9     -9        5
  MONTH TO DATE  103                       131    -28      169
  SINCE SEP 1    103                       131    -28      169
  SINCE JUL 1    114                       157    -43      175

 COOLING
  YESTERDAY        2                         1      1        0
  MONTH TO DATE   75                        54     21       68
  SINCE SEP 1     75                        54     21       68
  SINCE JAN 1    634                       567     67      711
..................................................................


WIND (MPH)
  HIGHEST WIND SPEED     9   HIGHEST WIND DIRECTION    NE (30)
  HIGHEST GUST SPEED    12   HIGHEST GUST DIRECTION     N (20)
  AVERAGE WIND SPEED     2.7


SKY COVER
  POSSIBLE SUNSHINE  MM
  AVERAGE SKY COVER 0.5


WEATHER CONDITIONS
 THE FOLLOWING WEATHER WAS RECORDED YESTERDAY.
  FOG


RELATIVE HUMIDITY (PERCENT)
 HIGHEST    93           200 AM
 LOWEST     42           100 PM
 AVERAGE    68

..........................................................


THE SYRACUSE NY CLIMATE NORMALS FOR TODAY
                         NORMAL    RECORD    YEAR
 MAXIMUM TEMPERATURE (F)   66        89      1953
 MINIMUM TEMPERATURE (F)   47        28      1991


SUNRISE AND SUNSET
SEPTEMBER 30 2014.....SUNRISE   701 AM EDT   SUNSET   647 PM EDT
OCTOBER  1 2014.......SUNRISE   702 AM EDT   SUNSET   646 PM EDT


-  INDICATES NEGATIVE NUMBERS.
R  INDICATES RECORD WAS SET OR TIED.
MM INDICATES DATA IS MISSING.
T  INDICATES TRACE AMOUNT.

$$
