000
CDUS41 KBGM 160545
CLISYR


CLIMATE REPORT
NATIONAL WEATHER SERVICE BINGHAMTON NY
1244 AM EST SAT DEC 16 2017


...................................

...THE SYRACUSE NY CLIMATE SUMMARY FOR DECEMBER 15 2017...

CLIMATE NORMAL PERIOD 1981 TO 2010
CLIMATE RECORD PERIOD 1902 TO 2017


WEATHER ITEM   OBSERVED TIME   RECORD YEAR NORMAL DEPARTURE LAST
                VALUE   (LST)  VALUE       VALUE  FROM      YEAR
                                                  NORMAL
..................................................................
TEMPERATURE (F)
 YESTERDAY
  MAXIMUM         25   1159 PM  62    1975  36    -11       21
  MINIMUM          6    603 AM  -6    1943  23    -17        9
  AVERAGE         16                        30    -14       15

PRECIPITATION (IN)
  YESTERDAY        T             0.60 1915   0.10  -0.10     0.14
  MONTH TO DATE    0.86                      1.67  -0.81     1.68
  SINCE DEC 1      0.86                      1.67  -0.81     1.68
  SINCE JAN 1     44.50                     36.92   7.58    39.06

SNOWFALL (IN)
  YESTERDAY        T            11.9  2010   1.2   -1.2      6.1
  MONTH TO DATE   16.9                      15.1    1.8     19.5
  SINCE DEC 1     16.9                      15.1    1.8     19.5
  SINCE JUL 1     22.1                      25.0   -2.9     44.9
  SNOW DEPTH       8

DEGREE DAYS
 HEATING
  YESTERDAY       49                        36     13       50
  MONTH TO DATE  528                       494     34      508
  SINCE DEC 1    528                       494     34      508
  SINCE JUL 1   1725                      1843   -118     1702

 COOLING
  YESTERDAY        0                         0      0        0
  MONTH TO DATE    0                         0      0        0
  SINCE DEC 1      0                         0      0        0
  SINCE JAN 1    562                       569     -7      809
..................................................................


WIND (MPH)
  HIGHEST WIND SPEED    28   HIGHEST WIND DIRECTION    SW (240)
  HIGHEST GUST SPEED    35   HIGHEST GUST DIRECTION    SW (240)
  AVERAGE WIND SPEED     7.6


SKY COVER
  POSSIBLE SUNSHINE  MM
  AVERAGE SKY COVER 0.8


WEATHER CONDITIONS
 THE FOLLOWING WEATHER WAS RECORDED YESTERDAY.
  LIGHT SNOW


RELATIVE HUMIDITY (PERCENT)
 HIGHEST    92           500 AM
 LOWEST     60           100 PM
 AVERAGE    76

..........................................................


THE SYRACUSE NY CLIMATE NORMALS FOR TODAY
                         NORMAL    RECORD    YEAR
 MAXIMUM TEMPERATURE (F)   36        55      1971
 MINIMUM TEMPERATURE (F)   22        -2      2016


SUNRISE AND SUNSET
DECEMBER 16 2017......SUNRISE   730 AM EST   SUNSET   430 PM EST
DECEMBER 17 2017......SUNRISE   731 AM EST   SUNSET   431 PM EST


-  INDICATES NEGATIVE NUMBERS.
R  INDICATES RECORD WAS SET OR TIED.
MM INDICATES DATA IS MISSING.
T  INDICATES TRACE AMOUNT.




$$
