000
CDUS41 KBGM 170547
CLISYR


CLIMATE REPORT
NATIONAL WEATHER SERVICE BINGHAMTON NY
146 AM EDT TUE OCT 17 2017


...................................

...THE SYRACUSE NY CLIMATE SUMMARY FOR OCTOBER 16 2017...

CLIMATE NORMAL PERIOD 1981 TO 2010
CLIMATE RECORD PERIOD 1902 TO 2017


WEATHER ITEM   OBSERVED TIME   RECORD YEAR NORMAL DEPARTURE LAST
                VALUE   (LST)  VALUE       VALUE  FROM      YEAR
                                                  NORMAL
..................................................................
TEMPERATURE (F)
 YESTERDAY
  MAXIMUM         51   1243 AM  82    1962  60     -9       76
                                      1947
  MINIMUM         38   1159 PM  27    1940  41     -3       54
  AVERAGE         45                        50     -5       65

PRECIPITATION (IN)
  YESTERDAY        0.06          1.29 1955   0.11  -0.05     0.18
  MONTH TO DATE    1.88                      1.80   0.08     1.98
  SINCE SEP 1      3.26                      5.49  -2.23     5.68
  SINCE JAN 1     35.78                     30.08   5.70    28.89

SNOWFALL (IN)
  YESTERDAY       MM             0.6  1970   0.0   MM        0.0
  MONTH TO DATE    0.0                       0.0    0.0      0.0
  SINCE SEP 1      0.0                       0.0    0.0      0.0
  SINCE JUL 1      0.0                       0.0    0.0      0.0
  SNOW DEPTH       0

DEGREE DAYS
 HEATING
  YESTERDAY       20                        15      5        0
  MONTH TO DATE   90                       195   -105      147
  SINCE SEP 1    193                       336   -143      235
  SINCE JUL 1    229                       362   -133      236

 COOLING
  YESTERDAY        0                         0      0        0
  MONTH TO DATE   17                         0     17        0
  SINCE SEP 1    112                        52     60       90
  SINCE JAN 1    562                       565     -3      802
..................................................................


WIND (MPH)
  HIGHEST WIND SPEED    25   HIGHEST WIND DIRECTION     W (290)
  HIGHEST GUST SPEED    33   HIGHEST GUST DIRECTION     W (280)
  AVERAGE WIND SPEED     9.3


SKY COVER
  POSSIBLE SUNSHINE  MM
  AVERAGE SKY COVER 0.8


WEATHER CONDITIONS
 THE FOLLOWING WEATHER WAS RECORDED YESTERDAY.
  LIGHT RAIN
  FOG


RELATIVE HUMIDITY (PERCENT)
 HIGHEST   100           500 AM
 LOWEST     70           400 PM
 AVERAGE    85

..........................................................


THE SYRACUSE NY CLIMATE NORMALS FOR TODAY
                         NORMAL    RECORD    YEAR
 MAXIMUM TEMPERATURE (F)   60        84      1947
 MINIMUM TEMPERATURE (F)   41        24      1978


SUNRISE AND SUNSET
OCTOBER 17 2017.......SUNRISE   721 AM EDT   SUNSET   618 PM EDT
OCTOBER 18 2017.......SUNRISE   722 AM EDT   SUNSET   616 PM EDT


-  INDICATES NEGATIVE NUMBERS.
R  INDICATES RECORD WAS SET OR TIED.
MM INDICATES DATA IS MISSING.
T  INDICATES TRACE AMOUNT.




$$
