000
CDUS41 KBGM 300553
CLISYR


CLIMATE REPORT
NATIONAL WEATHER SERVICE BINGHAMTON NY
152 AM EDT SUN APR 30 2017


...................................

...THE SYRACUSE NY CLIMATE SUMMARY FOR APRIL 29 2017...

CLIMATE NORMAL PERIOD 1981 TO 2010
CLIMATE RECORD PERIOD 1902 TO 2017


WEATHER ITEM   OBSERVED TIME   RECORD YEAR NORMAL DEPARTURE LAST
                VALUE   (LST)  VALUE       VALUE  FROM      YEAR
                                                  NORMAL
..................................................................
TEMPERATURE (F)
 YESTERDAY
  MAXIMUM         65    252 AM  85    1962  63      2       53
  MINIMUM         44   1159 PM  27    1977  41      3       38
                                      1949
  AVERAGE         55                        52      3       46

PRECIPITATION (IN)
  YESTERDAY        0.00          0.86 1962   0.11  -0.11      T
  MONTH TO DATE    4.94                      3.09   1.85     2.01
  SINCE MAR 1      8.79                      6.04   2.75     4.46
  SINCE JAN 1     15.37                     10.61   4.76    10.98

SNOWFALL (IN)
  YESTERDAY        0.0           T    2002   0.1   -0.1      0.0
  MONTH TO DATE    0.3                       3.8   -3.5      8.1
  SINCE MAR 1     31.2                      21.8    9.4     13.5
  SINCE JUL 1    134.9                     123.7   11.2     80.3
  SNOW DEPTH       0

DEGREE DAYS
 HEATING
  YESTERDAY       10                        13     -3       19
  MONTH TO DATE  412                       534   -122      652
  SINCE MAR 1   1484                      1491     -7     1427
  SINCE JUL 1   5753                      6322   -569     5526

 COOLING
  YESTERDAY        0                         0      0        0
  MONTH TO DATE   12                         0     12        0
  SINCE MAR 1     12                         0     12        0
  SINCE JAN 1     12                         0     12        0
..................................................................


WIND (MPH)
  HIGHEST WIND SPEED    21   HIGHEST WIND DIRECTION     W (270)
  HIGHEST GUST SPEED    27   HIGHEST GUST DIRECTION     W (270)
  AVERAGE WIND SPEED     8.1


SKY COVER
  POSSIBLE SUNSHINE  MM
  AVERAGE SKY COVER 0.9


WEATHER CONDITIONS
 THE FOLLOWING WEATHER WAS RECORDED YESTERDAY.
  NO SIGNIFICANT WEATHER WAS OBSERVED.


RELATIVE HUMIDITY (PERCENT)
 HIGHEST    80          1200 AM
 LOWEST     50           700 PM
 AVERAGE    65

..........................................................


THE SYRACUSE NY CLIMATE NORMALS FOR TODAY
                         NORMAL    RECORD    YEAR
 MAXIMUM TEMPERATURE (F)   64        85      1970
 MINIMUM TEMPERATURE (F)   42        27      1978


SUNRISE AND SUNSET
APRIL 30 2017.........SUNRISE   559 AM EDT   SUNSET   805 PM EDT
MAY  1 2017...........SUNRISE   558 AM EDT   SUNSET   806 PM EDT


-  INDICATES NEGATIVE NUMBERS.
R  INDICATES RECORD WAS SET OR TIED.
MM INDICATES DATA IS MISSING.
T  INDICATES TRACE AMOUNT.




$$
