000
CDUS41 KBGM 030531
CLISYR


CLIMATE REPORT
NATIONAL WEATHER SERVICE BINGHAMTON NY
1230 AM EST SAT DEC 3 2016


...................................

...THE SYRACUSE NY CLIMATE SUMMARY FOR DECEMBER 2 2016...

CLIMATE NORMAL PERIOD 1981 TO 2010
CLIMATE RECORD PERIOD 1902 TO 2016


WEATHER ITEM   OBSERVED TIME   RECORD YEAR NORMAL DEPARTURE LAST
                VALUE   (LST)  VALUE       VALUE  FROM      YEAR
                                                  NORMAL
..................................................................
TEMPERATURE (F)
 YESTERDAY
  MAXIMUM         44   1134 AM  65    1998  41      3       48
                                      1980
  MINIMUM         33    918 PM   3    1989  28      5       40
  AVERAGE         39                        34      5       44

PRECIPITATION (IN)
  YESTERDAY        0.09          1.00 1986   0.12  -0.03     0.93
  MONTH TO DATE    0.53                      0.23   0.30     1.19
  SINCE DEC 1      0.53                      0.23   0.30     1.19
  SINCE JAN 1     37.91                     35.48   2.43    38.22

SNOWFALL (IN)
  YESTERDAY        T             9.2  2005   0.9   -0.9      0.0
  MONTH TO DATE    T                         1.7   -1.7      0.0
  SINCE DEC 1      T                         1.7   -1.7      0.0
  SINCE JUL 1     25.4                      11.6   13.8      0.8
  SNOW DEPTH       0

DEGREE DAYS
 HEATING
  YESTERDAY       26                        31     -5       21
  MONTH TO DATE   45                        61    -16       44
  SINCE DEC 1     45                        61    -16       44
  SINCE JUL 1   1239                      1410   -171     1129

 COOLING
  YESTERDAY        0                         0      0        0
  MONTH TO DATE    0                         0      0        0
  SINCE DEC 1      0                         0      0        0
  SINCE JAN 1    809                       569    240      717
..................................................................


WIND (MPH)
  HIGHEST WIND SPEED    29   HIGHEST WIND DIRECTION     W (250)
  HIGHEST GUST SPEED    34   HIGHEST GUST DIRECTION     W (250)
  AVERAGE WIND SPEED    16.5


SKY COVER
  POSSIBLE SUNSHINE  MM
  AVERAGE SKY COVER 1.0


WEATHER CONDITIONS
 THE FOLLOWING WEATHER WAS RECORDED YESTERDAY.
  LIGHT RAIN
  SNOW
  LIGHT SNOW
  FOG


RELATIVE HUMIDITY (PERCENT)
 HIGHEST   100          1000 PM
 LOWEST     57           400 PM
 AVERAGE    79

..........................................................


THE SYRACUSE NY CLIMATE NORMALS FOR TODAY
                         NORMAL    RECORD    YEAR
 MAXIMUM TEMPERATURE (F)   41        65      1982
 MINIMUM TEMPERATURE (F)   27        -8      1976


SUNRISE AND SUNSET
DECEMBER  3 2016......SUNRISE   719 AM EST   SUNSET   430 PM EST
DECEMBER  4 2016......SUNRISE   720 AM EST   SUNSET   430 PM EST


-  INDICATES NEGATIVE NUMBERS.
R  INDICATES RECORD WAS SET OR TIED.
MM INDICATES DATA IS MISSING.
T  INDICATES TRACE AMOUNT.




$$
