000
CDUS41 KBGM 280532
CLISYR


CLIMATE REPORT
NATIONAL WEATHER SERVICE BINGHAMTON NY
131 AM EDT THU AUG 28 2014


...................................

...THE SYRACUSE NY CLIMATE SUMMARY FOR AUGUST 27 2014...

CLIMATE NORMAL PERIOD 1981 TO 2010
CLIMATE RECORD PERIOD 1902 TO 2014


WEATHER ITEM   OBSERVED TIME   RECORD YEAR NORMAL DEPARTURE LAST
                VALUE   (LST)  VALUE       VALUE  FROM      YEAR
                                                  NORMAL
..................................................................
TEMPERATURE (F)
 YESTERDAY
  MAXIMUM         80    215 PM  97    1948  79      1       84
  MINIMUM         63   1159 PM  40    1940  58      5       66
  AVERAGE         72                        68      4       75

PRECIPITATION (IN)
  YESTERDAY        T             1.48 1974   0.11  -0.11      T
  MONTH TO DATE    3.49                      3.11   0.38     2.19
  SINCE JUN 1     11.41                     10.20   1.21    12.25
  SINCE JAN 1     28.79                     24.13   4.66    26.19

SNOWFALL (IN)
  YESTERDAY        0.0           0.0  2002   0.0    0.0      0.0
  MONTH TO DATE    0.0                       0.0    0.0      0.0
  SINCE JUN 1      0.0                       0.0    0.0      0.0
  SINCE JUL 1      0.0                       0.0    0.0      0.0
  SNOW DEPTH       0

DEGREE DAYS
 HEATING
  YESTERDAY        0                         1     -1        0
  MONTH TO DATE    8                        14     -6        3
  SINCE JUN 1     33                        83    -50       67
  SINCE JUL 1     10                        22    -12        6

 COOLING
  YESTERDAY        7                         4      3       10
  MONTH TO DATE  129                       149    -20      120
  SINCE JUN 1    486                       465     21      547
  SINCE JAN 1    542                       495     47      599
..................................................................


WIND (MPH)
  HIGHEST WIND SPEED    17   HIGHEST WIND DIRECTION    NW (310)
  HIGHEST GUST SPEED    22   HIGHEST GUST DIRECTION    NW (300)
  AVERAGE WIND SPEED     7.9


SKY COVER
  POSSIBLE SUNSHINE  MM
  AVERAGE SKY COVER 0.8


WEATHER CONDITIONS
 THE FOLLOWING WEATHER WAS RECORDED YESTERDAY.
  LIGHT RAIN


RELATIVE HUMIDITY (PERCENT)
 HIGHEST    84           900 PM
 LOWEST     53           500 PM
 AVERAGE    69

..........................................................


THE SYRACUSE NY CLIMATE NORMALS FOR TODAY
                         NORMAL    RECORD    YEAR
 MAXIMUM TEMPERATURE (F)   78        98      1948
 MINIMUM TEMPERATURE (F)   58        43      1982
                                             1957


SUNRISE AND SUNSET
AUGUST 28 2014........SUNRISE   624 AM EDT   SUNSET   746 PM EDT
AUGUST 29 2014........SUNRISE   625 AM EDT   SUNSET   744 PM EDT


-  INDICATES NEGATIVE NUMBERS.
R  INDICATES RECORD WAS SET OR TIED.
MM INDICATES DATA IS MISSING.
T  INDICATES TRACE AMOUNT.




$$
