000
CDUS41 KBGM 240551
CLISYR


CLIMATE REPORT
NATIONAL WEATHER SERVICE BINGHAMTON NY
150 AM EDT SAT JUN 24 2017


...................................

...THE SYRACUSE NY CLIMATE SUMMARY FOR JUNE 23 2017...

CLIMATE NORMAL PERIOD 1981 TO 2010
CLIMATE RECORD PERIOD 1902 TO 2017


WEATHER ITEM   OBSERVED TIME   RECORD YEAR NORMAL DEPARTURE LAST
                VALUE   (LST)  VALUE       VALUE  FROM      YEAR
                                                  NORMAL
..................................................................
TEMPERATURE (F)
 YESTERDAY
  MAXIMUM         79    259 PM  92    1975  80     -1       77
  MINIMUM         69   1159 PM  40    1918  58     11       49
  AVERAGE         74                        69      5       63

PRECIPITATION (IN)
  YESTERDAY        0.22          1.00 1969   0.11   0.11     0.00
  MONTH TO DATE    3.30                      2.52   0.78     1.95
  SINCE JUN 1      3.30                      2.52   0.78     1.95
  SINCE JAN 1     25.14                     16.45   8.69    16.51

SNOWFALL (IN)
  YESTERDAY        0.0           0.0  2002   0.0    0.0      0.0
                                      2001
  MONTH TO DATE    0.0                       0.0    0.0       T
  SINCE JUN 1      0.0                       0.0    0.0       T
  SINCE JUL 1    134.9                     123.8   11.1     80.3
  SNOW DEPTH       0

DEGREE DAYS
 HEATING
  YESTERDAY        0                         1     -1        2
  MONTH TO DATE   60                        54      6       53
  SINCE JUN 1     60                        54      6       53
  SINCE JUL 1   6127                      6644   -517     5851

 COOLING
  YESTERDAY        9                         5      4        0
  MONTH TO DATE   87                        75     12       57
  SINCE JUN 1     87                        75     12       57
  SINCE JAN 1    119                       105     14      113
..................................................................


WIND (MPH)
  HIGHEST WIND SPEED    22   HIGHEST WIND DIRECTION     S (180)
  HIGHEST GUST SPEED    26   HIGHEST GUST DIRECTION     S (180)
  AVERAGE WIND SPEED    10.0


SKY COVER
  POSSIBLE SUNSHINE  MM
  AVERAGE SKY COVER 1.0


WEATHER CONDITIONS
 THE FOLLOWING WEATHER WAS RECORDED YESTERDAY.
  LIGHT RAIN
  FOG


RELATIVE HUMIDITY (PERCENT)
 HIGHEST    87           800 AM
 LOWEST     71           200 PM
 AVERAGE    79

..........................................................


THE SYRACUSE NY CLIMATE NORMALS FOR TODAY
                         NORMAL    RECORD    YEAR
 MAXIMUM TEMPERATURE (F)   80        93      1952
                                             1949
 MINIMUM TEMPERATURE (F)   59        45      1988


SUNRISE AND SUNSET
JUNE 24 2017..........SUNRISE   526 AM EDT   SUNSET   848 PM EDT
JUNE 25 2017..........SUNRISE   526 AM EDT   SUNSET   848 PM EDT


-  INDICATES NEGATIVE NUMBERS.
R  INDICATES RECORD WAS SET OR TIED.
MM INDICATES DATA IS MISSING.
T  INDICATES TRACE AMOUNT.




$$
