000
CDUS41 KBGM 012118
CLISYR


CLIMATE REPORT
NATIONAL WEATHER SERVICE BINGHAMTON NY
517 PM EDT MON JUN 1 2015


...................................

...THE SYRACUSE NY CLIMATE SUMMARY FOR JUNE 1 2015...
VALID TODAY AS OF 0500 PM LOCAL TIME.

CLIMATE NORMAL PERIOD 1981 TO 2010
CLIMATE RECORD PERIOD 1902 TO 2015


WEATHER ITEM   OBSERVED TIME   RECORD YEAR NORMAL DEPARTURE LAST
                VALUE   (LST)  VALUE       VALUE  FROM      YEAR
                                                  NORMAL
..................................................................
TEMPERATURE (F)
 TODAY
  MAXIMUM         55    305 PM  91    1954  74    -19       81
  MINIMUM         50    249 AM  34    1945  52     -2       48
  AVERAGE         53                        62     -9       65

PRECIPITATION (IN)
  TODAY            0.43          1.31 1958   0.11   0.32     0.00
  MONTH TO DATE    0.43                      0.11   0.32     0.00
  SINCE JUN 1      0.43                      0.11   0.32     0.00
  SINCE JAN 1     12.55                     14.04  -1.49    17.38

SNOWFALL (IN)
  TODAY            0.0           0.0  2002   0.0    0.0      0.0
                                      2001
  MONTH TO DATE    0.0                       0.0    0.0      0.0
  SINCE JUN 1      0.0                       0.0    0.0      0.0
  SINCE JUL 1    119.7                     123.8   -4.1    132.0
  SNOW DEPTH       0

DEGREE DAYS
 HEATING
  TODAY           12                         4      8        0
  MONTH TO DATE   12                         4      8        0
  SINCE JUN 1     12                         4      8        0
  SINCE JUL 1   7080                      6594    486     7056

 COOLING
  TODAY            0                         2     -2        0
  MONTH TO DATE    0                         2     -2        0
  SINCE JUN 1      0                         2     -2        0
  SINCE JAN 1    105                        32     73       56
..................................................................


WIND (MPH)
  HIGHEST WIND SPEED    18   HIGHEST WIND DIRECTION     E (70)
  HIGHEST GUST SPEED    24   HIGHEST GUST DIRECTION     E (90)
  AVERAGE WIND SPEED     8.5


SKY COVER
  POSSIBLE SUNSHINE  MM
  AVERAGE SKY COVER 1.0


WEATHER CONDITIONS
 THE FOLLOWING WEATHER WAS RECORDED TODAY.
  HEAVY RAIN
  RAIN
  LIGHT RAIN
  FOG


RELATIVE HUMIDITY (PERCENT)
 HIGHEST   100           100 AM
 LOWEST     93          1200 AM
 AVERAGE    97

..........................................................


THE SYRACUSE NY CLIMATE NORMALS FOR TOMORROW
                         NORMAL    RECORD    YEAR
 MAXIMUM TEMPERATURE (F)   74       100      1934
 MINIMUM TEMPERATURE (F)   52        37      1988


SUNRISE AND SUNSET
JUNE  1 2015..........SUNRISE   528 AM EDT   SUNSET   837 PM EDT
JUNE  2 2015..........SUNRISE   527 AM EDT   SUNSET   838 PM EDT


-  INDICATES NEGATIVE NUMBERS.
R  INDICATES RECORD WAS SET OR TIED.
MM INDICATES DATA IS MISSING.
T  INDICATES TRACE AMOUNT.




$$
