000
CDUS41 KBGM 270538
CLISYR


CLIMATE REPORT
NATIONAL WEATHER SERVICE BINGHAMTON NY
1236 AM EST SAT DEC 27 2014


...................................

...THE SYRACUSE NY CLIMATE SUMMARY FOR DECEMBER 26 2014...

CLIMATE NORMAL PERIOD 1981 TO 2010
CLIMATE RECORD PERIOD 1902 TO 2014


WEATHER ITEM   OBSERVED TIME   RECORD YEAR NORMAL DEPARTURE LAST
                VALUE   (LST)  VALUE       VALUE  FROM      YEAR
                                                  NORMAL
..................................................................
TEMPERATURE (F)
 YESTERDAY
  MAXIMUM         46    214 PM  60    1982  33     13       33
  MINIMUM         29   1145 PM -12    1914  19     10       22
  AVERAGE         38                        26     12       28

PRECIPITATION (IN)
  YESTERDAY        T             1.35 1913   0.09  -0.09     0.12
  MONTH TO DATE    2.82                      2.75   0.07     2.47
  SINCE DEC 1      2.82                      2.75   0.07     2.47
  SINCE JAN 1     40.30                     38.00   2.30    40.00

SNOWFALL (IN)
  YESTERDAY        0.0          14.6  1969   1.1   -1.1      2.3
  MONTH TO DATE   16.6                      27.2  -10.6     26.9
  SINCE DEC 1     16.6                      27.2  -10.6     26.9
  SINCE JUL 1     27.6                      37.1   -9.5     41.2
  SNOW DEPTH       0

DEGREE DAYS
 HEATING
  YESTERDAY       27                        39    -12       37
  MONTH TO DATE  839                       906    -67      955
  SINCE DEC 1    839                       906    -67      955
  SINCE JUL 1   2024                      2255   -231     2288

 COOLING
  YESTERDAY        0                         0      0        0
  MONTH TO DATE    0                         0      0        0
  SINCE DEC 1      0                         0      0        0
  SINCE JAN 1    647                       569     78      712
..................................................................


WIND (MPH)
  HIGHEST WIND SPEED    20   HIGHEST WIND DIRECTION     W (270)
  HIGHEST GUST SPEED    27   HIGHEST GUST DIRECTION     W (280)
  AVERAGE WIND SPEED     7.4


SKY COVER
  POSSIBLE SUNSHINE  MM
  AVERAGE SKY COVER 0.7


WEATHER CONDITIONS
 THE FOLLOWING WEATHER WAS RECORDED YESTERDAY.
  HAZE


RELATIVE HUMIDITY (PERCENT)
 HIGHEST    92          1100 PM
 LOWEST     53           300 PM
 AVERAGE    73

..........................................................


THE SYRACUSE NY CLIMATE NORMALS FOR TODAY
                         NORMAL    RECORD    YEAR
 MAXIMUM TEMPERATURE (F)   33        62      1936
 MINIMUM TEMPERATURE (F)   19       -11      1989


SUNRISE AND SUNSET
DECEMBER 27 2014......SUNRISE   735 AM EST   SUNSET   436 PM EST
DECEMBER 28 2014......SUNRISE   736 AM EST   SUNSET   437 PM EST


-  INDICATES NEGATIVE NUMBERS.
R  INDICATES RECORD WAS SET OR TIED.
MM INDICATES DATA IS MISSING.
T  INDICATES TRACE AMOUNT.

$$
