000
CDUS41 KBGM 282116
CLISYR


CLIMATE REPORT
NATIONAL WEATHER SERVICE BINGHAMTON NY
516 PM EDT TUE JUN 28 2016


...................................

...THE SYRACUSE NY CLIMATE SUMMARY FOR JUNE 28 2016...
VALID TODAY AS OF 0500 PM LOCAL TIME.

CLIMATE NORMAL PERIOD 1981 TO 2010
CLIMATE RECORD PERIOD 1902 TO 2016


WEATHER ITEM   OBSERVED TIME   RECORD YEAR NORMAL DEPARTURE LAST
                VALUE   (LST)  VALUE       VALUE  FROM      YEAR
                                                  NORMAL
..................................................................
TEMPERATURE (F)
 TODAY
  MAXIMUM         82   1201 PM  97    1941  80      2       64
  MINIMUM         65    450 AM  44    1970  59      6       54
  AVERAGE         74                        70      4       59

PRECIPITATION (IN)
  TODAY            0.00          2.04 1914   0.11  -0.11     1.06
  MONTH TO DATE    1.95                      3.08  -1.13     7.21
  SINCE JUN 1      1.95                      3.08  -1.13     7.21
  SINCE JAN 1     16.51                     17.01  -0.50    19.33

SNOWFALL (IN)
  TODAY            0.0           0.0  2002   0.0    0.0      0.0
                                      2001
  MONTH TO DATE    0.0                       0.0    0.0      0.0
  SINCE JUN 1      0.0                       0.0    0.0      0.0
  SINCE JUL 1     80.3                     123.8  -43.5    119.7
  SNOW DEPTH       0

DEGREE DAYS
 HEATING
  TODAY            0                         1     -1        6
  MONTH TO DATE   53                        59     -6       52
  SINCE JUN 1     53                        59     -6       52
  SINCE JUL 1   5851                      6649   -798     7120

 COOLING
  TODAY            9                         6      3        0
  MONTH TO DATE   95                       101     -6       88
  SINCE JUN 1     95                       101     -6       88
  SINCE JAN 1    151                       131     20      193
..................................................................


WIND (MPH)
  HIGHEST WIND SPEED    22   HIGHEST WIND DIRECTION    NW (310)
  HIGHEST GUST SPEED    27   HIGHEST GUST DIRECTION    NW (310)
  AVERAGE WIND SPEED     8.3


SKY COVER
  POSSIBLE SUNSHINE  MM
  AVERAGE SKY COVER 0.5


WEATHER CONDITIONS
 THE FOLLOWING WEATHER WAS RECORDED TODAY.
  FOG


RELATIVE HUMIDITY (PERCENT)
 HIGHEST   100           300 AM
 LOWEST     48           200 PM
 AVERAGE    74

..........................................................


THE SYRACUSE NY CLIMATE NORMALS FOR TOMORROW
                         NORMAL    RECORD    YEAR
 MAXIMUM TEMPERATURE (F)   81        95      1933
 MINIMUM TEMPERATURE (F)   60        42      1988


SUNRISE AND SUNSET
JUNE 28 2016..........SUNRISE   528 AM EDT   SUNSET   848 PM EDT
JUNE 29 2016..........SUNRISE   528 AM EDT   SUNSET   848 PM EDT


-  INDICATES NEGATIVE NUMBERS.
R  INDICATES RECORD WAS SET OR TIED.
MM INDICATES DATA IS MISSING.
T  INDICATES TRACE AMOUNT.

$$
