000
CDUS41 KBGM 280550
CLISYR


CLIMATE REPORT
NATIONAL WEATHER SERVICE BINGHAMTON NY
1249 AM EST FRI NOV 28 2014


...................................

...THE SYRACUSE NY CLIMATE SUMMARY FOR NOVEMBER 27 2014...

CLIMATE NORMAL PERIOD 1981 TO 2010
CLIMATE RECORD PERIOD 1902 TO 2014


WEATHER ITEM   OBSERVED TIME   RECORD YEAR NORMAL DEPARTURE LAST
                VALUE   (LST)  VALUE       VALUE  FROM      YEAR
                                                  NORMAL
..................................................................
TEMPERATURE (F)
 YESTERDAY
  MAXIMUM         30    909 PM  68    1988  44    -14       36
  MINIMUM         24   1159 PM   4    1938  29     -5       25
  AVERAGE         27                        36     -9       31

PRECIPITATION (IN)
  YESTERDAY        0.07          0.98 1925   0.11  -0.04     0.92
  MONTH TO DATE    2.21                      3.17  -0.96     3.75
  SINCE SEP 1      8.35                     10.30  -1.95    10.86
  SINCE JAN 1     37.39                     34.89   2.50    37.44

SNOWFALL (IN)
  YESTERDAY        1.7           4.5  1959   0.6    1.1      0.3
  MONTH TO DATE    8.7                       7.8    0.9      9.7
  SINCE SEP 1      8.7                       8.2    0.5      9.7
  SINCE JUL 1      8.7                       8.2    0.5      9.7
  SNOW DEPTH       3

DEGREE DAYS
 HEATING
  YESTERDAY       38                        29      9       34
  MONTH TO DATE  660                       644     16      680
  SINCE SEP 1   1082                      1235   -153     1196
  SINCE JUL 1   1093                      1261   -168     1202

 COOLING
  YESTERDAY        0                         0      0        0
  MONTH TO DATE    0                         0      0        0
  SINCE SEP 1     88                        56     32       69
  SINCE JAN 1    647                       569     78      712
..................................................................


WIND (MPH)
  HIGHEST WIND SPEED    13   HIGHEST WIND DIRECTION    NW (330)
  HIGHEST GUST SPEED    15   HIGHEST GUST DIRECTION     N (340)
  AVERAGE WIND SPEED     5.5


SKY COVER
  POSSIBLE SUNSHINE  MM
  AVERAGE SKY COVER 1.0


WEATHER CONDITIONS
 THE FOLLOWING WEATHER WAS RECORDED YESTERDAY.
  LIGHT SNOW
  FOG


RELATIVE HUMIDITY (PERCENT)
 HIGHEST    92          1200 AM
 LOWEST     78           100 PM
 AVERAGE    85

..........................................................


THE SYRACUSE NY CLIMATE NORMALS FOR TODAY
                         NORMAL    RECORD    YEAR
 MAXIMUM TEMPERATURE (F)   43        74      1990
 MINIMUM TEMPERATURE (F)   29        11      1926
                                             1904


SUNRISE AND SUNSET
NOVEMBER 28 2014......SUNRISE   713 AM EST   SUNSET   432 PM EST
NOVEMBER 29 2014......SUNRISE   714 AM EST   SUNSET   431 PM EST


-  INDICATES NEGATIVE NUMBERS.
R  INDICATES RECORD WAS SET OR TIED.
MM INDICATES DATA IS MISSING.
T  INDICATES TRACE AMOUNT.




$$
