000
CDUS41 KBGM 100604
CLISYR


CLIMATE REPORT
NATIONAL WEATHER SERVICE BINGHAMTON NY
103 AM EST SAT DEC 10 2016


...................................

...THE SYRACUSE NY CLIMATE SUMMARY FOR DECEMBER 9 2016...

CLIMATE NORMAL PERIOD 1981 TO 2010
CLIMATE RECORD PERIOD 1902 TO 2016


WEATHER ITEM   OBSERVED TIME   RECORD YEAR NORMAL DEPARTURE LAST
                VALUE   (LST)  VALUE       VALUE  FROM      YEAR
                                                  NORMAL
..................................................................
TEMPERATURE (F)
 YESTERDAY
  MAXIMUM         30   1200 AM  67    1966  39     -9       53
  MINIMUM         22   1100 PM -11    1902  25     -3       30
  AVERAGE         26                        32     -6       42

PRECIPITATION (IN)
  YESTERDAY        0.09          1.21 1973   0.12  -0.03      T
  MONTH TO DATE    1.09                      1.03   0.06     1.33
  SINCE DEC 1      1.09                      1.03   0.06     1.33
  SINCE JAN 1     38.47                     36.28   2.19    38.36

SNOWFALL (IN)
  YESTERDAY        4.4           7.4  1981   1.0    3.4      0.0
  MONTH TO DATE    6.4                       8.5   -2.1      0.0
  SINCE DEC 1      6.4                       8.5   -2.1      0.0
  SINCE JUL 1     31.8                      18.4   13.4      0.8
  SNOW DEPTH       3

DEGREE DAYS
 HEATING
  YESTERDAY       39                        33      6       23
  MONTH TO DATE  267                       286    -19      241
  SINCE DEC 1    267                       286    -19      241
  SINCE JUL 1   1461                      1635   -174     1326

 COOLING
  YESTERDAY        0                         0      0        0
  MONTH TO DATE    0                         0      0        0
  SINCE DEC 1      0                         0      0        0
  SINCE JAN 1    809                       569    240      717
..................................................................


WIND (MPH)
  HIGHEST WIND SPEED    21   HIGHEST WIND DIRECTION     W (250)
  HIGHEST GUST SPEED    32   HIGHEST GUST DIRECTION     W (290)
  AVERAGE WIND SPEED    13.0


SKY COVER
  POSSIBLE SUNSHINE  MM
  AVERAGE SKY COVER 1.0


WEATHER CONDITIONS
 THE FOLLOWING WEATHER WAS RECORDED YESTERDAY.
  SNOW
  LIGHT SNOW
  FOG
  HAZE
  BLOWING SNOW


RELATIVE HUMIDITY (PERCENT)
 HIGHEST    92           200 AM
 LOWEST     55          1100 AM
 AVERAGE    74

..........................................................


THE SYRACUSE NY CLIMATE NORMALS FOR TODAY
                         NORMAL    RECORD    YEAR
 MAXIMUM TEMPERATURE (F)   38        70      1966
 MINIMUM TEMPERATURE (F)   25        -1      1982
                                             1904


SUNRISE AND SUNSET
DECEMBER 10 2016......SUNRISE   726 AM EST   SUNSET   429 PM EST
DECEMBER 11 2016......SUNRISE   726 AM EST   SUNSET   429 PM EST


-  INDICATES NEGATIVE NUMBERS.
R  INDICATES RECORD WAS SET OR TIED.
MM INDICATES DATA IS MISSING.
T  INDICATES TRACE AMOUNT.




$$
