000
CDUS41 KBGM 220535
CLISYR


CLIMATE REPORT
NATIONAL WEATHER SERVICE BINGHAMTON NY
134 AM EDT WED OCT 22 2014


...................................

...THE SYRACUSE NY CLIMATE SUMMARY FOR OCTOBER 21 2014...

CLIMATE NORMAL PERIOD 1981 TO 2010
CLIMATE RECORD PERIOD 1902 TO 2014


WEATHER ITEM   OBSERVED TIME   RECORD YEAR NORMAL DEPARTURE LAST
                VALUE   (LST)  VALUE       VALUE  FROM      YEAR
                                                  NORMAL
..................................................................
TEMPERATURE (F)
 YESTERDAY
  MAXIMUM         53    311 PM  81    1979  58     -5       66
  MINIMUM         48    852 AM  24    1983  40      8       45
  AVERAGE         51                        49      2       56

PRECIPITATION (IN)
  YESTERDAY        0.14          2.98 1995   0.10   0.04     0.00
  MONTH TO DATE    3.35                      2.33   1.02     2.96
  SINCE SEP 1      4.95                      6.02  -1.07     6.16
  SINCE JAN 1     33.99                     30.61   3.38    32.74

SNOWFALL (IN)
  YESTERDAY        0.0           0.2  1974   0.0    0.0      0.0
  MONTH TO DATE    0.0                       0.1   -0.1      0.0
  SINCE SEP 1      0.0                       0.1   -0.1      0.0
  SINCE JUL 1      0.0                       0.1   -0.1      0.0
  SNOW DEPTH       0

DEGREE DAYS
 HEATING
  YESTERDAY       14                        16     -2        9
  MONTH TO DATE  180                       273    -93      138
  SINCE SEP 1    283                       414   -131      310
  SINCE JUL 1    294                       440   -146      316

 COOLING
  YESTERDAY        0                         0      0        0
  MONTH TO DATE   13                         0     13        1
  SINCE SEP 1     88                        52     36       69
  SINCE JAN 1    647                       565     82      712
..................................................................


WIND (MPH)
  HIGHEST WIND SPEED     9   HIGHEST WIND DIRECTION     N (360)
  HIGHEST GUST SPEED    12   HIGHEST GUST DIRECTION    NE (60)
  AVERAGE WIND SPEED     5.1


SKY COVER
  POSSIBLE SUNSHINE  MM
  AVERAGE SKY COVER 1.0


WEATHER CONDITIONS
 THE FOLLOWING WEATHER WAS RECORDED YESTERDAY.
  LIGHT RAIN
  FOG


RELATIVE HUMIDITY (PERCENT)
 HIGHEST    96           900 PM
 LOWEST     83          1200 AM
 AVERAGE    90

..........................................................


THE SYRACUSE NY CLIMATE NORMALS FOR TODAY
                         NORMAL    RECORD    YEAR
 MAXIMUM TEMPERATURE (F)   58        84      1979
 MINIMUM TEMPERATURE (F)   39        24      1948


SUNRISE AND SUNSET
OCTOBER 22 2014.......SUNRISE   727 AM EDT   SUNSET   611 PM EDT
OCTOBER 23 2014.......SUNRISE   728 AM EDT   SUNSET   609 PM EDT


-  INDICATES NEGATIVE NUMBERS.
R  INDICATES RECORD WAS SET OR TIED.
MM INDICATES DATA IS MISSING.
T  INDICATES TRACE AMOUNT.




$$
