000
CDUS41 KBGM 240523
CLISYR


CLIMATE REPORT
NATIONAL WEATHER SERVICE BINGHAMTON NY
123 AM EDT THU AUG 24 2017


...................................

...THE SYRACUSE NY CLIMATE SUMMARY FOR AUGUST 23 2017...

CLIMATE NORMAL PERIOD 1981 TO 2010
CLIMATE RECORD PERIOD 1902 TO 2017


WEATHER ITEM   OBSERVED TIME   RECORD YEAR NORMAL DEPARTURE LAST
                VALUE   (LST)  VALUE       VALUE  FROM      YEAR
                                                  NORMAL
..................................................................
TEMPERATURE (F)
 YESTERDAY
  MAXIMUM         75    315 PM  92    1936  79     -4       79
                                      1918
  MINIMUM         60   1100 PM  45    1988  59      1       52
                                      1971
  AVERAGE         68                        69     -1       66

PRECIPITATION (IN)
  YESTERDAY        0.01          1.88 1970   0.12  -0.11     0.00
  MONTH TO DATE    1.80                      2.67  -0.87     4.00
  SINCE JUN 1     10.68                      9.76   0.92     8.60
  SINCE JAN 1     32.52                     23.69   8.83    23.16

SNOWFALL (IN)
  YESTERDAY        0.0           0.0  2002   0.0    0.0      0.0
                                      2000
                                      2001
  MONTH TO DATE    0.0                       0.0    0.0      0.0
  SINCE JUN 1      0.0                       0.0    0.0       T
  SINCE JUL 1      0.0                       0.0    0.0      0.0
  SNOW DEPTH       0

DEGREE DAYS
 HEATING
  YESTERDAY        0                         1     -1        0
  MONTH TO DATE    0                        10    -10        1
  SINCE JUN 1     73                        79     -6       54
  SINCE JUL 1      2                        18    -16        1

 COOLING
  YESTERDAY        3                         5     -2        1
  MONTH TO DATE  140                       131      9      224
  SINCE JUN 1    418                       447    -29      590
  SINCE JAN 1    450                       477    -27      646
..................................................................


WIND (MPH)
  HIGHEST WIND SPEED    21   HIGHEST WIND DIRECTION     W (260)
  HIGHEST GUST SPEED    26   HIGHEST GUST DIRECTION     W (260)
  AVERAGE WIND SPEED    11.4


SKY COVER
  POSSIBLE SUNSHINE  MM
  AVERAGE SKY COVER 0.6


WEATHER CONDITIONS
 THE FOLLOWING WEATHER WAS RECORDED YESTERDAY.
  LIGHT RAIN


RELATIVE HUMIDITY (PERCENT)
 HIGHEST   100          1200 AM
 LOWEST     44           400 PM
 AVERAGE    72

..........................................................


THE SYRACUSE NY CLIMATE NORMALS FOR TODAY
                         NORMAL    RECORD    YEAR
 MAXIMUM TEMPERATURE (F)   79        93      1947
 MINIMUM TEMPERATURE (F)   59        41      1940


SUNRISE AND SUNSET
AUGUST 24 2017........SUNRISE   620 AM EDT   SUNSET   752 PM EDT
AUGUST 25 2017........SUNRISE   621 AM EDT   SUNSET   751 PM EDT


-  INDICATES NEGATIVE NUMBERS.
R  INDICATES RECORD WAS SET OR TIED.
MM INDICATES DATA IS MISSING.
T  INDICATES TRACE AMOUNT.




$$
