000
CDUS41 KBGM 200526
CLISYR


CLIMATE REPORT
NATIONAL WEATHER SERVICE BINGHAMTON NY
1225 AM EST FRI JAN 20 2017


...................................

...THE SYRACUSE NY CLIMATE SUMMARY FOR JANUARY 19 2017...

CLIMATE NORMAL PERIOD 1981 TO 2010
CLIMATE RECORD PERIOD 1902 TO 2017


WEATHER ITEM   OBSERVED TIME   RECORD YEAR NORMAL DEPARTURE LAST
                VALUE   (LST)  VALUE       VALUE  FROM      YEAR
                                                  NORMAL
..................................................................
TEMPERATURE (F)
 YESTERDAY
  MAXIMUM         37    241 PM  64    1996  31      6       25
  MINIMUM         34   1136 PM -20    1904  15     19       14
  AVERAGE         36                        23     13       20

PRECIPITATION (IN)
  YESTERDAY        T             1.15 1996   0.08  -0.08     0.12
  MONTH TO DATE    2.35                      1.61   0.74     1.59
  SINCE DEC 1      5.59                      4.83   0.76     6.42
  SINCE JAN 1      2.35                      1.61   0.74     1.59

SNOWFALL (IN)
  YESTERDAY        0.0           7.9  2016   1.2   -1.2      7.9
  MONTH TO DATE    4.8                      20.7  -15.9     36.0
  SINCE DEC 1     42.0                      53.4  -11.4     38.1
  SINCE JUL 1     67.4                      63.3    4.1     38.9
  SNOW DEPTH       0

DEGREE DAYS
 HEATING
  YESTERDAY       29                        42    -13       45
  MONTH TO DATE  718                       785    -67      745
  SINCE DEC 1   1809                      1889    -80     1476
  SINCE JUL 1   3003                      3238   -235     2561

 COOLING
  YESTERDAY        0                         0      0        0
  MONTH TO DATE    0                         0      0        0
  SINCE DEC 1      0                         0      0        0
  SINCE JAN 1      0                         0      0        0
..................................................................


WIND (MPH)
  HIGHEST WIND SPEED    14   HIGHEST WIND DIRECTION     W (260)
  HIGHEST GUST SPEED    19   HIGHEST GUST DIRECTION     W (250)
  AVERAGE WIND SPEED     6.8


SKY COVER
  POSSIBLE SUNSHINE  MM
  AVERAGE SKY COVER 1.0


WEATHER CONDITIONS
 THE FOLLOWING WEATHER WAS RECORDED YESTERDAY.
  LIGHT RAIN
  FOG


RELATIVE HUMIDITY (PERCENT)
 HIGHEST   100          1200 AM
 LOWEST     82           900 PM
 AVERAGE    91

..........................................................


THE SYRACUSE NY CLIMATE NORMALS FOR TODAY
                         NORMAL    RECORD    YEAR
 MAXIMUM TEMPERATURE (F)   31        61      1951
 MINIMUM TEMPERATURE (F)   15        -9      1983


SUNRISE AND SUNSET
JANUARY 20 2017.......SUNRISE   730 AM EST   SUNSET   501 PM EST
JANUARY 21 2017.......SUNRISE   729 AM EST   SUNSET   503 PM EST


-  INDICATES NEGATIVE NUMBERS.
R  INDICATES RECORD WAS SET OR TIED.
MM INDICATES DATA IS MISSING.
T  INDICATES TRACE AMOUNT.




$$
