000
CDUS41 KBGM 310557
CLISYR


CLIMATE REPORT
NATIONAL WEATHER SERVICE BINGHAMTON NY
157 AM EDT THU JUL 31 2014


...................................

...THE SYRACUSE NY CLIMATE SUMMARY FOR JULY 30 2014...

CLIMATE NORMAL PERIOD 1981 TO 2010
CLIMATE RECORD PERIOD 1902 TO 2014


WEATHER ITEM   OBSERVED TIME   RECORD YEAR NORMAL DEPARTURE LAST
                VALUE   (LST)  VALUE       VALUE  FROM      YEAR
                                                  NORMAL
..................................................................
TEMPERATURE (F)
 YESTERDAY
  MAXIMUM         79    239 PM  97    1933  82     -3       76
  MINIMUM         52    507 AM  47    1968  61     -9       60
                                      1965
  AVERAGE         66                        71     -5       68

PRECIPITATION (IN)
  YESTERDAY        0.20          2.50 1986   0.11   0.09     0.00
  MONTH TO DATE    5.06                      3.66   1.40     3.26
  SINCE JUN 1      7.80                      6.97   0.83    10.06
  SINCE JAN 1     25.18                     20.90   4.28    24.00

SNOWFALL (IN)
  YESTERDAY        0.0           0.0  2002   0.0    0.0      0.0
                                      2000
                                      2001
  MONTH TO DATE    0.0                       0.0    0.0      0.0
  SINCE JUN 1      0.0                       0.0    0.0      0.0
  SINCE JUL 1      0.0                       0.0    0.0      0.0
  SNOW DEPTH       0

DEGREE DAYS
 HEATING
  YESTERDAY        0                         0      0        0
  MONTH TO DATE    2                         2      0        3
  SINCE JUN 1     25                        63    -38       64
  SINCE JUL 1      2                         2      0        3

 COOLING
  YESTERDAY        1                         7     -6        3
  MONTH TO DATE  208                       202      6      299
  SINCE JUN 1    355                       315     40      423
  SINCE JAN 1    411                       345     66      475
..................................................................


WIND (MPH)
  HIGHEST WIND SPEED    17   HIGHEST WIND DIRECTION    NW (330)
  HIGHEST GUST SPEED    21   HIGHEST GUST DIRECTION    NW (310)
  AVERAGE WIND SPEED     6.3


SKY COVER
  POSSIBLE SUNSHINE  MM
  AVERAGE SKY COVER 0.7


WEATHER CONDITIONS
 THE FOLLOWING WEATHER WAS RECORDED YESTERDAY.
  THUNDERSTORM
  RAIN
  LIGHT RAIN
  FOG


RELATIVE HUMIDITY (PERCENT)
 HIGHEST    93           300 AM
 LOWEST     43           200 PM
 AVERAGE    68

..........................................................


THE SYRACUSE NY CLIMATE NORMALS FOR TODAY
                         NORMAL    RECORD    YEAR
 MAXIMUM TEMPERATURE (F)   82        96      1933
 MINIMUM TEMPERATURE (F)   61        48      1965


SUNRISE AND SUNSET
JULY 31 2014..........SUNRISE   554 AM EDT   SUNSET   827 PM EDT
AUGUST  1 2014........SUNRISE   555 AM EDT   SUNSET   826 PM EDT


-  INDICATES NEGATIVE NUMBERS.
R  INDICATES RECORD WAS SET OR TIED.
MM INDICATES DATA IS MISSING.
T  INDICATES TRACE AMOUNT.




$$
