000
CDUS41 KBGM 190544
CLISYR


CLIMATE REPORT
NATIONAL WEATHER SERVICE BINGHAMTON NY
143 AM EDT SUN APR 19 2015


...................................

...THE SYRACUSE NY CLIMATE SUMMARY FOR APRIL 18 2015...

CLIMATE NORMAL PERIOD 1981 TO 2010
CLIMATE RECORD PERIOD 1902 TO 2015


WEATHER ITEM   OBSERVED TIME   RECORD YEAR NORMAL DEPARTURE LAST
                VALUE   (LST)  VALUE       VALUE  FROM      YEAR
                                                  NORMAL
..................................................................
TEMPERATURE (F)
 YESTERDAY
  MAXIMUM         72   1209 PM  85    1976  59     13       61
  MINIMUM         42    419 AM  22    1948  38      4       34
  AVERAGE         57                        48      9       48

PRECIPITATION (IN)
  YESTERDAY        0.00          1.15 1924   0.10  -0.10     0.02
  MONTH TO DATE    2.04                      1.99   0.05     2.62
  SINCE MAR 1      3.56                      4.94  -1.38     6.10
  SINCE JAN 1      7.44                      9.51  -2.07    11.65

SNOWFALL (IN)
  YESTERDAY        0.0           0.8  1965   0.1   -0.1      0.0
  MONTH TO DATE    T                         3.1   -3.1      0.4
  SINCE MAR 1     12.3                      21.1   -8.8     22.1
  SINCE JUL 1    119.1                     123.0   -3.9    132.0
  SNOW DEPTH       0

DEGREE DAYS
 HEATING
  YESTERDAY        8                        17     -9       17
  MONTH TO DATE  333                       371    -38      363
  SINCE MAR 1   1502                      1328    174     1574
  SINCE JUL 1   6726                      6159    567     6666

 COOLING
  YESTERDAY        0                         0      0        0
  MONTH TO DATE    0                         0      0        1
  SINCE MAR 1      0                         0      0        1
  SINCE JAN 1      0                         0      0        1
..................................................................


WIND (MPH)
  HIGHEST WIND SPEED    26   HIGHEST WIND DIRECTION     W (280)
  HIGHEST GUST SPEED    36   HIGHEST GUST DIRECTION     W (290)
  AVERAGE WIND SPEED    10.3


SKY COVER
  POSSIBLE SUNSHINE  MM
  AVERAGE SKY COVER 0.2


WEATHER CONDITIONS
 THE FOLLOWING WEATHER WAS RECORDED YESTERDAY.
  FOG


RELATIVE HUMIDITY (PERCENT)
 HIGHEST    92           300 AM
 LOWEST     20           600 PM
 AVERAGE    56

..........................................................


THE SYRACUSE NY CLIMATE NORMALS FOR TODAY
                         NORMAL    RECORD    YEAR
 MAXIMUM TEMPERATURE (F)   59        87      2008
 MINIMUM TEMPERATURE (F)   38        20      1904


SUNRISE AND SUNSET
APRIL 19 2015.........SUNRISE   616 AM EDT   SUNSET   752 PM EDT
APRIL 20 2015.........SUNRISE   615 AM EDT   SUNSET   753 PM EDT


-  INDICATES NEGATIVE NUMBERS.
R  INDICATES RECORD WAS SET OR TIED.
MM INDICATES DATA IS MISSING.
T  INDICATES TRACE AMOUNT.

$$
