000
CDUS41 KBGM 030218
CLISYR


CLIMATE REPORT
NATIONAL WEATHER SERVICE BINGHAMTON NY
1018 PM EDT TUE SEP 2 2014


...................................

...THE SYRACUSE NY CLIMATE SUMMARY FOR SEPTEMBER 2 2014...
VALID AS OF 1000 PM LOCAL TIME.

CLIMATE NORMAL PERIOD 1981 TO 2010
CLIMATE RECORD PERIOD 1902 TO 2014


WEATHER ITEM   OBSERVED TIME   RECORD YEAR NORMAL DEPARTURE LAST
                VALUE   (LST)  VALUE       VALUE  FROM      YEAR
                                                  NORMAL
..................................................................
TEMPERATURE (F)
 TODAY
  MAXIMUM         87    226 PM  96    1953  77     10       85
  MINIMUM         65    859 PM  40    1967  57      8       65
  AVERAGE         76                        67      9       75

PRECIPITATION (IN)
  TODAY            0.52          1.28 1924   0.12   0.40     0.32
  MONTH TO DATE    0.52                      0.24   0.28     1.14
  SINCE SEP 1      0.52                      0.24   0.28     1.14
  SINCE JAN 1     29.56                     24.83   4.73    27.72

SNOWFALL (IN)
  TODAY            0.0           0.0  2002   0.0    0.0      0.0
                                      2000
                                      2001
  MONTH TO DATE    0.0                       0.0    0.0      0.0
  SINCE SEP 1      0.0                       0.0    0.0      0.0
  SINCE JUL 1      0.0                       0.0    0.0      0.0
  SNOW DEPTH       0

DEGREE DAYS
 HEATING
  TODAY            0                         2     -2        0
  MONTH TO DATE    0                         3     -3        0
  SINCE SEP 1      0                         3     -3        0
  SINCE JUL 1     11                        29    -18        6

 COOLING
  TODAY           11                         3      8       10
  MONTH TO DATE   23                         7     16       21
  SINCE SEP 1     23                         7     16       21
  SINCE JAN 1    582                       520     62      664
..................................................................


WIND (MPH)
  HIGHEST WIND SPEED    26   HIGHEST WIND DIRECTION    NW (330)
  HIGHEST GUST SPEED    51   HIGHEST GUST DIRECTION     W (250)
  AVERAGE WIND SPEED     8.5


SKY COVER
  POSSIBLE SUNSHINE  MM
  AVERAGE SKY COVER 0.9


WEATHER CONDITIONS
 THE FOLLOWING WEATHER WAS RECORDED TODAY.
  HEAVY RAIN
  RAIN
  LIGHT RAIN
  FOG


RELATIVE HUMIDITY (PERCENT)
 HIGHEST   100           700 PM
 LOWEST     57           200 PM
 AVERAGE    79

..........................................................


THE SYRACUSE NY CLIMATE NORMALS FOR TOMORROW
                         NORMAL    RECORD    YEAR
 MAXIMUM TEMPERATURE (F)   77        97      1953
 MINIMUM TEMPERATURE (F)   56        39      1941


SUNRISE AND SUNSET
SEPTEMBER  2 2014.....SUNRISE   630 AM EDT   SUNSET   738 PM EDT
SEPTEMBER  3 2014.....SUNRISE   631 AM EDT   SUNSET   736 PM EDT


-  INDICATES NEGATIVE NUMBERS.
R  INDICATES RECORD WAS SET OR TIED.
MM INDICATES DATA IS MISSING.
T  INDICATES TRACE AMOUNT.




$$
