000
CDUS41 KBGM 080558
CLISYR


CLIMATE REPORT
NATIONAL WEATHER SERVICE BINGHAMTON NY
1257 AM EST MON FEB 8 2016


...................................

...THE SYRACUSE NY CLIMATE SUMMARY FOR FEBRUARY 7 2016...

CLIMATE NORMAL PERIOD 1981 TO 2010
CLIMATE RECORD PERIOD 1902 TO 2016


WEATHER ITEM   OBSERVED TIME   RECORD YEAR NORMAL DEPARTURE LAST
                VALUE   (LST)  VALUE       VALUE  FROM      YEAR
                                                  NORMAL
..................................................................
TEMPERATURE (F)
 YESTERDAY
  MAXIMUM         45    251 PM  55    1904  33     12       27
  MINIMUM         23    736 AM -20    1966  16      7       20
  AVERAGE         34                        24     10       24

PRECIPITATION (IN)
  YESTERDAY        0.00          1.00 1942   0.07  -0.07     0.18
  MONTH TO DATE    0.58                      0.49   0.09     0.82
  SINCE DEC 1      7.12                      6.21   0.91     5.44
  SINCE JAN 1      2.29                      2.99  -0.70     2.42

SNOWFALL (IN)
  YESTERDAY        0.0           6.4  1995   0.9   -0.9      2.1
  MONTH TO DATE    T                         6.8   -6.8     17.6
  SINCE DEC 1     40.9                      73.5  -32.6     53.4
  SINCE JUL 1     41.7                      83.4  -41.7     64.4
  SNOW DEPTH       0

DEGREE DAYS
 HEATING
  YESTERDAY       31                        40     -9       41
  MONTH TO DATE  197                       286    -89      344
  SINCE DEC 1   2132                      2673   -541     2824
  SINCE JUL 1   3217                      4022   -805     4009

 COOLING
  YESTERDAY        0                         0      0        0
  MONTH TO DATE    0                         0      0        0
  SINCE DEC 1      0                         0      0        0
  SINCE JAN 1      0                         0      0        0
..................................................................


WIND (MPH)
  HIGHEST WIND SPEED    12   HIGHEST WIND DIRECTION    NE (50)
  HIGHEST GUST SPEED    17   HIGHEST GUST DIRECTION    SE (130)
  AVERAGE WIND SPEED     4.3


SKY COVER
  POSSIBLE SUNSHINE  MM
  AVERAGE SKY COVER 0.6


WEATHER CONDITIONS
 THE FOLLOWING WEATHER WAS RECORDED YESTERDAY.
  NO SIGNIFICANT WEATHER WAS OBSERVED.


RELATIVE HUMIDITY (PERCENT)
 HIGHEST    92           800 AM
 LOWEST     43           200 PM
 AVERAGE    68

..........................................................


THE SYRACUSE NY CLIMATE NORMALS FOR TODAY
                         NORMAL    RECORD    YEAR
 MAXIMUM TEMPERATURE (F)   33        60      1925
 MINIMUM TEMPERATURE (F)   17       -22      1934


SUNRISE AND SUNSET
FEBRUARY  8 2016......SUNRISE   712 AM EST   SUNSET   526 PM EST
FEBRUARY  9 2016......SUNRISE   711 AM EST   SUNSET   527 PM EST


-  INDICATES NEGATIVE NUMBERS.
R  INDICATES RECORD WAS SET OR TIED.
MM INDICATES DATA IS MISSING.
T  INDICATES TRACE AMOUNT.




$$
