000
CDUS41 KBGM 302117
CLISYR


CLIMATE REPORT
NATIONAL WEATHER SERVICE BINGHAMTON NY
516 PM EDT FRI SEP 30 2016


...................................

...THE SYRACUSE NY CLIMATE SUMMARY FOR SEPTEMBER 30 2016...
VALID TODAY AS OF 0500 PM LOCAL TIME.

CLIMATE NORMAL PERIOD 1981 TO 2010
CLIMATE RECORD PERIOD 1902 TO 2016


WEATHER ITEM   OBSERVED TIME   RECORD YEAR NORMAL DEPARTURE LAST
                VALUE   (LST)  VALUE       VALUE  FROM      YEAR
                                                  NORMAL
..................................................................
TEMPERATURE (F)
 TODAY
  MAXIMUM         59        MM  89    1953  66     -7       65
  MINIMUM         54   1100 AM  28    1991  47      7       46
  AVERAGE         57                        56      1       56

PRECIPITATION (IN)
  TODAY            0.02          2.66 2010   0.12  -0.10     1.09
  MONTH TO DATE    3.70                      3.69   0.01     5.05
  SINCE SEP 1      3.70                      3.69   0.01     5.05
  SINCE JAN 1     26.91                     28.28  -1.37    32.37

SNOWFALL (IN)
  TODAY            0.0           T    1992   0.0    0.0      0.0
  MONTH TO DATE    0.0                       0.0    0.0      0.0
  SINCE SEP 1      0.0                       0.0    0.0      0.0
  SINCE JUL 1      0.0                       0.0    0.0      0.0
  SNOW DEPTH       0

DEGREE DAYS
 HEATING
  TODAY            8                         9     -1        9
  MONTH TO DATE   86                       140    -54       52
  SINCE SEP 1     86                       141    -55       52
  SINCE JUL 1     87                       167    -80       60

 COOLING
  TODAY            0                         0      0        0
  MONTH TO DATE   90                        52     38      145
  SINCE SEP 1     90                        52     38      145
  SINCE JAN 1    802                       565    237      717
..................................................................


WIND (MPH)
  HIGHEST WIND SPEED    13   HIGHEST WIND DIRECTION     E (100)
  HIGHEST GUST SPEED    MM   HIGHEST GUST DIRECTION    MM
  AVERAGE WIND SPEED     8.1


SKY COVER
  POSSIBLE SUNSHINE  MM
  AVERAGE SKY COVER 0.9


WEATHER CONDITIONS
 THE FOLLOWING WEATHER WAS RECORDED TODAY.
  LIGHT RAIN


RELATIVE HUMIDITY (PERCENT)
 HIGHEST    74          1200 PM
 LOWEST     59           500 AM
 AVERAGE    67

..........................................................


THE SYRACUSE NY CLIMATE NORMALS FOR TOMORROW
                         NORMAL    RECORD    YEAR
 MAXIMUM TEMPERATURE (F)   66        85      1927
                                             1905
 MINIMUM TEMPERATURE (F)   46        30      1993
                                             1947


SUNRISE AND SUNSET
SEPTEMBER 30 2016.....SUNRISE   701 AM EDT   SUNSET   647 PM EDT
OCTOBER  1 2016.......SUNRISE   702 AM EDT   SUNSET   645 PM EDT


-  INDICATES NEGATIVE NUMBERS.
R  INDICATES RECORD WAS SET OR TIED.
MM INDICATES DATA IS MISSING.
T  INDICATES TRACE AMOUNT.

$$
