000
CDUS41 KBGM 020605
CLISYR


CLIMATE REPORT
NATIONAL WEATHER SERVICE BINGHAMTON NY
204 AM EDT TUE SEP 2 2014


...................................

...THE SYRACUSE NY CLIMATE SUMMARY FOR SEPTEMBER 1 2014...

CLIMATE NORMAL PERIOD 1981 TO 2010
CLIMATE RECORD PERIOD 1902 TO 2014


WEATHER ITEM   OBSERVED TIME   RECORD YEAR NORMAL DEPARTURE LAST
                VALUE   (LST)  VALUE       VALUE  FROM      YEAR
                                                  NORMAL
..................................................................
TEMPERATURE (F)
 YESTERDAY
  MAXIMUM         87    330 PM  94    1953  77     10       84
                                      1932
  MINIMUM         66    550 AM  42    1967  57      9       67
  AVERAGE         77                        67     10       76

PRECIPITATION (IN)
  YESTERDAY        0.00          1.28 1956   0.12  -0.12     0.82
  MONTH TO DATE    0.00                      0.12  -0.12     0.82
  SINCE SEP 1      0.00                      0.12  -0.12     0.82
  SINCE JAN 1     29.04                     24.71   4.33    27.40

SNOWFALL (IN)
  YESTERDAY        0.0           0.0  2002   0.0    0.0      0.0
                                      2000
                                      2001
  MONTH TO DATE    0.0                       0.0    0.0      0.0
  SINCE SEP 1      0.0                       0.0    0.0      0.0
  SINCE JUL 1      0.0                       0.0    0.0      0.0
  SNOW DEPTH       0

DEGREE DAYS
 HEATING
  YESTERDAY        0                         1     -1        0
  MONTH TO DATE    0                         1     -1        0
  SINCE SEP 1      0                         1     -1        0
  SINCE JUL 1     11                        27    -16        6

 COOLING
  YESTERDAY       12                         4      8       11
  MONTH TO DATE   12                         4      8       11
  SINCE SEP 1     12                         4      8       11
  SINCE JAN 1    571                       517     54      654
..................................................................


WIND (MPH)
  HIGHEST WIND SPEED    12   HIGHEST WIND DIRECTION     S (170)
  HIGHEST GUST SPEED    15   HIGHEST GUST DIRECTION     S (170)
  AVERAGE WIND SPEED     3.5


SKY COVER
  POSSIBLE SUNSHINE  MM
  AVERAGE SKY COVER 0.6


WEATHER CONDITIONS
 THE FOLLOWING WEATHER WAS RECORDED YESTERDAY.
  FOG


RELATIVE HUMIDITY (PERCENT)
 HIGHEST    93           600 AM
 LOWEST     51           300 PM
 AVERAGE    72

..........................................................


THE SYRACUSE NY CLIMATE NORMALS FOR TODAY
                         NORMAL    RECORD    YEAR
 MAXIMUM TEMPERATURE (F)   77        96      1953
 MINIMUM TEMPERATURE (F)   57        40      1967


SUNRISE AND SUNSET
SEPTEMBER  2 2014.....SUNRISE   630 AM EDT   SUNSET   738 PM EDT
SEPTEMBER  3 2014.....SUNRISE   631 AM EDT   SUNSET   736 PM EDT


-  INDICATES NEGATIVE NUMBERS.
R  INDICATES RECORD WAS SET OR TIED.
MM INDICATES DATA IS MISSING.
T  INDICATES TRACE AMOUNT.

$$
