000
CDUS41 KBGM 010550
CLISYR


CLIMATE REPORT
NATIONAL WEATHER SERVICE BINGHAMTON NY
150 AM EDT FRI JUL 1 2016


...................................

...THE SYRACUSE NY CLIMATE SUMMARY FOR JUNE 30 2016...

CLIMATE NORMAL PERIOD 1981 TO 2010
CLIMATE RECORD PERIOD 1902 TO 2016


WEATHER ITEM   OBSERVED TIME   RECORD YEAR NORMAL DEPARTURE LAST
                VALUE   (LST)  VALUE       VALUE  FROM      YEAR
                                                  NORMAL
..................................................................
TEMPERATURE (F)
 YESTERDAY
  MAXIMUM         80    401 PM  95    1931  81     -1       76
  MINIMUM         57    350 AM  48    1988  60     -3       55
  AVERAGE         69                        70     -1       66

PRECIPITATION (IN)
  YESTERDAY        0.00          2.64 2015   0.12  -0.12     2.64
  MONTH TO DATE    1.95                      3.31  -1.36     9.92
  SINCE JUN 1      1.95                      3.31  -1.36     9.92
  SINCE JAN 1     16.51                     17.24  -0.73    22.04

SNOWFALL (IN)
  YESTERDAY        0.0           0.0  2002   0.0    0.0      0.0
                                      2001
  MONTH TO DATE    T                         0.0    0.0      0.0
  SINCE JUN 1      T                         0.0    0.0      0.0
  SINCE JUL 1     80.3                     123.8  -43.5    119.7
  SNOW DEPTH       0

DEGREE DAYS
 HEATING
  YESTERDAY        0                         1     -1        0
  MONTH TO DATE   53                        61     -8       53
  SINCE JUN 1     53                        61     -8       53
  SINCE JUL 1   5851                      6651   -800     7121

 COOLING
  YESTERDAY        4                         6     -2        1
  MONTH TO DATE  101                       113    -12       89
  SINCE JUN 1    101                       113    -12       89
  SINCE JAN 1    157                       143     14      194
..................................................................


WIND (MPH)
  HIGHEST WIND SPEED    15   HIGHEST WIND DIRECTION     W (280)
  HIGHEST GUST SPEED    20   HIGHEST GUST DIRECTION     W (270)
  AVERAGE WIND SPEED     5.7


SKY COVER
  POSSIBLE SUNSHINE  MM
  AVERAGE SKY COVER 0.5


WEATHER CONDITIONS
 THE FOLLOWING WEATHER WAS RECORDED YESTERDAY.
  NO SIGNIFICANT WEATHER WAS OBSERVED.


RELATIVE HUMIDITY (PERCENT)
 HIGHEST    87          1100 PM
 LOWEST     33           200 PM
 AVERAGE    60

..........................................................


THE SYRACUSE NY CLIMATE NORMALS FOR TODAY
                         NORMAL    RECORD    YEAR
 MAXIMUM TEMPERATURE (F)   81        95      1931
 MINIMUM TEMPERATURE (F)   60        46      1912


SUNRISE AND SUNSET
JULY  1 2016..........SUNRISE   529 AM EDT   SUNSET   848 PM EDT
JULY  2 2016..........SUNRISE   530 AM EDT   SUNSET   847 PM EDT


-  INDICATES NEGATIVE NUMBERS.
R  INDICATES RECORD WAS SET OR TIED.
MM INDICATES DATA IS MISSING.
T  INDICATES TRACE AMOUNT.




$$
