000
CDUS41 KBGM 190650
CLISYR


CLIMATE REPORT
NATIONAL WEATHER SERVICE BINGHAMTON NY
149 AM EST FRI DEC 19 2014


...................................

...THE SYRACUSE NY CLIMATE SUMMARY FOR DECEMBER 18 2014...

CLIMATE NORMAL PERIOD 1981 TO 2010
CLIMATE RECORD PERIOD 1902 TO 2014


WEATHER ITEM   OBSERVED TIME   RECORD YEAR NORMAL DEPARTURE LAST
                VALUE   (LST)  VALUE       VALUE  FROM      YEAR
                                                  NORMAL
..................................................................
TEMPERATURE (F)
 YESTERDAY
  MAXIMUM         32    433 PM  58    1921  35     -3       32
  MINIMUM         29   1159 PM -13    1919  22      7       12
  AVERAGE         31                        28      3       22

PRECIPITATION (IN)
  YESTERDAY        0.02          1.68 1937   0.10  -0.08     0.01
  MONTH TO DATE    2.16                      1.97   0.19     1.35
  SINCE DEC 1      2.16                      1.97   0.19     1.35
  SINCE JAN 1     39.64                     37.22   2.42    38.88

SNOWFALL (IN)
  YESTERDAY        0.5           7.6  2003   1.1   -0.6      0.6
  MONTH TO DATE   16.4                      18.5   -2.1     20.5
  SINCE DEC 1     16.4                      18.5   -2.1     20.5
  SINCE JUL 1     27.4                      28.4   -1.0     34.8
  SNOW DEPTH       1

DEGREE DAYS
 HEATING
  YESTERDAY       34                        37     -3       43
  MONTH TO DATE  603                       603      0      689
  SINCE DEC 1    603                       603      0      689
  SINCE JUL 1   1788                      1952   -164     2022

 COOLING
  YESTERDAY        0                         0      0        0
  MONTH TO DATE    0                         0      0        0
  SINCE DEC 1      0                         0      0        0
  SINCE JAN 1    647                       569     78      712
..................................................................


WIND (MPH)
  HIGHEST WIND SPEED    25   HIGHEST WIND DIRECTION     W (250)
  HIGHEST GUST SPEED    32   HIGHEST GUST DIRECTION     W (250)
  AVERAGE WIND SPEED    14.8


SKY COVER
  POSSIBLE SUNSHINE  MM
  AVERAGE SKY COVER 1.0


WEATHER CONDITIONS
 THE FOLLOWING WEATHER WAS RECORDED YESTERDAY.
  MIXED PRECIP
  LT FREEZING RAIN
  SNOW
  LIGHT SNOW
  SLEET
  FOG


RELATIVE HUMIDITY (PERCENT)
 HIGHEST   100           100 AM
 LOWEST     85           400 AM
 AVERAGE    93

..........................................................


THE SYRACUSE NY CLIMATE NORMALS FOR TODAY
                         NORMAL    RECORD    YEAR
 MAXIMUM TEMPERATURE (F)   35        59      1957
 MINIMUM TEMPERATURE (F)   21       -15      1942


SUNRISE AND SUNSET
DECEMBER 19 2014......SUNRISE   732 AM EST   SUNSET   431 PM EST
DECEMBER 20 2014......SUNRISE   732 AM EST   SUNSET   432 PM EST


-  INDICATES NEGATIVE NUMBERS.
R  INDICATES RECORD WAS SET OR TIED.
MM INDICATES DATA IS MISSING.
T  INDICATES TRACE AMOUNT.




$$

HEDEN
