000
CDUS41 KBGM 310608
CLISYR


CLIMATE REPORT
NATIONAL WEATHER SERVICE BINGHAMTON NY
206 AM EDT TUE MAR 31 2015


...................................

...THE SYRACUSE NY CLIMATE SUMMARY FOR MARCH 30 2015...

CLIMATE NORMAL PERIOD 1981 TO 2010
CLIMATE RECORD PERIOD 1902 TO 2015


WEATHER ITEM   OBSERVED TIME   RECORD YEAR NORMAL DEPARTURE LAST
                VALUE   (LST)  VALUE       VALUE  FROM      YEAR
                                                  NORMAL
..................................................................
TEMPERATURE (F)
 YESTERDAY
  MAXIMUM         43    347 PM  87    1986  49     -6       36
  MINIMUM         35   1159 PM  11    1970  30      5       30
  AVERAGE         39                        40     -1       33

PRECIPITATION (IN)
  YESTERDAY        0.01          1.27 2001   0.11  -0.10     0.37
  MONTH TO DATE    1.49                      2.85  -1.36     3.48
  SINCE MAR 1      1.49                      2.85  -1.36     3.48
  SINCE JAN 1      5.37                      7.42  -2.05     9.03

SNOWFALL (IN)
  YESTERDAY        T             5.1  2003   0.2   -0.2       T
  MONTH TO DATE   12.3                      17.7   -5.4     21.7
  SINCE MAR 1     12.3                      17.7   -5.4     21.7
  SINCE JUL 1    119.1                     119.6   -0.5    131.6
  SNOW DEPTH       1

DEGREE DAYS
 HEATING
  YESTERDAY       26                        25      1       32
  MONTH TO DATE 1139                       932    207     1183
  SINCE MAR 1   1139                       932    207     1183
  SINCE JUL 1   6363                      5763    600     6275

 COOLING
  YESTERDAY        0                         0      0        0
  MONTH TO DATE    0                         0      0        0
  SINCE MAR 1      0                         0      0        0
  SINCE JAN 1      0                         0      0        0
..................................................................


WIND (MPH)
  HIGHEST WIND SPEED    30   HIGHEST WIND DIRECTION    SW (210)
  HIGHEST GUST SPEED    37   HIGHEST GUST DIRECTION    SW (220)
  AVERAGE WIND SPEED    14.6


SKY COVER
  POSSIBLE SUNSHINE  MM
  AVERAGE SKY COVER 0.9


WEATHER CONDITIONS
 THE FOLLOWING WEATHER WAS RECORDED YESTERDAY.
  LIGHT RAIN
  SNOW
  LIGHT SNOW
  FOG


RELATIVE HUMIDITY (PERCENT)
 HIGHEST    82           700 PM
 LOWEST     30          1200 AM
 AVERAGE    56

..........................................................


THE SYRACUSE NY CLIMATE NORMALS FOR TODAY
                         NORMAL    RECORD    YEAR
 MAXIMUM TEMPERATURE (F)   50        85      1998
 MINIMUM TEMPERATURE (F)   31         9      1923


SUNRISE AND SUNSET
MARCH 31 2015.........SUNRISE   649 AM EDT   SUNSET   729 PM EDT
APRIL  1 2015.........SUNRISE   647 AM EDT   SUNSET   731 PM EDT


-  INDICATES NEGATIVE NUMBERS.
R  INDICATES RECORD WAS SET OR TIED.
MM INDICATES DATA IS MISSING.
T  INDICATES TRACE AMOUNT.

$$
