484
CDUS41 KBGM 280547
CLISYR


CLIMATE REPORT
NATIONAL WEATHER SERVICE BINGHAMTON NY
147 AM EDT SUN MAY 28 2017


...................................

...THE SYRACUSE NY CLIMATE SUMMARY FOR MAY 27 2017...

CLIMATE NORMAL PERIOD 1981 TO 2010
CLIMATE RECORD PERIOD 1902 TO 2017


WEATHER ITEM   OBSERVED TIME   RECORD YEAR NORMAL DEPARTURE LAST
                VALUE   (LST)  VALUE       VALUE  FROM      YEAR
                                                  NORMAL
..................................................................
TEMPERATURE (F)
 YESTERDAY
  MAXIMUM         68    117 PM  91    1939  72     -4       87
  MINIMUM         52   1159 PM  33    1969  50      2       63
  AVERAGE         60                        61     -1       75

PRECIPITATION (IN)
  YESTERDAY        0.14          1.05 1913   0.10   0.04      T
  MONTH TO DATE    4.61                      2.79   1.82     1.16
  SINCE MAR 1     13.41                      8.93   4.48     5.62
  SINCE JAN 1     19.99                     13.50   6.49    12.14

SNOWFALL (IN)
  YESTERDAY        0.0           0.0  2002   0.0    0.0      0.0
                                      2001
  MONTH TO DATE    0.0                       0.1   -0.1       T
  SINCE MAR 1     31.2                      21.9    9.3     13.5
  SINCE JUL 1    134.9                     123.8   11.1     80.3
  SNOW DEPTH       0

DEGREE DAYS
 HEATING
  YESTERDAY        5                         5      0        0
  MONTH TO DATE  295                       235     60      261
  SINCE MAR 1   1793                      1739     54     1699
  SINCE JUL 1   6062                      6570   -508     5798

 COOLING
  YESTERDAY        0                         1     -1       10
  MONTH TO DATE   18                        17      1       18
  SINCE MAR 1     30                        21      9       18
  SINCE JAN 1     30                        21      9       18
..................................................................


WIND (MPH)
  HIGHEST WIND SPEED    10   HIGHEST WIND DIRECTION     W (260)
  HIGHEST GUST SPEED    13   HIGHEST GUST DIRECTION     W (250)
  AVERAGE WIND SPEED     3.6


SKY COVER
  POSSIBLE SUNSHINE  MM
  AVERAGE SKY COVER 0.8


WEATHER CONDITIONS
 THE FOLLOWING WEATHER WAS RECORDED YESTERDAY.
  LIGHT RAIN
  FOG


RELATIVE HUMIDITY (PERCENT)
 HIGHEST   100           100 AM
 LOWEST     78           100 PM
 AVERAGE    89

..........................................................


THE SYRACUSE NY CLIMATE NORMALS FOR TODAY
                         NORMAL    RECORD    YEAR
 MAXIMUM TEMPERATURE (F)   72        91      2016
                                             2012
                                             1911
 MINIMUM TEMPERATURE (F)   50        35      1983


SUNRISE AND SUNSET
MAY 28 2017...........SUNRISE   530 AM EDT   SUNSET   834 PM EDT
MAY 29 2017...........SUNRISE   529 AM EDT   SUNSET   835 PM EDT


-  INDICATES NEGATIVE NUMBERS.
R  INDICATES RECORD WAS SET OR TIED.
MM INDICATES DATA IS MISSING.
T  INDICATES TRACE AMOUNT.




$$
