000
CDUS41 KBGM 240541
CLISYR


CLIMATE REPORT
NATIONAL WEATHER SERVICE BINGHAMTON NY
139 AM EDT FRI OCT 24 2014


...................................

...THE SYRACUSE NY CLIMATE SUMMARY FOR OCTOBER 23 2014...

CLIMATE NORMAL PERIOD 1981 TO 2010
CLIMATE RECORD PERIOD 1902 TO 2014


WEATHER ITEM   OBSERVED TIME   RECORD YEAR NORMAL DEPARTURE LAST
                VALUE   (LST)  VALUE       VALUE  FROM      YEAR
                                                  NORMAL
..................................................................
TEMPERATURE (F)
 YESTERDAY
  MAXIMUM         54    121 PM  77    1991  57     -3       51
  MINIMUM         44    800 AM  27    1969  39      5       37
  AVERAGE         49                        48      1       44

PRECIPITATION (IN)
  YESTERDAY        0.01          2.54 1937   0.11  -0.10     0.07
  MONTH TO DATE    3.54                      2.55   0.99     3.11
  SINCE SEP 1      5.14                      6.24  -1.10     6.31
  SINCE JAN 1     34.18                     30.83   3.35    32.89

SNOWFALL (IN)
  YESTERDAY        0.0           1.2  1997   0.0    0.0       T
  MONTH TO DATE    0.0                       0.1   -0.1       T
  SINCE SEP 1      0.0                       0.1   -0.1       T
  SINCE JUL 1      0.0                       0.1   -0.1       T
  SNOW DEPTH       0

DEGREE DAYS
 HEATING
  YESTERDAY       16                        17     -1       21
  MONTH TO DATE  219                       307    -88      173
  SINCE SEP 1    322                       448   -126      345
  SINCE JUL 1    333                       474   -141      351

 COOLING
  YESTERDAY        0                         0      0        0
  MONTH TO DATE   13                         0     13        1
  SINCE SEP 1     88                        52     36       69
  SINCE JAN 1    647                       565     82      712
..................................................................


WIND (MPH)
  HIGHEST WIND SPEED    21   HIGHEST WIND DIRECTION     N (340)
  HIGHEST GUST SPEED    29   HIGHEST GUST DIRECTION    NW (310)
  AVERAGE WIND SPEED    11.7


SKY COVER
  POSSIBLE SUNSHINE  MM
  AVERAGE SKY COVER 0.9


WEATHER CONDITIONS
 THE FOLLOWING WEATHER WAS RECORDED YESTERDAY.
  LIGHT RAIN


RELATIVE HUMIDITY (PERCENT)
 HIGHEST    86          1100 PM
 LOWEST     63          1100 AM
 AVERAGE    75

..........................................................


THE SYRACUSE NY CLIMATE NORMALS FOR TODAY
                         NORMAL    RECORD    YEAR
 MAXIMUM TEMPERATURE (F)   57        78      1963
                                             1931
 MINIMUM TEMPERATURE (F)   39        24      1980
                                             1939


SUNRISE AND SUNSET
OCTOBER 24 2014.......SUNRISE   729 AM EDT   SUNSET   608 PM EDT
OCTOBER 25 2014.......SUNRISE   730 AM EDT   SUNSET   606 PM EDT


-  INDICATES NEGATIVE NUMBERS.
R  INDICATES RECORD WAS SET OR TIED.
MM INDICATES DATA IS MISSING.
T  INDICATES TRACE AMOUNT.




$$
