000
CDUS41 KBGM 120531
CLISYR


CLIMATE REPORT
NATIONAL WEATHER SERVICE BINGHAMTON NY
1230 AM EST TUE DEC 12 2017


...................................

...THE SYRACUSE NY CLIMATE SUMMARY FOR DECEMBER 11 2017...

CLIMATE NORMAL PERIOD 1981 TO 2010
CLIMATE RECORD PERIOD 1902 TO 2017


WEATHER ITEM   OBSERVED TIME   RECORD YEAR NORMAL DEPARTURE LAST
                VALUE   (LST)  VALUE       VALUE  FROM      YEAR
                                                  NORMAL
..................................................................
TEMPERATURE (F)
 YESTERDAY
  MAXIMUM         30    322 AM  63    1979  38     -8       29
  MINIMUM         23    513 PM  -7    1977  24     -1       14
  AVERAGE         27                        31     -4       22

PRECIPITATION (IN)
  YESTERDAY        0.05          1.76 1952   0.11  -0.06     0.03
  MONTH TO DATE    0.29                      1.25  -0.96     1.16
  SINCE DEC 1      0.29                      1.25  -0.96     1.16
  SINCE JAN 1     43.93                     36.50   7.43    38.54

SNOWFALL (IN)
  YESTERDAY        1.1           5.9  1950   1.0    0.1      0.5
  MONTH TO DATE    2.1                      10.6   -8.5      8.6
  SINCE DEC 1      2.1                      10.6   -8.5      8.6
  SINCE JUL 1      7.3                      20.5  -13.2     34.0
  SNOW DEPTH       2

DEGREE DAYS
 HEATING
  YESTERDAY       38                        34      4       43
  MONTH TO DATE  338                       354    -16      354
  SINCE DEC 1    338                       354    -16      354
  SINCE JUL 1   1535                      1703   -168     1548

 COOLING
  YESTERDAY        0                         0      0        0
  MONTH TO DATE    0                         0      0        0
  SINCE DEC 1      0                         0      0        0
  SINCE JAN 1    562                       569     -7      809
..................................................................


WIND (MPH)
  HIGHEST WIND SPEED    17   HIGHEST WIND DIRECTION    SW (240)
  HIGHEST GUST SPEED    22   HIGHEST GUST DIRECTION     W (250)
  AVERAGE WIND SPEED     7.9


SKY COVER
  POSSIBLE SUNSHINE  MM
  AVERAGE SKY COVER 1.0


WEATHER CONDITIONS
 THE FOLLOWING WEATHER WAS RECORDED YESTERDAY.
  LIGHT SNOW
  FOG


RELATIVE HUMIDITY (PERCENT)
 HIGHEST   100           700 AM
 LOWEST     69           300 AM
 AVERAGE    85

..........................................................


THE SYRACUSE NY CLIMATE NORMALS FOR TODAY
                         NORMAL    RECORD    YEAR
 MAXIMUM TEMPERATURE (F)   37        61      1979
 MINIMUM TEMPERATURE (F)   24       -10      1988


SUNRISE AND SUNSET
DECEMBER 12 2017......SUNRISE   727 AM EST   SUNSET   430 PM EST
DECEMBER 13 2017......SUNRISE   728 AM EST   SUNSET   430 PM EST


-  INDICATES NEGATIVE NUMBERS.
R  INDICATES RECORD WAS SET OR TIED.
MM INDICATES DATA IS MISSING.
T  INDICATES TRACE AMOUNT.

$$
