000
CDUS41 KBGM 250531
CLISYR


CLIMATE REPORT
NATIONAL WEATHER SERVICE BINGHAMTON NY
127 AM EDT SAT APR 25 2015


...................................

...THE SYRACUSE NY CLIMATE SUMMARY FOR APRIL 24 2015...

CLIMATE NORMAL PERIOD 1981 TO 2010
CLIMATE RECORD PERIOD 1902 TO 2015


WEATHER ITEM   OBSERVED TIME   RECORD YEAR NORMAL DEPARTURE LAST
                VALUE   (LST)  VALUE       VALUE  FROM      YEAR
                                                  NORMAL
..................................................................
TEMPERATURE (F)
 YESTERDAY
  MAXIMUM         40    521 PM  81    1960  61    -21       51
  MINIMUM         31   1159 PM  23    1919  40     -9       33
  AVERAGE         36                        50    -14       42

PRECIPITATION (IN)
  YESTERDAY        0.01          0.74 1966   0.10  -0.09     0.00
  MONTH TO DATE    2.79                      2.58   0.21     2.86
  SINCE MAR 1      4.31                      5.53  -1.22     6.34
  SINCE JAN 1      8.19                     10.10  -1.91    11.89

SNOWFALL (IN)
  YESTERDAY        0.1           0.8  1971   0.0    0.1      0.0
  MONTH TO DATE    0.6                       3.5   -2.9      0.4
  SINCE MAR 1     12.9                      21.5   -8.6     22.1
  SINCE JUL 1    119.7                     123.4   -3.7    132.0
  SNOW DEPTH       0

DEGREE DAYS
 HEATING
  YESTERDAY       29                        15     14       23
  MONTH TO DATE  454                       466    -12      460
  SINCE MAR 1   1623                      1423    200     1671
  SINCE JUL 1   6847                      6254    593     6763

 COOLING
  YESTERDAY        0                         0      0        0
  MONTH TO DATE    0                         0      0        1
  SINCE MAR 1      0                         0      0        1
  SINCE JAN 1      0                         0      0        1
..................................................................


WIND (MPH)
  HIGHEST WIND SPEED    28   HIGHEST WIND DIRECTION     W (290)
  HIGHEST GUST SPEED    36   HIGHEST GUST DIRECTION     W (280)
  AVERAGE WIND SPEED    14.8


SKY COVER
  POSSIBLE SUNSHINE  MM
  AVERAGE SKY COVER 0.7


WEATHER CONDITIONS
 THE FOLLOWING WEATHER WAS RECORDED YESTERDAY.
  LIGHT SNOW
  FOG
  HAZE


RELATIVE HUMIDITY (PERCENT)
 HIGHEST    78           400 AM
 LOWEST     48          1100 AM
 AVERAGE    63

..........................................................


THE SYRACUSE NY CLIMATE NORMALS FOR TODAY
                         NORMAL    RECORD    YEAR
 MAXIMUM TEMPERATURE (F)   62        88      2009
 MINIMUM TEMPERATURE (F)   40        19      1919


SUNRISE AND SUNSET
APRIL 25 2015.........SUNRISE   607 AM EDT   SUNSET   759 PM EDT
APRIL 26 2015.........SUNRISE   606 AM EDT   SUNSET   800 PM EDT


-  INDICATES NEGATIVE NUMBERS.
R  INDICATES RECORD WAS SET OR TIED.
MM INDICATES DATA IS MISSING.
T  INDICATES TRACE AMOUNT.

$$
