000
CXUS51 KBGM 011523 AAA
CLMSYR

CLIMATE REPORT...UPDATED
NATIONAL WEATHER SERVICE BINGHAMTON NY
1123 AM EDT SAT NOV 1 2014

...................................

...THE SYRACUSE NY CLIMATE SUMMARY FOR THE MONTH OF OCTOBER 2014...

CLIMATE NORMAL PERIOD 1981 TO 2010
CLIMATE RECORD PERIOD 1902 TO 2014

WEATHER         OBSERVED          NORMAL  DEPART  LAST YEAR`S
                 VALUE   DATE(S)  VALUE   FROM    VALUE  DATE(S)
                                          NORMAL
................................................................
TEMPERATURE (F)
RECORD
 HIGH              87   10/07/1963
 LOW                8   10/29/2006
HIGHEST            81   10/14        60      21       77  10/02
LOWEST             33   10/12        41      -8       24  10/29
AVG. MAXIMUM     63.6              60.0     3.6     62.9
AVG. MINIMUM     46.2              41.2     5.0     44.6
MEAN             54.9              50.6     4.3     53.8
DAYS MAX >= 90      0               0.0     0.0        0
DAYS MAX <= 32      0               0.0     0.0        0
DAYS MIN <= 32      0               3.8    -3.8        2
DAYS MIN <= 0       0               0.0     0.0        0

PRECIPITATION (INCHES)
RECORD
 MAXIMUM         8.29   1955
 MINIMUM         0.21   1963
TOTALS           4.54              3.44    1.10     3.91
DAILY AVG.       0.15              0.11    0.04     0.13
DAYS >= .01        16              14.2     1.8       17
DAYS >= .10         8               8.0     0.0       10
DAYS >= .50         4               2.0     2.0        4
DAYS >= 1.00        1               0.8     0.2        0
GREATEST
 24 HR. TOTAL    1.70   10/15 TO 10/16

SNOWFALL (INCHES)
RECORDS
 TOTAL            5.7   1988
 24 HR TOTAL      2.9   10/30/1988 TO 10/30/1988
 SNOW DEPTH         2   10/29/1965
                        10/27/1962
                        10/29/1952
TOTALS            0.0               0.4    -0.4        T
SINCE 7/1         0.0               0.4    -0.4        T
SNOWDEPTH AVG.      0                MM      MM        0
DAYS >= TRACE       0               0.5    -0.5        4
DAYS >= 1.0         0               0.1    -0.1        0
GREATEST
 SNOW DEPTH         0   MM                             0  MM
 24 HR TOTAL      0.0

DEGREE_DAYS
HEATING TOTAL     319               450    -131      344
 SINCE 7/1        433               617    -184      522
COOLING TOTAL      13                 4       9        1
 SINCE 1/1        647               569      78      712
.................................................................

WIND (MPH)
AVERAGE WIND SPEED              8.9
RESULTANT WIND SPEED/DIRECTION   3/218
HIGHEST WIND SPEED/DIRECTION    38/250    DATE  10/08
HIGHEST GUST SPEED/DIRECTION    47/260    DATE  10/08

SKY COVER
POSSIBLE SUNSHINE (PERCENT)   MM
AVERAGE SKY COVER           0.80
NUMBER OF DAYS FAIR            1
NUMBER OF DAYS PC             11
NUMBER OF DAYS CLOUDY         19

AVERAGE RH (PERCENT)     71

WEATHER CONDITIONS. NUMBER OF DAYS WITH
THUNDERSTORM              0     MIXED PRECIP               0
HEAVY RAIN                3     RAIN                       9
LIGHT RAIN               23     FREEZING RAIN              0
LT FREEZING RAIN          0     HAIL                       0
HEAVY SNOW                0     SNOW                       0
LIGHT SNOW                0     SLEET                      0
FOG                      12     FOG W/VIS <= 1/4 MILE      0
HAZE                      0

-  INDICATES NEGATIVE NUMBERS.
R  INDICATES RECORD WAS SET OR TIED.
MM INDICATES DATA IS MISSING.
T  INDICATES TRACE AMOUNT.

&&
10TH WARMEST OCTOBER
A DAILY RECORD HIGH MINIMUM TEMPERATURE OF 65 DEGREES WAS SET
OCTOBER 15TH. THE OLD RECORD WAS 63 SET IN 1954.
THE AVERAGE TEMPERATURE OF 70 DEGREES TIED A DAILY RECORD FOR
OCTOBER 15TH.  THE OLD RECORD WAS SET IN 1908.

A DAILY RECORD HIGH MINIMUM TEMPERATURE OF 64 DEGREES WAS SET
OCTOBER 14TH. THE OLD RECORD WAS 63 SET IN 1920.
THE AVERAGE TEMPERATURE OF 72.5 DEGREES SET A DAILY RECORD FOR
OCTOBER 14TH.  THE OLD RECORD WAS 70 SET IN 1920.
$$

TAC
