049
CXUS51 KBGM 011133
CLMSYR


CLIMATE REPORT
NATIONAL WEATHER SERVICE BINGHAMTON NY
624 AM EST SUN JAN 1 2017

...................................

...THE SYRACUSE NY CLIMATE SUMMARY FOR THE MONTH OF DECEMBER 2016...

CLIMATE NORMAL PERIOD 1981 TO 2010
CLIMATE RECORD PERIOD 1902 TO 2016

WEATHER         OBSERVED          NORMAL  DEPART  LAST YEAR`S
                 VALUE   DATE(S)  VALUE   FROM    VALUE  DATE(S)
                                          NORMAL
................................................................
TEMPERATURE (F)
RECORD
 HIGH              72   12/06/2001
 LOW              -22   12/25/1980
HIGHEST            54   12/01        35      19       68  12/24
LOWEST             -2   12/16        21     -23       22  12/29
AVG. MAXIMUM     36.2              36.4    -0.2     48.1
AVG. MINIMUM     23.0              22.4     0.6     34.2
MEAN             29.6              29.4     0.2     41.1
DAYS MAX >= 90      0               0.0     0.0        0
DAYS MAX <= 32      8              10.5    -2.5        0
DAYS MIN <= 32     27              25.2     1.8       11
DAYS MIN <= 0       1               1.0     0.0        0

PRECIPITATION (INCHES)
RECORD
 MAXIMUM         7.57   2012
 MINIMUM         1.40   1999
TOTALS           3.24              3.22    0.02     4.83
DAILY AVG.       0.10              0.10    0.00     0.16
DAYS >= .01        23              18.6     4.4       16
DAYS >= .10         9               8.1     0.9       11
DAYS >= .50         1               1.6    -0.6        3
DAYS >= 1.00        0               0.5    -0.5        0
GREATEST
 24 HR. TOTAL    0.83   12/17 TO 12/18

SNOWFALL (INCHES)
RECORDS
 TOTAL           72.8   2010
 24 HR TOTAL     18.6   12/30/1997 TO 12/30/1997
 SNOW DEPTH        23   12/28/1969
TOTALS           37.2              32.7     4.5      2.1
SINCE 7/1        62.6              42.6    20.0      2.9
SNOWDEPTH AVG.      3                 4      -1        0
DAYS >= TRACE      23              14.7     8.3        7
DAYS >= 1.0         9               8.1     0.9        1
GREATEST
 SNOW DEPTH         7   12/19                          2  12/30
                                                          12/29
 24 HR TOTAL      6.7   12/30 TO 12/30

DEGREE_DAYS
HEATING TOTAL    1091              1104     -13      731
 SINCE 7/1       2285              2453    -168     1816
COOLING TOTAL       0                 0       0        0
 SINCE 1/1        809               569     240      717
.................................................................

WIND (MPH)
AVERAGE WIND SPEED              11.2
RESULTANT WIND SPEED/DIRECTION   6/243
HIGHEST WIND SPEED/DIRECTION    37/250    DATE  12/15
HIGHEST GUST SPEED/DIRECTION    47/240    DATE  12/15

SKY COVER
POSSIBLE SUNSHINE (PERCENT)   MM
AVERAGE SKY COVER           0.90
NUMBER OF DAYS FAIR            0
NUMBER OF DAYS PC              4
NUMBER OF DAYS CLOUDY         27

AVERAGE RH (PERCENT)     75

WEATHER CONDITIONS. NUMBER OF DAYS WITH
THUNDERSTORM              0     MIXED PRECIP               0
HEAVY RAIN                1     RAIN                       3
LIGHT RAIN               14     FREEZING RAIN              0
LT FREEZING RAIN          1     HAIL                       0
HEAVY SNOW                3     SNOW                      10
LIGHT SNOW               23     SLEET                      2
FOG                      23     FOG W/VIS <= 1/4 MILE      1
HAZE                      2

-  INDICATES NEGATIVE NUMBERS.
R  INDICATES RECORD WAS SET OR TIED.
MM INDICATES DATA IS MISSING.
T  INDICATES TRACE AMOUNT.

$$
