993
CXUS51 KBGM 021822
CLMSYR


CLIMATE REPORT
NATIONAL WEATHER SERVICE BINGHAMTON NY
122 PM EST WED DEC 2 2015

...................................

...THE SYRACUSE NY CLIMATE SUMMARY FOR THE SEASON, FROM
9/1/2015 TO 11/30/2015...

CLIMATE NORMAL PERIOD 1981 TO 2010
CLIMATE RECORD PERIOD 1902 TO 2015

WEATHER         OBSERVED          NORMAL  DEPART  LAST YEAR`S
                 VALUE   DATE(S)  VALUE   FROM    VALUE  DATE(S)
                                          NORMAL
................................................................
TEMPERATURE (F)
RECORD
 HIGH              97   09/04/1953
                        09/03/1953
 LOW                5   11/30/1976
                        11/24/1956
HIGHEST            93   09/08        60      33       90  09/05
                        09/07
LOWEST             21   11/30        42     -21       19  11/19
AVG. MAXIMUM     64.3              60.2     4.1     61.6
AVG. MINIMUM     44.8              41.9     2.9     44.0
MEAN             54.6              51.1     3.5     52.8
DAYS MAX >= 90      4               0.4     3.6       MM
DAYS MAX <= 32      0               1.6    -1.6       MM
DAYS MIN <= 32     20              18.3     1.7       MM
DAYS MIN <= 0       0               0.0     0.0       MM

PRECIPITATION (INCHES)
RECORD
 MAXIMUM        16.60   1977
 MINIMUM         4.47   1964
TOTALS           9.71             10.66   -0.95     8.44
DAILY AVG.       0.11              0.12   -0.01     0.09
DAYS >= .01        36              43.0    -7.0       MM
DAYS >= .10        17              23.6    -6.6       MM
DAYS >= .50         5               6.3    -1.3       MM
DAYS >= 1.00        3               1.9     1.1       MM
GREATEST
 24 HR. TOTAL    2.96   09/29 TO 09/30           11/30 TO 11/30
                                                          11/30 TO 11/30
                                                          11/30 TO 11/30
 STORM TOTAL       MM                                 MM
 (MM/DD(HH))            MM                    11/30(00) TO 11/30(00)
                                                 11/30(00) TO 11/30(00)0
                                                 11/30(00) TO 11/30(00)0

SNOWFALL (INCHES)
RECORDS
 TOTAL           34.2   1995
 24 HR TOTAL     11.9   11/06/1973 TO 11/06/1973
 SNOW DEPTH        14   11/07/1973
TOTALS            0.8               9.9    -9.1      8.7
SINCE 7/1         0.8               9.9    -9.1      8.7
SNOWDEPTH AVG.      0                MM      MM        0
DAYS >= TRACE       8               6.3     1.7       MM
DAYS >= 1.0         0               2.8    -2.8       MM
GREATEST
 SNOW DEPTH         T   11/28                          5  11/29
                        11/23
                        10/18
 24 HR TOTAL      0.4   11/22 TO 11/23           11/30 TO 11/30
                                                          11/30 TO 11/30
                                                          11/30 TO 11/30
 STORM TOTAL       MM                                 MM
 (MM/DD(HH))            MM                    11/30(00) TO 11/30(00)
                                                 11/30(00) TO 11/30(00)0
                                                 11/30(00) TO 11/30(00)0

DEGREE_DAYS
HEATING TOTAL    1077              1323    -246     1174
 SINCE 7/1       1085              1349    -264       MM
COOLING TOTAL     145                56      89       88
 SINCE 1/1        717               569     148      647

FREEZE DATES
RECORD
 EARLIEST     09/23/1963
 LATEST       05/24/1963
EARLIEST                        10/14
LATEST                          04/29
.................................................

WIND (MPH)
AVERAGE WIND SPEED              7.5
RESULTANT WIND SPEED/DIRECTION   2/231
HIGHEST WIND SPEED/DIRECTION    36/260    DATE  11/01
HIGHEST GUST SPEED/DIRECTION    47/250    DATE  11/22

SKY COVER
POSSIBLE SUNSHINE (PERCENT)   MM
AVERAGE SKY COVER           0.70

AVERAGE RH (PERCENT)     72


-  INDICATES NEGATIVE NUMBERS.
R  INDICATES RECORD WAS SET OR TIED.
MM INDICATES DATA IS MISSING.
T  INDICATES TRACE AMOUNT.

$$
