714
CXUS51 KBGM 051630 CCB
CLMSYR

CLIMATE REPORT
NATIONAL WEATHER SERVICE BINGHAMTON NY
1229 PM EDT THU MAY 5 2016

...................................

...THE SYRACUSE NY CLIMATE SUMMARY FOR THE MONTH OF APRIL 2016...

CLIMATE NORMAL PERIOD 1981 TO 2010
CLIMATE RECORD PERIOD 1902 TO 2016

WEATHER         OBSERVED          NORMAL  DEPART  LAST YEAR`S
                 VALUE   DATE(S)  VALUE   FROM    VALUE  DATE(S)
                                          NORMAL
................................................................
TEMPERATURE (F)
RECORD
 HIGH              92   04/28/1990
 LOW                9   04/05/2016
                        04/07/1972
                        02/16/2000
HIGHEST            78   04/21        56      22       81  04/13
LOWEST              9R  04/05        36     -27       21  04/01
AVG. MAXIMUM     53.6              57.2    -3.6     56.9
AVG. MINIMUM     31.7              36.6    -4.9     35.9
MEAN             42.6              46.9    -4.3     46.4
DAYS MAX >= 90      0               0.0     0.0        0
DAYS MAX <= 32      3               0.2     2.8        0
DAYS MIN <= 32     16               8.9     7.1       10
DAYS MIN <= 0       0               0.0     0.0        0

PRECIPITATION (INCHES)
RECORD
 MAXIMUM         8.53   2011
 MINIMUM         0.84   2010
TOTALS           2.01              3.19   -1.18     2.79
DAILY AVG.       0.07              0.11   -0.04     0.09
DAYS >= .01        11              14.0    -3.0       16
DAYS >= .10         8               8.1    -0.1       10
DAYS >= .50         0               2.1    -2.1        1
DAYS >= 1.00        0               0.3    -0.3        0
GREATEST
 24 HR. TOTAL    0.52   04/25 TO 04/26

SNOWFALL (INCHES)
RECORDS
 TOTAL           16.4   1983
 24 HR TOTAL     10.5   04/02/2013 TO 04/02/2013
 SNOW DEPTH         8   04/03/2013
TOTALS            8.1               3.8     4.3      0.6
SINCE 7/1        80.3             123.7   -43.4    119.7
SNOWDEPTH AVG.      1                MM      MM        0
DAYS >= TRACE       9               2.6     6.4        5
DAYS >= 1.0         2               1.5     0.5        0
GREATEST
 SNOW DEPTH         5   04/05                          0  MM
                        04/04
 24 HR TOTAL      6.4   04/03

DEGREE_DAYS
HEATING TOTAL     663               547     116      549
 SINCE 7/1       5537              6335    -798     6942
COOLING TOTAL       0                 4      -4        0
 SINCE 1/1          0                 4      -4        0
.................................................................

WIND (MPH)
AVERAGE WIND SPEED              7.6
RESULTANT WIND SPEED/DIRECTION   3/294
HIGHEST WIND SPEED/DIRECTION    36/300    DATE  04/03
HIGHEST GUST SPEED/DIRECTION    44/300    DATE  04/03

SKY COVER
POSSIBLE SUNSHINE (PERCENT)   MM
AVERAGE SKY COVER           0.70
NUMBER OF DAYS FAIR            6
NUMBER OF DAYS PC             10
NUMBER OF DAYS CLOUDY         14

AVERAGE RH (PERCENT)     62

WEATHER CONDITIONS. NUMBER OF DAYS WITH
THUNDERSTORM              0     MIXED PRECIP               1
HEAVY RAIN                0     RAIN                       4
LIGHT RAIN               13     FREEZING RAIN              0
LT FREEZING RAIN          1     HAIL                       1
HEAVY SNOW                1     SNOW                       2
LIGHT SNOW                8     SLEET                      2
FOG                      12     FOG W/VIS <= 1/4 MILE      1
HAZE                      1

-  INDICATES NEGATIVE NUMBERS.
R  INDICATES RECORD WAS SET OR TIED.
MM INDICATES DATA IS MISSING.
T  INDICATES TRACE AMOUNT.

&&
ADDED DATE FOR GREATEST 24 HOUR SNOWFALL TOTAL
4TH GREATEST CALENDAR DAY SNOWFALL IN APRIL ON 3RD
16TH MOST APRIL SNOWFALL
20TH DRIEST APRIL
20TH COLDEST APRIL

$$

TAC
