130
CXUS51 KBGM 061723 CCA
CLMSYR

CLIMATE REPORT...CORRECTED
NATIONAL WEATHER SERVICE BINGHAMTON NY
123 PM EDT THU APR 6 2017

...................................

...THE SYRACUSE NY CLIMATE SUMMARY FOR THE MONTH OF MARCH 2017...

CLIMATE NORMAL PERIOD 1981 TO 2010
CLIMATE RECORD PERIOD 1902 TO 2017

WEATHER         OBSERVED          NORMAL  DEPART  LAST YEAR`S
                 VALUE   DATE(S)  VALUE   FROM    VALUE  DATE(S)
                                          NORMAL
................................................................
TEMPERATURE (F)
RECORD
 HIGH              87   03/30/1986
 LOW              -16   03/04/1950
HIGHEST            68   03/01        43      25       78  03/09
LOWEST              2   03/05        25     -23        8  03/03
AVG. MAXIMUM     38.2              43.2    -5.0     50.7
AVG. MINIMUM     22.1              25.1    -3.0     28.7
MEAN             30.1              34.2    -4.1     39.7
DAYS MAX >= 90      0               0.0     0.0        0
DAYS MAX <= 32     10               5.4     4.6        3
DAYS MIN <= 32     23              23.2    -0.2       20
DAYS MIN <= 0       0               0.4    -0.4        0

PRECIPITATION (INCHES)
RECORD
 MAXIMUM         6.84   1955
 MINIMUM         1.01   1981
TOTALS           3.85              2.95    0.90     2.45
DAILY AVG.       0.12              0.10    0.02     0.08
DAYS >= .01        17              15.8     1.2       14
DAYS >= .10        10               7.3     2.7        7
DAYS >= .50         2               1.9     0.1        1
DAYS >= 1.00        0               0.2    -0.2        0
GREATEST
 24 HR. TOTAL    1.01   03/14 TO 03/15

SNOWFALL (INCHES)
RECORDS
 TOTAL           54.4   1993
 24 HR TOTAL     22.1   03/13/1993 TO 03/13/1993
 SNOW DEPTH        35   03/15/1993
TOTALS           31.1              18.0    13.1      5.4
SINCE 7/1       134.8             119.9    14.9     72.2
SNOWDEPTH AVG.      4                 4       0        0
DAYS >= TRACE      16               9.9     6.1        8
DAYS >= 1.0         5               4.8     0.2        1
GREATEST
 SNOW DEPTH        22   03/15                          4  03/03
 24 HR TOTAL     20.7   03/14 TO 03/15

DEGREE_DAYS
HEATING TOTAL    1072               957     115      775
 SINCE 7/1       5341              5788    -447     4874
COOLING TOTAL       0                 0       0        0
 SINCE 1/1          0                 0       0        0
.................................................................

WIND (MPH)
AVERAGE WIND SPEED              10.5
RESULTANT WIND SPEED/DIRECTION   4/298
HIGHEST WIND SPEED/DIRECTION    44/260    DATE  03/02
HIGHEST GUST SPEED/DIRECTION    64/270    DATE  03/02

SKY COVER
POSSIBLE SUNSHINE (PERCENT)   MM
AVERAGE SKY COVER           0.80
NUMBER OF DAYS FAIR            2
NUMBER OF DAYS PC              7
NUMBER OF DAYS CLOUDY         22

AVERAGE RH (PERCENT)     70

WEATHER CONDITIONS. NUMBER OF DAYS WITH
THUNDERSTORM              0     MIXED PRECIP               0
HEAVY RAIN                0     RAIN                       6
LIGHT RAIN               11     FREEZING RAIN              0
LT FREEZING RAIN          1     HAIL                       0
HEAVY SNOW                2     SNOW                       7
LIGHT SNOW               16     SLEET                      1
FOG                      20     FOG W/VIS <= 1/4 MILE      2
HAZE                      2

-  INDICATES NEGATIVE NUMBERS.
R  INDICATES RECORD WAS SET OR TIED.
MM INDICATES DATA IS MISSING.
T  INDICATES TRACE AMOUNT.

&&

CORRECTED GREATEST 24 HOUR PRECIPITATION AND SNOWFALL
CORRECTED GREATEST SNOW DEPTH
SECOND GREATEST CALENDAR DAY MARCH SNOWFALL

$$

TAC
