250
CXUS51 KBGM 011456 CCA
CLMSYR

CLIMATE REPORT...CORRECTED
NATIONAL WEATHER SERVICE BINGHAMTON NY
1056 AM EDT SAT OCT 1 2016

...................................

...THE SYRACUSE NY CLIMATE SUMMARY FOR THE MONTH OF SEPTEMBER 2016...

CLIMATE NORMAL PERIOD 1981 TO 2010
CLIMATE RECORD PERIOD 1902 TO 2016

WEATHER         OBSERVED          NORMAL  DEPART  LAST YEAR`S
                 VALUE   DATE(S)  VALUE   FROM    VALUE  DATE(S)
                                          NORMAL
................................................................
TEMPERATURE (F)
RECORD
 HIGH              97   09/04/1953
                        09/03/1953
 LOW               28   09/30/1991
                        09/28/1965
HIGHEST            89   09/08        72      17       93  09/08
                        09/07                             09/07
LOWEST             40   09/26        51     -11       42  09/21
                        09/25
AVG. MAXIMUM     76.6              72.2     4.4     78.8
AVG. MINIMUM     52.9              51.9     1.0     56.9
MEAN             64.8              62.0     2.8     67.9
DAYS MAX >= 90      0               0.4    -0.4        4
DAYS MAX <= 32      0               0.0     0.0        0
DAYS MIN <= 32      0               0.1    -0.1        0
DAYS MIN <= 0       0               0.0     0.0        0

PRECIPITATION (INCHES)
RECORD
 MAXIMUM         8.81   1975
 MINIMUM         0.51   1943
TOTALS           3.70              3.69    0.01     5.05
DAILY AVG.       0.12              0.12    0.00     0.17
DAYS >= .01         7              12.1    -5.1        7
DAYS >= .10         4               6.9    -2.9        6
DAYS >= .50         2               2.5    -0.5        3
DAYS >= 1.00        2               0.7     1.3        2
GREATEST
 24 HR. TOTAL    1.98   09/17 TO 09/18

SNOWFALL (INCHES)
RECORDS
 TOTAL              T   1951
                        1989
                        1992
 24 HR TOTAL        T   09/30/1992 TO 09/30/1992
                        09/26/1989 TO 09/26/1989
                        09/27/1951 TO 09/27/1951
 SNOW DEPTH         0   MM
TOTALS            0.0               0.0     0.0      0.0
SINCE 7/1         0.0               0.0     0.0      0.0
SNOWDEPTH AVG.      0                MM      MM        0
DAYS >= TRACE       0               0.0     0.0        0
DAYS >= 1.0         0               0.0     0.0        0
GREATEST
 SNOW DEPTH         0   MM                             0  MM
 24 HR TOTAL      0.0   09/30 TO 09/30

DEGREE_DAYS
HEATING TOTAL      88               141     -53       52
 SINCE 7/1         89               167     -78       60
COOLING TOTAL      90                52      38      145
 SINCE 1/1        802               565     237      717
.................................................................

WIND (MPH)
AVERAGE WIND SPEED              6.1
RESULTANT WIND SPEED/DIRECTION   0/140
HIGHEST WIND SPEED/DIRECTION    30/290    DATE  09/08
HIGHEST GUST SPEED/DIRECTION    39/260    DATE  09/11

SKY COVER
POSSIBLE SUNSHINE (PERCENT)   MM
AVERAGE SKY COVER           0.50
NUMBER OF DAYS FAIR           11
NUMBER OF DAYS PC             11
NUMBER OF DAYS CLOUDY          8

AVERAGE RH (PERCENT)     72

WEATHER CONDITIONS. NUMBER OF DAYS WITH
THUNDERSTORM              4     MIXED PRECIP               0
HEAVY RAIN                2     RAIN                       3
LIGHT RAIN               11     FREEZING RAIN              0
LT FREEZING RAIN          0     HAIL                       0
HEAVY SNOW                0     SNOW                       0
LIGHT SNOW                0     SLEET                      0
FOG                      13     FOG W/VIS <= 1/4 MILE      0
HAZE                      0

-  INDICATES NEGATIVE NUMBERS.
R  INDICATES RECORD WAS SET OR TIED.
MM INDICATES DATA IS MISSING.
T  INDICATES TRACE AMOUNT.

&&
CORRECTED HEATING DEGREE DAYS AND THUNDERSTORM DAYS
17TH WARMEST AVERAGE TEMPERATURE FOR SEPTEMBER
$$

TAC
