000
CXUS51 KBGM 011024
CLMSYR


CLIMATE REPORT
NATIONAL WEATHER SERVICE BINGHAMTON NY
519 AM EST SUN FEB 1 2015

...................................

...THE SYRACUSE NY CLIMATE SUMMARY FOR THE MONTH OF JANUARY 2015...

CLIMATE NORMAL PERIOD 1981 TO 2010
CLIMATE RECORD PERIOD 1902 TO 2015

WEATHER         OBSERVED          NORMAL  DEPART  LAST YEAR`S
                 VALUE   DATE(S)  VALUE   FROM    VALUE  DATE(S)
                                          NORMAL
................................................................
TEMPERATURE (F)
RECORD
 HIGH              70   01/08/2008
                        01/25/1967
                        01/08/1998
 LOW              -26   01/26/1966
HIGHEST            55   01/04        31      24       55  01/11
LOWEST            -11   01/14        15     -26      -12  01/22
AVG. MAXIMUM     27.0              31.5    -4.5     29.0
AVG. MINIMUM      7.5              15.7    -8.2     10.8
MEAN             17.3              23.6    -6.3     19.9
DAYS MAX >= 90      0               0.0     0.0        0
DAYS MAX <= 32     22              16.3     5.7       19
DAYS MIN <= 32     30              28.2     1.8       30
DAYS MIN <= 0      10               4.0     6.0       10

PRECIPITATION (INCHES)
RECORD
 MAXIMUM         5.77   1978
 MINIMUM         1.02   1970
TOTALS           1.60              2.50   -0.90     2.20
DAILY AVG.       0.05              0.08   -0.03     0.07
DAYS >= .01        15              19.1    -4.1       18
DAYS >= .10         3               7.2    -4.2        8
DAYS >= .50         1               1.1    -0.1        1
DAYS >= 1.00        0               0.2    -0.2        0
GREATEST
 24 HR. TOTAL    0.98   01/03 TO 01/04

SNOWFALL (INCHES)
RECORDS
 TOTAL           78.1   2004
 24 HR TOTAL     22.0   01/31/1966 TO 01/31/1966
 SNOW DEPTH        39   01/31/1966
TOTALS           18.3              34.0   -15.7     25.3
SINCE 7/1        46.8              76.6   -29.8     68.6
SNOWDEPTH AVG.      2                 5      -3        3
DAYS >= TRACE      26              18.4     7.6       22
DAYS >= 1.0         7               9.9    -2.9        9
GREATEST
 SNOW DEPTH         5   01/31                          8  01/26
                        01/30
 24 HR TOTAL      4.3   01/29 TO 01/30

DEGREE_DAYS
HEATING TOTAL    1472              1283     189     1391
 SINCE 7/1       3665              3736     -71     3866
COOLING TOTAL       0                 0       0        0
 SINCE 1/1          0                 0       0        0
.................................................................

WIND (MPH)
AVERAGE WIND SPEED              9.8
RESULTANT WIND SPEED/DIRECTION   4/258
HIGHEST WIND SPEED/DIRECTION    37/260    DATE  01/05
HIGHEST GUST SPEED/DIRECTION    47/280    DATE  01/05

SKY COVER
POSSIBLE SUNSHINE (PERCENT)   MM
AVERAGE SKY COVER           0.80
NUMBER OF DAYS FAIR            3
NUMBER OF DAYS PC              9
NUMBER OF DAYS CLOUDY         19

AVERAGE RH (PERCENT)     74

WEATHER CONDITIONS. NUMBER OF DAYS WITH
THUNDERSTORM              0     MIXED PRECIP               2
HEAVY RAIN                0     RAIN                       2
LIGHT RAIN                3     FREEZING RAIN              1
LT FREEZING RAIN          2     HAIL                       0
HEAVY SNOW                3     SNOW                       8
LIGHT SNOW               25     SLEET                      2
FOG                      22     FOG W/VIS <= 1/4 MILE      1
HAZE                      6

-  INDICATES NEGATIVE NUMBERS.
R  INDICATES RECORD WAS SET OR TIED.
MM INDICATES DATA IS MISSING.
T  INDICATES TRACE AMOUNT.

$$

TAC
