740
CXUS51 KBGM 040329 CCA
CLMSYR

CLIMATE REPORT...CORRECTED
NATIONAL WEATHER SERVICE BINGHAMTON NY
1030 PM EST TUE NOV 3 2015

...................................

...THE SYRACUSE NY CLIMATE SUMMARY FOR THE MONTH OF OCTOBER 2015...

CLIMATE NORMAL PERIOD 1981 TO 2010
CLIMATE RECORD PERIOD 1902 TO 2015

WEATHER         OBSERVED          NORMAL  DEPART  LAST YEAR`S
                 VALUE   DATE(S)  VALUE   FROM    VALUE  DATE(S)
                                          NORMAL
................................................................
TEMPERATURE (F)
RECORD
 HIGH              87   10/07/1963
 LOW                8   10/29/2006
HIGHEST            78   10/12        60      18       81  10/14
LOWEST             28   10/18        41     -13       33  10/12
AVG. MAXIMUM     58.8              60.0    -1.2     63.6
AVG. MINIMUM     41.0              41.2    -0.2     46.2
MEAN             49.9              50.6    -0.7     54.9
DAYS MAX >= 90      0               0.0     0.0        0
DAYS MAX <= 32      0               0.0     0.0        0
DAYS MIN <= 32      8               3.8     4.2        0
DAYS MIN <= 0       0               0.0     0.0        0

PRECIPITATION (INCHES)
RECORD
 MAXIMUM         8.29   1955
 MINIMUM         0.21   1963
TOTALS           3.77              3.44    0.33     4.54
DAILY AVG.       0.12              0.11    0.01     0.15
DAYS >= .01        17              14.2     2.8       16
DAYS >= .10         8               8.0     0.0        8
DAYS >= .50         2               2.0     0.0        4
DAYS >= 1.00        1               0.8     0.2        1
GREATEST
 24 HR. TOTAL    1.25   10/09 TO 10/09
                        10/08 TO 10/09
                        10/09 TO 10/09

SNOWFALL (INCHES)
RECORDS
 TOTAL            5.7   1988
 24 HR TOTAL      2.9   10/30/1988 TO 10/30/1988
 SNOW DEPTH         2   10/29/1965
                        10/27/1962
                        10/29/1952
TOTALS            0.4               0.4     0.0      0.0
SINCE 7/1         0.4               0.4     0.0      0.0
SNOWDEPTH AVG.      0                MM      MM        0
DAYS >= TRACE       3               0.5     2.5        0
DAYS >= 1.0         0               0.1    -0.1        0
GREATEST
 SNOW DEPTH         0   MM                             0  MM
 24 HR TOTAL      0.4   MM

DEGREE_DAYS
HEATING TOTAL     460               450      10      319
 SINCE 7/1        520               617     -97      433
COOLING TOTAL       0                 4      -4       13
 SINCE 1/1        717               569     148      647
.................................................................

WIND (MPH)
AVERAGE WIND SPEED              7.9
RESULTANT WIND SPEED/DIRECTION   2/264
HIGHEST WIND SPEED/DIRECTION    32/270    DATE  10/29
HIGHEST GUST SPEED/DIRECTION    40/250    DATE  10/15

SKY COVER
POSSIBLE SUNSHINE (PERCENT)   MM
AVERAGE SKY COVER           0.80
NUMBER OF DAYS FAIR            1
NUMBER OF DAYS PC              9
NUMBER OF DAYS CLOUDY         21

AVERAGE RH (PERCENT)     72

WEATHER CONDITIONS. NUMBER OF DAYS WITH
THUNDERSTORM              4     MIXED PRECIP               0
HEAVY RAIN                3     RAIN                       7
LIGHT RAIN               18     FREEZING RAIN              0
LT FREEZING RAIN          0     HAIL                       1
HEAVY SNOW                0     SNOW                       0
LIGHT SNOW                2     SLEET                      2
FOG                      15     FOG W/VIS <= 1/4 MILE      1
HAZE                      0

-  INDICATES NEGATIVE NUMBERS.
R  INDICATES RECORD WAS SET OR TIED.
MM INDICATES DATA IS MISSING.
T  INDICATES TRACE AMOUNT.

&&
CORRECTED NUMBER OF THUNDERSTORM DAYS FROM 0 TO 4
$$
