000
CXUS51 KBGM 011311
CLMSYR


CLIMATE REPORT
NATIONAL WEATHER SERVICE BINGHAMTON NY
811 AM EST SUN DEC 1 2013

...................................

...THE SYRACUSE NY CLIMATE SUMMARY FOR THE MONTH OF NOVEMBER 2013...

CLIMATE NORMAL PERIOD 1981 TO 2010
CLIMATE RECORD PERIOD 1902 TO 2013

WEATHER         OBSERVED          NORMAL  DEPART  LAST YEAR`S
                 VALUE   DATE(S)  VALUE   FROM    VALUE  DATE(S)
                                          NORMAL
................................................................
TEMPERATURE (F)
RECORD
 HIGH              81   11/01/1950
 LOW                5   11/30/1976
                        11/24/1956
HIGHEST            69   11/01        48      21       73  11/11
LOWEST              7   11/30        33     -26       24  11/18
                                                          11/16
                                                          11/07
AVG. MAXIMUM     46.0              48.4    -2.4     47.1
AVG. MINIMUM     29.3              32.8    -3.5     31.6
MEAN             37.7              40.6    -2.9     39.3
DAYS MAX >= 90      0               0.0     0.0        0
DAYS MAX <= 32      3               1.6     1.4        0
DAYS MIN <= 32     16              14.4     1.6       20
DAYS MIN <= 0       0               0.0     0.0        0

PRECIPITATION (INCHES)
RECORD
 MAXIMUM         6.79   1972
 MINIMUM         1.25   1978
TOTALS           3.84              3.53    0.31     1.41
DAILY AVG.       0.13              0.12    0.01     0.05
DAYS >= .01        19              16.7     2.3       11
DAYS >= .10         9               8.7     0.3        6
DAYS >= .50         3               1.8     1.2        0
DAYS >= 1.00        0               0.4    -0.4        0
GREATEST
 24 HR. TOTAL    1.48   11/26 TO 11/27

SNOWFALL (INCHES)
RECORDS
 TOTAL           34.2   1995
 24 HR TOTAL     11.9   11/06/1973 TO 11/06/1973
 SNOW DEPTH        14   11/07/1973
TOTALS           14.3               9.5     4.8      2.8
SINCE 7/1        14.3               9.9     4.4      2.8
SNOWDEPTH AVG.      1                MM      MM        0
DAYS >= TRACE      15               5.8     9.2        8
DAYS >= 1.0         4               2.7     1.3        0
GREATEST
 SNOW DEPTH         6   11/24                          1  11/25
 24 HR TOTAL      4.5   11/23 TO 11/23

DEGREE_DAYS
HEATING TOTAL     811               732      79      762
 SINCE 7/1       1333              1349     -16     1205
COOLING TOTAL       0                 0       0        0
 SINCE 1/1        712               569     143      953
.................................................................

WIND (MPH)
AVERAGE WIND SPEED              10.3
RESULTANT WIND SPEED/DIRECTION   5/244
HIGHEST WIND SPEED/DIRECTION    38/230    DATE  11/18
HIGHEST GUST SPEED/DIRECTION    47/210    DATE  11/18

SKY COVER
POSSIBLE SUNSHINE (PERCENT)   MM
AVERAGE SKY COVER           0.80
NUMBER OF DAYS FAIR            0
NUMBER OF DAYS PC              9
NUMBER OF DAYS CLOUDY         21

AVERAGE RH (PERCENT)     67

WEATHER CONDITIONS. NUMBER OF DAYS WITH
THUNDERSTORM              0     MIXED PRECIP               1
HEAVY RAIN                2     RAIN                       7
LIGHT RAIN               14     FREEZING RAIN              0
LT FREEZING RAIN          0     HAIL                       2
HEAVY SNOW                2     SNOW                       8
LIGHT SNOW               14     SLEET                      1
FOG                      14     FOG W/VIS <= 1/4 MILE      2
HAZE                      3

-  INDICATES NEGATIVE NUMBERS.
R  INDICATES RECORD WAS SET OR TIED.
MM INDICATES DATA IS MISSING.
T  INDICATES TRACE AMOUNT.

$$
