282
CXUS51 KBGM 030540 CCA
CLMSYR

CLIMATE REPORT...CORRECTED
NATIONAL WEATHER SERVICE BINGHAMTON NY
140 AM EDT SAT OCT 3 2015

...................................

...THE SYRACUSE NY CLIMATE SUMMARY FOR THE MONTH OF SEPTEMBER 2015...

CLIMATE NORMAL PERIOD 1981 TO 2010
CLIMATE RECORD PERIOD 1902 TO 2015

WEATHER         OBSERVED          NORMAL  DEPART  LAST YEAR`S
                 VALUE   DATE(S)  VALUE   FROM    VALUE  DATE(S)
                                          NORMAL
................................................................
TEMPERATURE (F)
RECORD
 HIGH              97   09/04/1953
                        09/03/1953
 LOW               28   09/30/1991
                        09/28/1965
HIGHEST            93   09/08        72      21       90  09/05
                        09/07
LOWEST             42   09/21        51      -9       37  09/19
AVG. MAXIMUM     78.8              72.2     6.6     75.1
AVG. MINIMUM     56.9              51.9     5.0     52.5
MEAN             67.9              62.0     5.9     63.8
DAYS MAX >= 90      4               0.4     3.6        1
DAYS MAX <= 32      0               0.0     0.0        0
DAYS MIN <= 32      0               0.1    -0.1        0
DAYS MIN <= 0       0               0.0     0.0        0

PRECIPITATION (INCHES)
RECORD
 MAXIMUM         8.81   1975
 MINIMUM         0.51   1943
TOTALS           5.05              3.69    1.36     1.60
DAILY AVG.       0.17              0.12    0.05     0.05
DAYS >= .01         7              12.1    -5.1        8
DAYS >= .10         6               6.9    -0.9        5
DAYS >= .50         3               2.5     0.5        1
DAYS >= 1.00        2               0.7     1.3        0
GREATEST
 24 HR. TOTAL    2.96   09/29 TO 09/30

SNOWFALL (INCHES)
RECORDS
 TOTAL              T   1951
                        1989
                        1992
 24 HR TOTAL        T   09/30/1992 TO 09/30/1992
                        09/26/1989 TO 09/26/1989
                        09/27/1951 TO 09/27/1951
 SNOW DEPTH         0   MM
TOTALS            0.0               0.0     0.0      0.0
SINCE 7/1         0.0               0.0     0.0      0.0
SNOWDEPTH AVG.      0                MM      MM        0
DAYS >= TRACE       0               0.0     0.0        0
DAYS >= 1.0         0               0.0     0.0        0
GREATEST
 SNOW DEPTH         0   MM                             0  MM
 24 HR TOTAL      0.0   09/30 TO 09/30

DEGREE_DAYS
HEATING TOTAL      52               141     -89      103
 SINCE 7/1         60               167    -107      114
COOLING TOTAL     145                52      93       75
 SINCE 1/1        717               565     152      634
.................................................................

WIND (MPH)
AVERAGE WIND SPEED              5.8
RESULTANT WIND SPEED/DIRECTION   0/228
HIGHEST WIND SPEED/DIRECTION    25/280    DATE  09/14
HIGHEST GUST SPEED/DIRECTION    33/210    DATE  09/19

SKY COVER
POSSIBLE SUNSHINE (PERCENT)   MM
AVERAGE SKY COVER           0.60
NUMBER OF DAYS FAIR            7
NUMBER OF DAYS PC             13
NUMBER OF DAYS CLOUDY         10

AVERAGE RH (PERCENT)     74

WEATHER CONDITIONS. NUMBER OF DAYS WITH
THUNDERSTORM              2     MIXED PRECIP               0
HEAVY RAIN                4     RAIN                       6
LIGHT RAIN                9     FREEZING RAIN              0
LT FREEZING RAIN          0     HAIL                       0
HEAVY SNOW                0     SNOW                       0
LIGHT SNOW                0     SLEET                      0
FOG                      16     FOG W/VIS <= 1/4 MILE      1
HAZE                      3

-  INDICATES NEGATIVE NUMBERS.
R  INDICATES RECORD WAS SET OR TIED.
MM INDICATES DATA IS MISSING.
T  INDICATES TRACE AMOUNT.

&&
CORRECTED NUMBER OF THUNDERSTORM DAYS

THIRD WARMEST SEPTEMBER  WARMEST 69.5 IN 1961
RECORD DAILY PRECIPITATION SEPTEMBER 29TH 1.89 INCHES
    OLD RECORD 1.51 INCHES IN 1986
RECORD DAILY WARMEST TEMPERATURES SEPTEMBER 8TH
$$
