000
CXUS51 KBGM 012107 CCA
CLMSYR

CLIMATE REPORT...CORRECTED
NATIONAL WEATHER SERVICE BINGHAMTON NY
402 PM EST SAT MAR 1 2014

...................................

...THE SYRACUSE NY CLIMATE SUMMARY FOR THE MONTH OF FEBRUARY 2014...

CLIMATE NORMAL PERIOD 1981 TO 2010
CLIMATE RECORD PERIOD 1902 TO 2014

WEATHER         OBSERVED          NORMAL  DEPART  LAST YEAR`S
                 VALUE   DATE(S)  VALUE   FROM    VALUE  DATE(S)
                                          NORMAL
................................................................
TEMPERATURE (F)
RECORD
 HIGH              69   02/19/1981
 LOW              -26   02/18/1979
HIGHEST            46   02/22        33      13       47  02/11
                        02/21
LOWEST             -8   02/17        16     -24        1  02/03
AVG. MAXIMUM     28.5              34.2    -5.7     32.3
AVG. MINIMUM     13.4              17.6    -4.2     18.4
MEAN             20.9              25.9    -5.0     25.3
DAYS MAX >= 90      0               0.0     0.0        0
DAYS MAX <= 32     20              11.9     8.1       14
DAYS MIN <= 32     26              25.2     0.8       25
DAYS MIN <= 0       3               1.7     1.3        0

PRECIPITATION (INCHES)
RECORD
 MAXIMUM         5.38   1951
 MINIMUM         0.63   1987
TOTALS           3.36              2.07    1.29     2.71
DAILY AVG.       0.12              0.07    0.05     0.10
DAYS >= .01        17              16.0     1.0       17
DAYS >= .10         7               6.3     0.7        8
DAYS >= .50         2               0.9     1.1        2
DAYS >= 1.00        0               0.1    -0.1        0
GREATEST
 24 HR. TOTAL    0.91   02/05 TO 02/05

SNOWFALL (INCHES)
RECORDS
 TOTAL           72.6   1958
 24 HR TOTAL     20.8   02/04/1961 TO 02/04/1961
 SNOW DEPTH        48   02/01/1966
                        02/21/1958
                        02/20/1958
TOTALS           41.3              25.3    16.0     36.4
SINCE 7/1       109.9             101.9     8.0     83.2
SNOWDEPTH AVG.     10                 5       5        4
DAYS >= TRACE      24              14.4     9.6       26
DAYS >= 1.0        11               7.4     3.6       10
GREATEST
 SNOW DEPTH        20   02/17                         10  02/10
                                                          02/09
 24 HR TOTAL     10.0   02/05 TO 02/05

DEGREE_DAYS
HEATING TOTAL    1226              1095     131     1104
 SINCE 7/1       5092              4831     261     4371
COOLING TOTAL       0                 0       0        0
 SINCE 1/1          0                 0       0        0
.................................................................

WIND (MPH)
AVERAGE WIND SPEED              9.0
RESULTANT WIND SPEED/DIRECTION   5/255
HIGHEST WIND SPEED/DIRECTION    37/250    DATE  02/27
HIGHEST GUST SPEED/DIRECTION    45/280    DATE  02/27

SKY COVER
POSSIBLE SUNSHINE (PERCENT)   MM
AVERAGE SKY COVER           0.80
NUMBER OF DAYS FAIR            1
NUMBER OF DAYS PC              7
NUMBER OF DAYS CLOUDY         20

AVERAGE RH (PERCENT)     72

WEATHER CONDITIONS. NUMBER OF DAYS WITH
THUNDERSTORM              0     MIXED PRECIP               0
HEAVY RAIN                1     RAIN                       4
LIGHT RAIN                5     FREEZING RAIN              0
LT FREEZING RAIN          1     HAIL                       0
HEAVY SNOW                5     SNOW                      10
LIGHT SNOW               24     SLEET                      1
FOG                      20     FOG W/VIS <= 1/4 MILE      3
HAZE                      4

-  INDICATES NEGATIVE NUMBERS.
R  INDICATES RECORD WAS SET OR TIED.
MM INDICATES DATA IS MISSING.
T  INDICATES TRACE AMOUNT.

&&

CORRECTED PRECIPITATION AND SNOWFALL AMOUNTS
DAILY RECORD SNOWFALL AND PRECIPITATION ON THE 5TH.

$$

TAC
