000
CXUS51 KBGM 020151 AAA
CLMSYR

CLIMATE REPORT...UPDATED
NATIONAL WEATHER SERVICE BINGHAMTON NY
852 PM EST FRI JAN 1 2016

...................................

...THE SYRACUSE NY CLIMATE SUMMARY FOR THE MONTH OF DECEMBER 2015...

CLIMATE NORMAL PERIOD 1981 TO 2010
CLIMATE RECORD PERIOD 1902 TO 2015

WEATHER         OBSERVED          NORMAL  DEPART  LAST YEAR`S
                 VALUE   DATE(S)  VALUE   FROM    VALUE  DATE(S)
                                          NORMAL
................................................................
TEMPERATURE (F)
RECORD
 HIGH              72   12/06/2001
 LOW              -22   12/25/1980
HIGHEST            68   12/24        35      33       59  12/25
LOWEST             22   12/29        21       1       15  12/30
AVG. MAXIMUM     48.1 R            36.4    11.7     37.7
AVG. MINIMUM     34.2 R            22.4    11.8     26.5
MEAN             41.1 R            29.4    11.7     32.1
DAYS MAX >= 90      0               0.0     0.0        0
DAYS MAX <= 32      0 R            10.5   -10.5       10
DAYS MIN <= 32     11 R            25.2   -14.2       25
DAYS MIN <= 0       0               1.0    -1.0        0

PRECIPITATION (INCHES)
RECORD
 MAXIMUM         7.57   2012
 MINIMUM         1.40   1999
TOTALS           4.83              3.22    1.61     3.02
DAILY AVG.       0.16              0.10    0.06     0.10
DAYS >= .01        16              18.6    -2.6       17
DAYS >= .10        11               8.1     2.9       10
DAYS >= .50         3               1.6     1.4        1
DAYS >= 1.00        0               0.5    -0.5        0
GREATEST
 24 HR. TOTAL    1.00   12/01 TO 12/02

SNOWFALL (INCHES)
RECORDS
 TOTAL           72.8   2010
 24 HR TOTAL     18.6   12/30/1997 TO 12/30/1997
 SNOW DEPTH        23   12/28/1969
TOTALS            2.1              32.7   -30.6     17.5
SINCE 7/1         2.9              42.6   -39.7     28.5
SNOWDEPTH AVG.      0                 4      -4        2
DAYS >= TRACE       7              14.7    -7.7       18
DAYS >= 1.0         1               8.1    -7.1        3
GREATEST
 SNOW DEPTH         2   12/30                         13  12/11
                        12/29
 24 HR TOTAL      2.1   12/28 TO 12/29

DEGREE_DAYS
HEATING TOTAL     731              1104    -373     1008
 SINCE 7/1       1816              2453    -637     2193
COOLING TOTAL       0                 0       0        0
 SINCE 1/1        717               569     148      647
.................................................................

WIND (MPH)
AVERAGE WIND SPEED              8.4
RESULTANT WIND SPEED/DIRECTION   3/218
HIGHEST WIND SPEED/DIRECTION    35/240    DATE  12/24
HIGHEST GUST SPEED/DIRECTION    44/240    DATE  12/24

SKY COVER
POSSIBLE SUNSHINE (PERCENT)   MM
AVERAGE SKY COVER           0.90
NUMBER OF DAYS FAIR            0
NUMBER OF DAYS PC              3
NUMBER OF DAYS CLOUDY         28

AVERAGE RH (PERCENT)     78

WEATHER CONDITIONS. NUMBER OF DAYS WITH
THUNDERSTORM              0     MIXED PRECIP               0
HEAVY RAIN                2     RAIN                       6
LIGHT RAIN               20     FREEZING RAIN              2
LT FREEZING RAIN          2     HAIL                       0
HEAVY SNOW                0     SNOW                       1
LIGHT SNOW                6     SLEET                      2
FOG                      19     FOG W/VIS <= 1/4 MILE      1
HAZE                      1

-  INDICATES NEGATIVE NUMBERS.
R  INDICATES RECORD WAS SET OR TIED.
MM INDICATES DATA IS MISSING.
T  INDICATES TRACE AMOUNT.

&&
WARMEST DECEMBER  OLD RECORD 37.4 IN 2006
FEWEST DAYS WITH A MAX TEMP BELOW OR AT 32  OLD RECORD 2 1986
FEWEST DAYS WITH A MIN TEMP BELOW OR AT 32  OLD RECORD 17 1996 AND PREVIOUS YEARS
9TH WETTEST DECEMBER
7TH LEAST SNOWIEST DECEMBER FOR PERIOD OF RECORD AND LEAST AT CURRENT LOCATION
   TRACE OF SNOW IN 1923/1924/1927/1932
$$
