000
CXUS51 KBGM 011926 CCA
CLMSYR

CLIMATE REPORT...CORRECTED
NATIONAL WEATHER SERVICE BINGHAMTON NY
227 PM EST WED JAN 1 2014

...................................

...THE SYRACUSE NY CLIMATE SUMMARY FOR THE MONTH OF DECEMBER 2013...

CLIMATE NORMAL PERIOD 1981 TO 2010
CLIMATE RECORD PERIOD 1902 TO 2013

WEATHER         OBSERVED          NORMAL  DEPART  LAST YEAR`S
                 VALUE   DATE(S)  VALUE   FROM    VALUE  DATE(S)
                                          NORMAL
................................................................
TEMPERATURE (F)
RECORD
 HIGH              72   12/06/2001
 LOW              -22   12/25/1980
HIGHEST            59   12/05        35      24       70  12/04
LOWEST             -3   12/17        21     -24       10  12/26
AVG. MAXIMUM     35.2              36.4    -1.2     41.7
AVG. MINIMUM     20.5              22.4    -1.9     28.9
MEAN             27.9              29.4    -1.5     35.3
DAYS MAX >= 90      0               0.0     0.0        0
DAYS MAX <= 32     13              10.5     2.5        6
DAYS MIN <= 32     26              25.2     0.8       20
DAYS MIN <= 0       2               1.0     1.0        0

PRECIPITATION (INCHES)
RECORD
 MAXIMUM         7.57   2012
 MINIMUM         1.40   1999
TOTALS           2.89              3.22   -0.33     7.57
DAILY AVG.       0.09              0.10   -0.01     0.24
DAYS >= .01        22              18.6     3.4       21
DAYS >= .10        10               8.1     1.9       14
DAYS >= .50         1               1.6    -0.6        6
DAYS >= 1.00        0               0.5    -0.5        2
GREATEST
 24 HR. TOTAL    0.69   12/21 TO 12/22

SNOWFALL (INCHES)
RECORDS
 TOTAL           72.8   2010
 24 HR TOTAL     18.6   12/30/1997 TO 12/30/1997
 SNOW DEPTH        23   12/28/1969
TOTALS           29.0              32.7    -3.7     32.4
SINCE 7/1        43.3              42.6     0.7     35.2
SNOWDEPTH AVG.      2                 4      -2        4
DAYS >= TRACE      23              14.7     8.3       15
DAYS >= 1.0         9               8.1     0.9        7
GREATEST
 SNOW DEPTH         9   12/18                         19  12/30
 24 HR TOTAL      5.5   12/15 TO 12/16

DEGREE_DAYS
HEATING TOTAL    1142              1104      38      913
 SINCE 7/1       2475              2453      22     2118
COOLING TOTAL       0                 0       0        0
 SINCE 1/1        712               569     143      953
.................................................................

WIND (MPH)
AVERAGE WIND SPEED              8.6
RESULTANT WIND SPEED/DIRECTION   4/247
HIGHEST WIND SPEED/DIRECTION    35/250    DATE  12/31
HIGHEST GUST SPEED/DIRECTION    45/270    DATE  12/31

SKY COVER
POSSIBLE SUNSHINE (PERCENT)   MM
AVERAGE SKY COVER           0.90
NUMBER OF DAYS FAIR            0
NUMBER OF DAYS PC              2
NUMBER OF DAYS CLOUDY         29

AVERAGE RH (PERCENT)     78

WEATHER CONDITIONS. NUMBER OF DAYS WITH
THUNDERSTORM              0     MIXED PRECIP               0
HEAVY RAIN                0     RAIN                       3
LIGHT RAIN               11     FREEZING RAIN              0
LT FREEZING RAIN          3     HAIL                       0
HEAVY SNOW                2     SNOW                       8
LIGHT SNOW               23     SLEET                      2
FOG                      29     FOG W/VIS <= 1/4 MILE      2
HAZE                      8

-  INDICATES NEGATIVE NUMBERS.
R  INDICATES RECORD WAS SET OR TIED.
MM INDICATES DATA IS MISSING.
T  INDICATES TRACE AMOUNT.

&&
CORRECTED GREATEST 24 HOUR SNOWFALL AMOUNT AND ADDED DATES

$$

TAC
