000
CXUS51 KBGM 010649
CLMSYR


CLIMATE REPORT
NATIONAL WEATHER SERVICE BINGHAMTON NY
148 AM EST MON FEB 1 2016

...................................

...THE SYRACUSE NY CLIMATE SUMMARY FOR THE MONTH OF JANUARY 2016...

CLIMATE NORMAL PERIOD 1981 TO 2010
CLIMATE RECORD PERIOD 1902 TO 2016

WEATHER         OBSERVED          NORMAL  DEPART  LAST YEAR`S
                 VALUE   DATE(S)  VALUE   FROM    VALUE  DATE(S)
                                          NORMAL
................................................................
TEMPERATURE (F)
RECORD
 HIGH              70   01/08/2008
                        01/25/1967
                        01/08/1998
 LOW              -26   01/26/1966
HIGHEST            54   01/31        31      23       55  01/04
                        01/10
LOWEST              1   01/22        15     -14      -11  01/14
AVG. MAXIMUM     33.7              31.5     2.2     27.0
AVG. MINIMUM     18.0              15.7     2.3      7.5
MEAN             25.9              23.6     2.3     17.3
DAYS MAX >= 90      0               0.0     0.0        0
DAYS MAX <= 32     14              16.3    -2.3       22
DAYS MIN <= 32     29              28.2     0.8       30
DAYS MIN <= 0       0               4.0    -4.0       10

PRECIPITATION (INCHES)
RECORD
 MAXIMUM         5.77   1978
 MINIMUM         1.02   1970
TOTALS           1.71              2.50   -0.79     1.60
DAILY AVG.       0.06              0.08   -0.02     0.05
DAYS >= .01        17              19.1    -2.1       15
DAYS >= .10         5               7.2    -2.2        3
DAYS >= .50         1               1.1    -0.1        1
DAYS >= 1.00        0               0.2    -0.2        0
GREATEST
 24 HR. TOTAL    0.60   01/10 TO 01/10

SNOWFALL (INCHES)
RECORDS
 TOTAL           78.1   2004
 24 HR TOTAL     22.0   01/31/1966 TO 01/31/1966
 SNOW DEPTH        39   01/31/1966
TOTALS           38.8              34.0     4.8     18.3
SINCE 7/1        41.7              76.6   -34.9     46.8
SNOWDEPTH AVG.      6                 5       1        2
DAYS >= TRACE      22              18.4     3.6       26
DAYS >= 1.0         9               9.9    -0.9        7
GREATEST
 SNOW DEPTH        17   01/20                          5  01/31
                                                          01/30
 24 HR TOTAL     13.7   01/13 TO 01/13

DEGREE_DAYS
HEATING TOTAL    1204              1283     -79     1472
 SINCE 7/1       3020              3736    -716     3665
COOLING TOTAL       0                 0       0        0
 SINCE 1/1          0                 0       0        0
.................................................................

WIND (MPH)
AVERAGE WIND SPEED              9.8
RESULTANT WIND SPEED/DIRECTION   4/240
HIGHEST WIND SPEED/DIRECTION    44/250    DATE  01/10
HIGHEST GUST SPEED/DIRECTION    55/250    DATE  01/10

SKY COVER
POSSIBLE SUNSHINE (PERCENT)   MM
AVERAGE SKY COVER           0.80
NUMBER OF DAYS FAIR            2
NUMBER OF DAYS PC              6
NUMBER OF DAYS CLOUDY         23

AVERAGE RH (PERCENT)     75

WEATHER CONDITIONS. NUMBER OF DAYS WITH
THUNDERSTORM              0     MIXED PRECIP               0
HEAVY RAIN                0     RAIN                       3
LIGHT RAIN                6     FREEZING RAIN              0
LT FREEZING RAIN          2     HAIL                       0
HEAVY SNOW                5     SNOW                       7
LIGHT SNOW               22     SLEET                      1
FOG                      21     FOG W/VIS <= 1/4 MILE      1
HAZE                      3

-  INDICATES NEGATIVE NUMBERS.
R  INDICATES RECORD WAS SET OR TIED.
MM INDICATES DATA IS MISSING.
T  INDICATES TRACE AMOUNT.

$$
