000
CXUS51 KBGM 051118 CCA
CLMSYR

CLIMATE REPORT...CORRECTED
NATIONAL WEATHER SERVICE BINGHAMTON NY
618 AM EST THU MAR 5 2015

...................................

...THE SYRACUSE NY CLIMATE SUMMARY FOR THE MONTH OF FEBRUARY 2015...

CLIMATE NORMAL PERIOD 1981 TO 2010
CLIMATE RECORD PERIOD 1902 TO 2015

WEATHER         OBSERVED          NORMAL  DEPART  LAST YEAR`S
                 VALUE   DATE(S)  VALUE   FROM    VALUE  DATE(S)
                                          NORMAL
................................................................
TEMPERATURE (F)
RECORD
 HIGH              69   02/19/1981
 LOW              -26   02/18/1979
HIGHEST            32   02/04        33      -1       46  02/22
                                                          02/21
LOWEST            -18   02/24        16     -34       -8  02/17
AVG. MAXIMUM     18.6              34.2   -15.6     28.5
AVG. MINIMUM     -0.6              17.6   -18.2     13.4
MEAN              9.0              25.9   -16.9     20.9
DAYS MAX >= 90      0               0.0     0.0        0
DAYS MAX <= 32     28              11.9    16.1       20
DAYS MIN <= 32     28              25.2     2.8       26
DAYS MIN <= 0      15               1.7    13.3        3

PRECIPITATION (INCHES)
RECORD
 MAXIMUM         5.38   1951
 MINIMUM         0.63   1987
TOTALS           2.28              2.07    0.21     3.35
DAILY AVG.       0.08              0.07    0.01     0.12
DAYS >= .01        19              16.0     3.0       17
DAYS >= .10         7               6.3     0.7        7
DAYS >= .50         0               0.9    -0.9        2
DAYS >= 1.00        0               0.1    -0.1        0
GREATEST
 24 HR. TOTAL    0.57   02/08 TO 02/09

SNOWFALL (INCHES)
RECORDS
 TOTAL           72.6   1958
 24 HR TOTAL     20.8   02/04/1961 TO 02/04/1961
 SNOW DEPTH        48   02/01/1966
                        02/21/1958
                        02/20/1958
TOTALS           60.0              25.3    34.7     41.1
SINCE 7/1       106.8             101.9     4.9    109.7
SNOWDEPTH AVG.     22                 5      17       10
DAYS >= TRACE      27              14.4    12.6       24
DAYS >= 1.0        17               7.4     9.6       11
GREATEST
 SNOW DEPTH        33   02/23                         20  02/17
 24 HR TOTAL      9.6   02/01 TO 02/02

DEGREE_DAYS
HEATING TOTAL    1559              1095     464     1226
 SINCE 7/1       5224              4831     393     5092
COOLING TOTAL       0                 0       0        0
 SINCE 1/1          0                 0       0        0
.................................................................

WIND (MPH)
AVERAGE WIND SPEED              9.1
RESULTANT WIND SPEED/DIRECTION   4/268
HIGHEST WIND SPEED/DIRECTION    32/270    DATE  02/12
HIGHEST GUST SPEED/DIRECTION    39/270    DATE  02/12

SKY COVER
POSSIBLE SUNSHINE (PERCENT)   MM
AVERAGE SKY COVER           0.80
NUMBER OF DAYS FAIR            1
NUMBER OF DAYS PC              7
NUMBER OF DAYS CLOUDY         20

AVERAGE RH (PERCENT)     80

WEATHER CONDITIONS. NUMBER OF DAYS WITH
THUNDERSTORM              0     MIXED PRECIP               0
HEAVY RAIN                0     RAIN                       0
LIGHT RAIN                0     FREEZING RAIN              0
LT FREEZING RAIN          0     HAIL                       0
HEAVY SNOW                7     SNOW                      11
LIGHT SNOW               26     SLEET                      0
FOG                      23     FOG W/VIS <= 1/4 MILE      5
HAZE                      6

-  INDICATES NEGATIVE NUMBERS.
R  INDICATES RECORD WAS SET OR TIED.
MM INDICATES DATA IS MISSING.
T  INDICATES TRACE AMOUNT.

&&

CORRECTED MULTIPLE ITEMS UNDER PRECIPITATION AND SNOWFALL

MANY DAILY RECORDS BROKEN
COLDEST AVERAGE TEMPERATURE FOR ANY MONTH
  OLD RECORD 12.1 IN FEBRUARY 1934
3RD GREATEST AVERAGE SNOW DEPTH 22.0 INCHES
  RECORD 29.0 INCHES IN FEBRUARY 1958
GREATEST NUMBER OF DAYS 0 OR LESS FOR ANY MONTH  15
  OLD RECORD 13 IN FEBRUARY 1979 AND JANUARY 1994
2ND SNOWIEST FEBRUARY AND 7TH ALL TIME
  RECORD 72.6 INCHES IN 1958

$$

TAC
