000
CXUS51 KBGM 011404
CLMSYR


CLIMATE REPORT...CORRECTED
NATIONAL WEATHER SERVICE BINGHAMTON NY
958 AM EDT TUE APR 1 2014

...................................

...THE SYRACUSE NY CLIMATE SUMMARY FOR THE MONTH OF MARCH 2014...

CLIMATE NORMAL PERIOD 1981 TO 2010
CLIMATE RECORD PERIOD 1902 TO 2014

WEATHER         OBSERVED          NORMAL  DEPART  LAST YEAR`S
                 VALUE   DATE(S)  VALUE   FROM    VALUE  DATE(S)
                                          NORMAL
................................................................
TEMPERATURE (F)
RECORD
 HIGH              87   03/30/1986
 LOW              -16   03/04/1950
HIGHEST            52   03/28        43       9       60  03/10
LOWEST             -8   03/06        25     -33       14  03/18
AVG. MAXIMUM     35.0              43.2    -8.2     40.7
AVG. MINIMUM     16.5              25.1    -8.6     26.5
MEAN             25.7              34.2    -8.5     33.6
DAYS MAX >= 90      0               0.0     0.0        0
DAYS MAX <= 32     12               5.4     6.6        7
DAYS MIN <= 32     29              23.2     5.8       27
DAYS MIN <= 0       2               0.4     1.6        0

PRECIPITATION (INCHES)
RECORD
 MAXIMUM         6.84   1955
 MINIMUM         1.01   1981
TOTALS           3.48              2.95    0.53     2.02
DAILY AVG.       0.11              0.10    0.01     0.07
DAYS >= .01        12              15.8    -3.8       14
DAYS >= .10         5               7.3    -2.3        6
DAYS >= .50         2               1.9     0.1        0
DAYS >= 1.00        2               0.2     1.8        0
GREATEST
 24 HR. TOTAL    1.68   03/12 TO 03/13

SNOWFALL (INCHES)
RECORDS
 TOTAL           54.4   1993
 24 HR TOTAL     22.1   03/13/1993 TO 03/13/1993
 SNOW DEPTH        35   03/15/1993
TOTALS           21.7              18.0     3.7     20.2
SINCE 7/1       131.6             119.9    11.7    103.4
SNOWDEPTH AVG.      5                 4       1        1
DAYS >= TRACE      22               9.9    12.1       21
DAYS >= 1.0         4               4.8    -0.8        6
GREATEST
 SNOW DEPTH        14   03/13                          8  03/23
 24 HR TOTAL     13.6   03/12 TO 03/13

DEGREE_DAYS
HEATING TOTAL    1211               957     254      964
 SINCE 7/1       6303              5788     515     5335
COOLING TOTAL       0                 0       0        0
 SINCE 1/1          0                 0       0        0
.................................................................

WIND (MPH)
AVERAGE WIND SPEED              9.6
RESULTANT WIND SPEED/DIRECTION   4/287
HIGHEST WIND SPEED/DIRECTION    33/260    DATE  03/22
HIGHEST GUST SPEED/DIRECTION    44/310    DATE  03/15

SKY COVER
POSSIBLE SUNSHINE (PERCENT)   MM
AVERAGE SKY COVER           0.80
NUMBER OF DAYS FAIR            3
NUMBER OF DAYS PC              6
NUMBER OF DAYS CLOUDY         22

AVERAGE RH (PERCENT)     68

WEATHER CONDITIONS. NUMBER OF DAYS WITH
THUNDERSTORM              0     MIXED PRECIP               0
HEAVY RAIN                1     RAIN                       4
LIGHT RAIN               10     FREEZING RAIN              2
LT FREEZING RAIN          2     HAIL                       0
HEAVY SNOW                1     SNOW                       3
LIGHT SNOW               22     SLEET                      0
FOG                      16     FOG W/VIS <= 1/4 MILE      1
HAZE                      2

-  INDICATES NEGATIVE NUMBERS.
R  INDICATES RECORD WAS SET OR TIED.
MM INDICATES DATA IS MISSING.
T  INDICATES TRACE AMOUNT.

&&
5TH COLDEST MARCH  RECORD 24.3 IN 1960

$$

TAC
