000
CXUS51 KBGM 010605
CLMSYR


CLIMATE REPORT
NATIONAL WEATHER SERVICE BINGHAMTON NY
204 AM EDT TUE SEP 1 2015

...................................

...THE SYRACUSE NY CLIMATE SUMMARY FOR THE MONTH OF AUGUST 2015...

CLIMATE NORMAL PERIOD 1981 TO 2010
CLIMATE RECORD PERIOD 1902 TO 2015

WEATHER         OBSERVED          NORMAL  DEPART  LAST YEAR`S
                 VALUE   DATE(S)  VALUE   FROM    VALUE  DATE(S)
                                          NORMAL
................................................................
TEMPERATURE (F)
RECORD
 HIGH             101   08/14/2002
 LOW               40   08/31/1965
                        08/30/1965
HIGHEST            89   08/18        79      10       86  08/11
                        08/17                             08/01
LOWEST             54   08/29        59      -5       49  08/19
                        08/28
                        08/08
AVG. MAXIMUM     80.5              80.0     0.5     79.0
AVG. MINIMUM     60.5              59.6     0.9     59.4
MEAN             70.5              69.8     0.7     69.2
DAYS MAX >= 90      0               1.7    -1.7        0
DAYS MAX <= 32      0               0.0     0.0        0
DAYS MIN <= 32      0               0.0     0.0        0
DAYS MIN <= 0       0               0.0     0.0        0

PRECIPITATION (INCHES)
RECORD
 MAXIMUM         8.41   1956
 MINIMUM         1.02   1999
TOTALS           1.91              3.57   -1.66     3.74
DAILY AVG.       0.06              0.12   -0.06     0.12
DAYS >= .01        13              10.8     2.2       11
DAYS >= .10         5               6.8    -1.8        7
DAYS >= .50         2               2.2    -0.2        3
DAYS >= 1.00        0               0.6    -0.6        0
GREATEST
 24 HR. TOTAL    0.67   08/14 TO 08/15

SNOWFALL (INCHES)
RECORDS
 TOTAL              T   2008
 24 HR TOTAL        T   08/07/2008 TO 08/07/2008
 SNOW DEPTH         0   MM
TOTALS            0.0               0.0     0.0      0.0
SINCE 7/1         0.0               0.0     0.0      0.0
SNOWDEPTH AVG.      0                MM      MM        0
DAYS >= TRACE       0               0.0     0.0        0
DAYS >= 1.0         0               0.0     0.0        0
GREATEST
 SNOW DEPTH         0   MM                             0  MM
 24 HR TOTAL      0.0   08/31 TO 08/31

DEGREE_DAYS
HEATING TOTAL       3                18     -15        9
 SINCE 7/1          8                26     -18       11
COOLING TOTAL     181               167      14      146
 SINCE 1/1        572               513      59      559
.................................................................

WIND (MPH)
AVERAGE WIND SPEED              6.5
RESULTANT WIND SPEED/DIRECTION   2/248
HIGHEST WIND SPEED/DIRECTION    37/230    DATE  08/14
HIGHEST GUST SPEED/DIRECTION    48/230    DATE  08/14

SKY COVER
POSSIBLE SUNSHINE (PERCENT)   MM
AVERAGE SKY COVER           0.60
NUMBER OF DAYS FAIR            2
NUMBER OF DAYS PC             21
NUMBER OF DAYS CLOUDY          8

AVERAGE RH (PERCENT)     73

WEATHER CONDITIONS. NUMBER OF DAYS WITH
THUNDERSTORM              0     MIXED PRECIP               0
HEAVY RAIN                1     RAIN                       6
LIGHT RAIN               15     FREEZING RAIN              0
LT FREEZING RAIN          0     HAIL                       0
HEAVY SNOW                0     SNOW                       0
LIGHT SNOW                0     SLEET                      0
FOG                      12     FOG W/VIS <= 1/4 MILE      0
HAZE                      0

-  INDICATES NEGATIVE NUMBERS.
R  INDICATES RECORD WAS SET OR TIED.
MM INDICATES DATA IS MISSING.
T  INDICATES TRACE AMOUNT.

$$
