000
CXUS51 KBGM 041657 CCA
CLMSYR

CLIMATE REPORT...CORRECTED
NATIONAL WEATHER SERVICE BINGHAMTON NY
1157 AM EST TUE FEB 4 2014

...................................

...THE SYRACUSE NY CLIMATE SUMMARY FOR THE MONTH OF JANUARY 2014...

CLIMATE NORMAL PERIOD 1981 TO 2010
CLIMATE RECORD PERIOD 1902 TO 2014

WEATHER         OBSERVED          NORMAL  DEPART  LAST YEAR`S
                 VALUE   DATE(S)  VALUE   FROM    VALUE  DATE(S)
                                          NORMAL
................................................................
TEMPERATURE (F)
RECORD
 HIGH              70   01/08/2008
                        01/25/1967
                        01/08/1998
 LOW              -26   01/26/1966
HIGHEST            55   01/11        31      24       63  01/30
LOWEST            -12   01/22        15     -27       -7  01/24
AVG. MAXIMUM     29.0              31.5    -2.5     36.3
AVG. MINIMUM     10.8              15.7    -4.9     19.1
MEAN             19.9              23.6    -3.7     27.7
DAYS MAX >= 90      0               0.0     0.0        0
DAYS MAX <= 32     19              16.3     2.7       11
DAYS MIN <= 32     30              28.2     1.8       28
DAYS MIN <= 0      10               4.0     6.0        4

PRECIPITATION (INCHES)
RECORD
 MAXIMUM         5.77   1978
 MINIMUM         1.02   1970
TOTALS           2.20              2.50   -0.30     1.71
DAILY AVG.       0.07              0.08   -0.01     0.06
DAYS >= .01        18              19.1    -1.1       17
DAYS >= .10         8               7.2     0.8        5
DAYS >= .50         1               1.1    -0.1        0
DAYS >= 1.00        0               0.2    -0.2        0
GREATEST
 24 HR. TOTAL    0.51   01/02 TO 01/03

SNOWFALL (INCHES)
RECORDS
 TOTAL           78.1   2004
 24 HR TOTAL     22.0   01/31/1966 TO 01/31/1966
 SNOW DEPTH        39   01/31/1966
TOTALS           25.3              34.0    -8.7     11.6
SINCE 7/1        68.6              76.6    -8.0     46.8
SNOWDEPTH AVG.      3                 5      -2        4
DAYS >= TRACE      22              18.4     3.6       21
DAYS >= 1.0         9               9.9    -0.9        5
GREATEST
 SNOW DEPTH         8   01/26                         15  01/04
                                                          01/02
                                                          01/01
 24 HR TOTAL      7.7   01/02

DEGREE_DAYS
HEATING TOTAL    1391              1283     108     1149
 SINCE 7/1       3866              3736     130     3267
COOLING TOTAL       0                 0       0        0
 SINCE 1/1          0                 0       0        0
.................................................................

WIND (MPH)
AVERAGE WIND SPEED              10.2
RESULTANT WIND SPEED/DIRECTION   6/237
HIGHEST WIND SPEED/DIRECTION    46/250    DATE  01/06
HIGHEST GUST SPEED/DIRECTION    52/250    DATE  01/06

SKY COVER
POSSIBLE SUNSHINE (PERCENT)   MM
AVERAGE SKY COVER           0.80
NUMBER OF DAYS FAIR            1
NUMBER OF DAYS PC              9
NUMBER OF DAYS CLOUDY         21

AVERAGE RH (PERCENT)     68

WEATHER CONDITIONS. NUMBER OF DAYS WITH
THUNDERSTORM              0     MIXED PRECIP               0
HEAVY RAIN                1     RAIN                       0
LIGHT RAIN                7     FREEZING RAIN              0
LT FREEZING RAIN          1     HAIL                       0
HEAVY SNOW                4     SNOW                       6
LIGHT SNOW               22     SLEET                      2
FOG                      18     FOG W/VIS <= 1/4 MILE      4
HAZE                      8

-  INDICATES NEGATIVE NUMBERS.
R  INDICATES RECORD WAS SET OR TIED.
MM INDICATES DATA IS MISSING.
T  INDICATES TRACE AMOUNT.

&&
CORRECTED GREATEST 24 HOUR SNOWFALL DATES
DAILY RECORD COLD TEMPERATURES ON 7TH AND 22ND.

$$

TAC
