000
CXUS51 KBGM 010857
CLMSYR


CLIMATE REPORT
NATIONAL WEATHER SERVICE BINGHAMTON NY
442 AM EDT SUN JUN 1 2014

...................................

...THE SYRACUSE NY CLIMATE SUMMARY FOR THE MONTH OF MAY 2014...

CLIMATE NORMAL PERIOD 1981 TO 2010
CLIMATE RECORD PERIOD 1902 TO 2014

WEATHER         OBSERVED          NORMAL  DEPART  LAST YEAR`S
                 VALUE   DATE(S)  VALUE   FROM    VALUE  DATE(S)
                                          NORMAL
................................................................
TEMPERATURE (F)
RECORD
 HIGH              96   05/21/1977
 LOW               25   05/07/1966
HIGHEST            86   05/27        68      18       91  05/31
LOWEST             36   05/07        46     -10       34  05/14
AVG. MAXIMUM     71.0              68.8     2.2     72.3
AVG. MINIMUM     49.7              46.4     3.3     48.4
MEAN             60.4              57.6     2.8     60.4
DAYS MAX >= 90      0               0.3    -0.3        1
DAYS MAX <= 32      0               0.0     0.0        0
DAYS MIN <= 32      0               0.4    -0.4        0
DAYS MIN <= 0       0               0.0     0.0        0

PRECIPITATION (INCHES)
RECORD
 MAXIMUM         7.86   2004
 MINIMUM         0.59   2005
TOTALS           3.71              3.22    0.49     3.91
DAILY AVG.       0.12              0.10    0.02     0.13
DAYS >= .01        13              12.9     0.1       12
DAYS >= .10         7               7.9    -0.9        9
DAYS >= .50         3               1.8     1.2        3
DAYS >= 1.00        1               0.3     0.7        1
GREATEST
 24 HR. TOTAL    1.44   05/15 TO 05/16

SNOWFALL (INCHES)
RECORDS
 TOTAL            2.1   1996
 24 HR TOTAL      2.1   05/12/1996 TO 05/12/1996
 SNOW DEPTH         1   05/12/1996
TOTALS              T               0.1    -0.1        T
SINCE 7/1       132.0             123.8     8.2    115.4
SNOWDEPTH AVG.      0                MM      MM        0
DAYS >= TRACE       1               0.1     0.9        4
DAYS >= 1.0         0               0.0     0.0        0
GREATEST
 SNOW DEPTH         T   05/18                          0  MM
 24 HR TOTAL        T   05/18 TO 05/18

DEGREE_DAYS
HEATING TOTAL     191               255     -64      189
 SINCE 7/1       7056              6590     466     6086
COOLING TOTAL      55                26      29       52
 SINCE 1/1         56                30      26       52
.................................................................

WIND (MPH)
AVERAGE WIND SPEED              7.6
RESULTANT WIND SPEED/DIRECTION   3/267
HIGHEST WIND SPEED/DIRECTION    32/160    DATE  05/15
HIGHEST GUST SPEED/DIRECTION    51/170    DATE  05/15

SKY COVER
POSSIBLE SUNSHINE (PERCENT)   MM
AVERAGE SKY COVER           0.70
NUMBER OF DAYS FAIR            2
NUMBER OF DAYS PC             10
NUMBER OF DAYS CLOUDY         19

AVERAGE RH (PERCENT)     66

WEATHER CONDITIONS. NUMBER OF DAYS WITH
THUNDERSTORM              0     MIXED PRECIP               0
HEAVY RAIN                6     RAIN                       7
LIGHT RAIN               18     FREEZING RAIN              0
LT FREEZING RAIN          0     HAIL                       1
HEAVY SNOW                0     SNOW                       0
LIGHT SNOW                0     SLEET                      0
FOG                      14     FOG W/VIS <= 1/4 MILE      0
HAZE                      1

-  INDICATES NEGATIVE NUMBERS.
R  INDICATES RECORD WAS SET OR TIED.
MM INDICATES DATA IS MISSING.
T  INDICATES TRACE AMOUNT.

&&
SNOWFALL ON MAY 18TH WAS HAIL.
TIED DAILY RECORD HIGHEST AVERAGE TEMPERATURE FOR MAY 13TH OF 73
        OLD RECORD SET IN 2004.
DAILY RECORD HIGHEST MINIMUM TEMPERATURE FOR MAY 13TH OF 63
        OLD RECORD OF 61 SET IN 2011, 1956 AND 1904
TIED DAILY RECORD HIGH TEMPERATURE FOR MAY 12TH OF 84
        OLD RECORD SET IN 1993.

$$

TAC
