000
CXUS51 KBGM 041545 AAA
CLMSYR

CLIMATE REPORT...AMENDED
NATIONAL WEATHER SERVICE BINGHAMTON NY
1145 AM EDT TUE JUN 4 2013

...................................

...THE SYRACUSE NY CLIMATE SUMMARY FOR THE MONTH OF MAY 2013...

CLIMATE NORMAL PERIOD 1981 TO 2010
CLIMATE RECORD PERIOD 1902 TO 2013

WEATHER         OBSERVED          NORMAL  DEPART  LAST YEAR`S
                 VALUE   DATE(S)  VALUE   FROM    VALUE  DATE(S)
                                          NORMAL
................................................................
TEMPERATURE (F)
RECORD
 HIGH              96   05/21/1977
 LOW               25   05/07/1966
HIGHEST            91   05/31        68      23       93  05/29
LOWEST             34   05/14        46     -12       39  05/18
AVG. MAXIMUM     72.3              68.8     3.5     75.6
AVG. MINIMUM     48.4              46.4     2.0     52.9
MEAN             60.4              57.6     2.8     64.3
DAYS MAX >= 90      1               0.3     0.7        2
DAYS MAX <= 32      0               0.0     0.0        0
DAYS MIN <= 32      0               0.4    -0.4        0
DAYS MIN <= 0       0               0.0     0.0        0

PRECIPITATION (INCHES)
RECORD
 MAXIMUM         7.86   2004
 MINIMUM         0.59   2005
TOTALS           3.91              3.22    0.69     3.15
DAILY AVG.       0.13              0.10    0.03     0.10
DAYS >= .01        12              12.9    -0.9       12
DAYS >= .10         9               7.9     1.1        5
DAYS >= .50         3               1.8     1.2        3
DAYS >= 1.00        1               0.3     0.7        1
GREATEST
 24 HR. TOTAL    1.40   05/28 TO 05/29

SNOWFALL (INCHES)
RECORDS
 TOTAL            2.1   1996
 24 HR TOTAL      2.1   05/12/1996 TO 05/12/1996
 SNOW DEPTH         1   05/12/1996
TOTALS              T               0.1    -0.1      0.0
SINCE 7/1       115.4             123.8    -8.4     50.6
SNOWDEPTH AVG.      0                MM      MM        0
DAYS >= TRACE       3               0.1     2.9        0
DAYS >= 1.0         0               0.0     0.0        0
GREATEST
 SNOW DEPTH         0   MM                             0  MM
 24 HR TOTAL        T   05/24 TO 05/24

DEGREE_DAYS
HEATING TOTAL     189               255     -66      105
 SINCE 7/1       6086              6590    -504     5113
COOLING TOTAL      52                26      26       88
 SINCE 1/1         52                30      22       95
.................................................................

WIND (MPH)
AVERAGE WIND SPEED              7.3
RESULTANT WIND SPEED/DIRECTION   1/262
HIGHEST WIND SPEED/DIRECTION    31/320    DATE  05/29
HIGHEST GUST SPEED/DIRECTION    45/310    DATE  05/29

SKY COVER
POSSIBLE SUNSHINE (PERCENT)   MM
AVERAGE SKY COVER           0.60
NUMBER OF DAYS FAIR            6
NUMBER OF DAYS PC             12
NUMBER OF DAYS CLOUDY         13

AVERAGE RH (PERCENT)     62

WEATHER CONDITIONS. NUMBER OF DAYS WITH
THUNDERSTORM              0     MIXED PRECIP               0
HEAVY RAIN                5     RAIN                       8
LIGHT RAIN               14     FREEZING RAIN              0
LT FREEZING RAIN          0     HAIL                       0
HEAVY SNOW                0     SNOW                       2
LIGHT SNOW                2     SLEET                      3
FOG                      11     FOG W/VIS <= 1/4 MILE      0
HAZE                      2

-  INDICATES NEGATIVE NUMBERS.
R  INDICATES RECORD WAS SET OR TIED.
MM INDICATES DATA IS MISSING.
T  INDICATES TRACE AMOUNT.

&&
AMENDED TO ADD RECORDS HERE
RECORD DAILY RAINFALL 5/29 1.13 INCHES  OLD RECORD 0.77" IN 1990
LATEST SNOWFALL OF A TRACE ON 5/24  OLD RECORD 5/17/1973

$$

TAC
