000
CXUS51 KBGM 021657 CCA
CLMSYR

CLIMATE REPORT...CORRECTED AND UPDATED
NATIONAL WEATHER SERVICE BINGHAMTON NY
1156 AM EST WED DEC 2 2015

...................................

...THE SYRACUSE NY CLIMATE SUMMARY FOR THE MONTH OF NOVEMBER 2015...

CLIMATE NORMAL PERIOD 1981 TO 2010
CLIMATE RECORD PERIOD 1902 TO 2015

WEATHER         OBSERVED          NORMAL  DEPART  LAST YEAR`S
                 VALUE   DATE(S)  VALUE   FROM    VALUE  DATE(S)
                                          NORMAL
................................................................
TEMPERATURE (F)
RECORD
 HIGH              81   11/01/1950
 LOW                5   11/30/1976
                        11/24/1956
HIGHEST            75   11/04        48      27       72  11/24
LOWEST             21   11/30        33     -12       19  11/19
AVG. MAXIMUM     55.4              48.4     7.0     46.2
AVG. MINIMUM     36.6              32.8     3.8     33.2
MEAN             46.0              40.6     5.4     39.7
DAYS MAX >= 90      0               0.0     0.0        0
DAYS MAX <= 32      0               1.6    -1.6        4
DAYS MIN <= 32     12              14.4    -2.4       13
DAYS MIN <= 0       0               0.0     0.0        0

PRECIPITATION (INCHES)
RECORD
 MAXIMUM         6.79   1972
 MINIMUM         0.32   1904
TOTALS           0.89              3.53   -2.64     2.30
DAILY AVG.       0.03              0.12   -0.09     0.08
DAYS >= .01        12              16.7    -4.7       15
DAYS >= .10         3               8.7    -5.7        7
DAYS >= .50         0               1.8    -1.8        1
DAYS >= 1.00        0               0.4    -0.4        0
GREATEST
 24 HR. TOTAL    0.18   11/01 TO 11/01

SNOWFALL (INCHES)
RECORDS
 TOTAL           34.2   1995
 24 HR TOTAL     11.9   11/06/1973 TO 11/06/1973
 SNOW DEPTH        14   11/07/1973
TOTALS            0.4               9.5    -9.1      8.7
SINCE 7/1         0.8               9.9    -9.1      8.7
SNOWDEPTH AVG.      0                MM      MM        1
DAYS >= TRACE       5               5.8    -0.8       14
DAYS >= 1.0         0               2.7    -2.7        3
GREATEST
 SNOW DEPTH         T   11/22                          5  11/29
                        11/23
                        11/28
 24 HR TOTAL      0.4   11/22 TO 11/23

DEGREE_DAYS
HEATING TOTAL     565               732    -167      752
 SINCE 7/1       1085              1349    -264     1185
COOLING TOTAL       0                 0       0        0
 SINCE 1/1        717               569     148      647
.................................................................

WIND (MPH)
AVERAGE WIND SPEED              8.9
RESULTANT WIND SPEED/DIRECTION   4/217
HIGHEST WIND SPEED/DIRECTION    36/260    DATE  11/01
HIGHEST GUST SPEED/DIRECTION    47/250    DATE  11/22

SKY COVER
POSSIBLE SUNSHINE (PERCENT)   MM
AVERAGE SKY COVER           0.70
NUMBER OF DAYS FAIR            6
NUMBER OF DAYS PC             10
NUMBER OF DAYS CLOUDY         14

AVERAGE RH (PERCENT)     71

WEATHER CONDITIONS. NUMBER OF DAYS WITH
THUNDERSTORM              0     MIXED PRECIP               1
HEAVY RAIN                2     RAIN                       2
LIGHT RAIN               14     FREEZING RAIN              0
LT FREEZING RAIN          0     HAIL                       0
HEAVY SNOW                0     SNOW                       1
LIGHT SNOW                5     SLEET                      2
FOG                      15     FOG W/VIS <= 1/4 MILE      0
HAZE                      1

-  INDICATES NEGATIVE NUMBERS.
R  INDICATES RECORD WAS SET OR TIED.
MM INDICATES DATA IS MISSING.
T  INDICATES TRACE AMOUNT.

&&
2ND DRIEST NOVEMBER
6TH WARMEST NOVEMBER  RECORD WARMEST 1931 48.7F
DAILY RECORD HIGH TEMPERATURES DAYS 4 AND 5

$$
