000
CXUS51 KBGM 010931
CLMSYR


CLIMATE REPORT
NATIONAL WEATHER SERVICE BINGHAMTON NY
524 AM EDT FRI NOV 1 2013

...................................

...THE SYRACUSE NY CLIMATE SUMMARY FOR THE MONTH OF OCTOBER 2013...

CLIMATE NORMAL PERIOD 1981 TO 2010
CLIMATE RECORD PERIOD 1902 TO 2013

WEATHER         OBSERVED          NORMAL  DEPART  LAST YEAR`S
                 VALUE   DATE(S)  VALUE   FROM    VALUE  DATE(S)
                                          NORMAL
................................................................
TEMPERATURE (F)
RECORD
 HIGH              87   10/07/1963
 LOW                8   10/29/2006
HIGHEST            77   10/02        60      17       76  10/25
                                                          10/05
LOWEST             24   10/29        41     -17       29  10/13
AVG. MAXIMUM     62.9              60.0     2.9     62.6
AVG. MINIMUM     44.6              41.2     3.4     45.8
MEAN             53.8              50.6     3.2     54.2
DAYS MAX >= 90      0               0.0     0.0        0
DAYS MAX <= 32      0               0.0     0.0        0
DAYS MIN <= 32      2               3.8    -1.8        2
DAYS MIN <= 0       0               0.0     0.0        0

PRECIPITATION (INCHES)
RECORD
 MAXIMUM         8.29   1955
 MINIMUM         0.21   1963
TOTALS           3.91              3.44    0.47     3.99
DAILY AVG.       0.13              0.11    0.02     0.13
DAYS >= .01        17              14.2     2.8       20
DAYS >= .10        10               8.0     2.0        9
DAYS >= .50         4               2.0     2.0        3
DAYS >= 1.00        0               0.8    -0.8        0
GREATEST
 24 HR. TOTAL    0.90   10/06 TO 10/07

SNOWFALL (INCHES)
RECORDS
 TOTAL            5.7   1988
 24 HR TOTAL      2.9   10/30/1988 TO 10/30/1988
 SNOW DEPTH         2   10/29/1965
                        10/27/1962
                        10/29/1952
TOTALS              T               0.4    -0.4      0.0
SINCE 7/1           T               0.4    -0.4      0.0
SNOWDEPTH AVG.      0                MM      MM        0
DAYS >= TRACE       4               0.5     3.5        0
DAYS >= 1.0         0               0.1    -0.1        0
GREATEST
 SNOW DEPTH         0   MM                             0  MM
 24 HR TOTAL        T   10/30 TO 10/30

DEGREE_DAYS
HEATING TOTAL     344               450    -106      328
 SINCE 7/1        522               617     -95      443
COOLING TOTAL       1                 4      -3        2
 SINCE 1/1        712               569     143      953
.................................................................

WIND (MPH)
AVERAGE WIND SPEED              6.7
RESULTANT WIND SPEED/DIRECTION   3/215
HIGHEST WIND SPEED/DIRECTION    36/250    DATE  10/07
HIGHEST GUST SPEED/DIRECTION    53/260    DATE  10/07

SKY COVER
POSSIBLE SUNSHINE (PERCENT)   MM
AVERAGE SKY COVER           0.70
NUMBER OF DAYS FAIR            1
NUMBER OF DAYS PC             14
NUMBER OF DAYS CLOUDY         16

AVERAGE RH (PERCENT)     72

WEATHER CONDITIONS. NUMBER OF DAYS WITH
THUNDERSTORM              0     MIXED PRECIP               0
HEAVY RAIN                4     RAIN                      11
LIGHT RAIN               21     FREEZING RAIN              0
LT FREEZING RAIN          0     HAIL                       1
HEAVY SNOW                0     SNOW                       1
LIGHT SNOW                0     SLEET                      1
FOG                      16     FOG W/VIS <= 1/4 MILE      2
HAZE                      1

-  INDICATES NEGATIVE NUMBERS.
R  INDICATES RECORD WAS SET OR TIED.
MM INDICATES DATA IS MISSING.
T  INDICATES TRACE AMOUNT.

$$
