000
CXUS51 KBGM 060137
CLMSYR


CLIMATE REPORT
NATIONAL WEATHER SERVICE BINGHAMTON NY
917 PM EDT MON AUG 5 2013

...................................

...THE SYRACUSE NY CLIMATE SUMMARY FOR THE MONTH OF JULY 2013...

CLIMATE NORMAL PERIOD 1981 TO 2010
CLIMATE RECORD PERIOD 1902 TO 2013

WEATHER         OBSERVED          NORMAL  DEPART  LAST YEAR`S
                 VALUE   DATE(S)  VALUE   FROM    VALUE  DATE(S)
                                          NORMAL
................................................................
TEMPERATURE (F)
RECORD
 HIGH             101   07/17/2012
                        07/21/2011
                        07/03/1966
 LOW               45   07/25/1976
                        07/20/1965
HIGHEST            95   07/19        82      13      101  07/17
LOWEST             50   07/25        60     -10       57  07/25
                                                          07/11
AVG. MAXIMUM     83.8              81.6     2.2     87.9
AVG. MINIMUM     65.1              61.0     4.1     64.5
MEAN             74.5              71.3     3.2     76.2
DAYS MAX >= 90      7               2.9     4.1       11
DAYS MAX <= 32      0               0.0     0.0        0
DAYS MIN <= 32      0               0.0     0.0        0
DAYS MIN <= 0       0               0.0     0.0        0

PRECIPITATION (INCHES)
RECORD
 MAXIMUM        10.12   2006
 MINIMUM         0.90   1969
TOTALS           3.26              3.78   -0.52     1.84
DAILY AVG.       0.11              0.12   -0.01     0.06
DAYS >= .01        17              11.3     5.7        9
DAYS >= .10         8               7.0     1.0        6
DAYS >= .50         1               2.7    -1.7        1
DAYS >= 1.00        0               0.7    -0.7        0
GREATEST
 24 HR. TOTAL    1.17   07/27 TO 07/28

SNOWFALL (INCHES)
RECORDS
 TOTAL              T   1954
 24 HR TOTAL        T   07/14/1954 TO 07/14/1954
 SNOW DEPTH         0   MM
TOTALS            0.0               0.0     0.0      0.0
SINCE 7/1         0.0               0.0     0.0      0.0
SNOWDEPTH AVG.      0                MM      MM        0
DAYS >= TRACE       0               0.0     0.0        0
DAYS >= 1.0         0               0.0     0.0        0
GREATEST
 SNOW DEPTH         0   MM                             0  MM
 24 HR TOTAL      0.0   07/31 TO 07/31

DEGREE_DAYS
HEATING TOTAL       3                 8      -5        0
 SINCE 7/1          3                 8      -5        0
COOLING TOTAL     303               203     100      357
 SINCE 1/1        479               346     133      616
.................................................................

WIND (MPH)
AVERAGE WIND SPEED              5.5
RESULTANT WIND SPEED/DIRECTION   2/256
HIGHEST WIND SPEED/DIRECTION    37/310    DATE  07/19
HIGHEST GUST SPEED/DIRECTION    46/310    DATE  07/19

SKY COVER
POSSIBLE SUNSHINE (PERCENT)   MM
AVERAGE SKY COVER           0.70
NUMBER OF DAYS FAIR            2
NUMBER OF DAYS PC             15
NUMBER OF DAYS CLOUDY         14

AVERAGE RH (PERCENT)     73

WEATHER CONDITIONS. NUMBER OF DAYS WITH
THUNDERSTORM              0     MIXED PRECIP               0
HEAVY RAIN                3     RAIN                       5
LIGHT RAIN               19     FREEZING RAIN              0
LT FREEZING RAIN          0     HAIL                       0
HEAVY SNOW                0     SNOW                       0
LIGHT SNOW                0     SLEET                      0
FOG                      14     FOG W/VIS <= 1/4 MILE      0
HAZE                      8

-  INDICATES NEGATIVE NUMBERS.
R  INDICATES RECORD WAS SET OR TIED.
MM INDICATES DATA IS MISSING.
T  INDICATES TRACE AMOUNT.

&&
RECORD DAILY AVERAGE TEMPERATURE 7/18 84  OLD RECORD 83.5 IN 1930
RECORD DAILY MINIMUM TEMPERATURE 7/18 75  OLD RECORD 74 IN 1963

$$

TAC
