000
CXUS51 KBGM 010540
CLMSYR


CLIMATE REPORT
NATIONAL WEATHER SERVICE BINGHAMTON NY
140 AM EDT TUE OCT 1 2013

...................................

...THE SYRACUSE NY CLIMATE SUMMARY FOR THE MONTH OF SEPTEMBER 2013...

CLIMATE NORMAL PERIOD 1981 TO 2010
CLIMATE RECORD PERIOD 1902 TO 2013

WEATHER         OBSERVED          NORMAL  DEPART  LAST YEAR`S
                 VALUE   DATE(S)  VALUE   FROM    VALUE  DATE(S)
                                          NORMAL
................................................................
TEMPERATURE (F)
RECORD
 HIGH              97   09/04/1953
                        09/03/1953
 LOW               28   09/30/1991
                        09/28/1965
HIGHEST            94   09/11        72      22       87  09/14
                                                          09/13
LOWEST             37   09/17        51     -14       39  09/24
AVG. MAXIMUM     72.4              72.2     0.2     74.5
AVG. MINIMUM     50.2              51.9    -1.7     52.7
MEAN             61.3              62.0    -0.7     63.6
DAYS MAX >= 90      1               0.4     0.6        0
DAYS MAX <= 32      0               0.0     0.0        0
DAYS MIN <= 32      0               0.1    -0.1        0
DAYS MIN <= 0       0               0.0     0.0        0

PRECIPITATION (INCHES)
RECORD
 MAXIMUM         8.81   1975
 MINIMUM         0.75   1964
TOTALS           3.20              3.69   -0.49     3.11
DAILY AVG.       0.11              0.12   -0.01     0.10
DAYS >= .01        13              12.1     0.9       13
DAYS >= .10         7               6.9     0.1        8
DAYS >= .50         2               2.5    -0.5        2
DAYS >= 1.00        0               0.7    -0.7        0
GREATEST
 24 HR. TOTAL    1.14   09/01 TO 09/02

SNOWFALL (INCHES)
RECORDS
 TOTAL              T   1951
                        1989
                        1992
 24 HR TOTAL        T   09/30/1992 TO 09/30/1992
                        09/26/1989 TO 09/26/1989
                        09/27/1951 TO 09/27/1951
 SNOW DEPTH         0   MM
TOTALS            0.0               0.0     0.0      0.0
SINCE 7/1         0.0               0.0     0.0      0.0
SNOWDEPTH AVG.      0                MM      MM        0
DAYS >= TRACE       0               0.0     0.0        0
DAYS >= 1.0         0               0.0     0.0        0
GREATEST
 SNOW DEPTH         0   MM                             0  MM
 24 HR TOTAL      0.0   09/30 TO 09/30

DEGREE_DAYS
HEATING TOTAL     172               141      31      114
 SINCE 7/1        178               167      11      115
COOLING TOTAL      68                52      16       78
 SINCE 1/1        711               565     146      951
.................................................................

WIND (MPH)
AVERAGE WIND SPEED              6.0
RESULTANT WIND SPEED/DIRECTION   2/248
HIGHEST WIND SPEED/DIRECTION    33/330    DATE  09/02
HIGHEST GUST SPEED/DIRECTION    44/320    DATE  09/02

SKY COVER
POSSIBLE SUNSHINE (PERCENT)   MM
AVERAGE SKY COVER           0.60
NUMBER OF DAYS FAIR            9
NUMBER OF DAYS PC             10
NUMBER OF DAYS CLOUDY         11

AVERAGE RH (PERCENT)     71

WEATHER CONDITIONS. NUMBER OF DAYS WITH
THUNDERSTORM              0     MIXED PRECIP               0
HEAVY RAIN                5     RAIN                       6
LIGHT RAIN               15     FREEZING RAIN              0
LT FREEZING RAIN          0     HAIL                       0
HEAVY SNOW                0     SNOW                       0
LIGHT SNOW                0     SLEET                      0
FOG                      14     FOG W/VIS <= 1/4 MILE      0
HAZE                      1

-  INDICATES NEGATIVE NUMBERS.
R  INDICATES RECORD WAS SET OR TIED.
MM INDICATES DATA IS MISSING.
T  INDICATES TRACE AMOUNT.

$$
