000
CXUS51 KBGM 010553
CLMSYR


CLIMATE REPORT
NATIONAL WEATHER SERVICE BINGHAMTON NY
149 AM EDT SUN SEP 1 2013

...................................

...THE SYRACUSE NY CLIMATE SUMMARY FOR THE MONTH OF AUGUST 2013...

CLIMATE NORMAL PERIOD 1981 TO 2010
CLIMATE RECORD PERIOD 1902 TO 2013

WEATHER         OBSERVED          NORMAL  DEPART  LAST YEAR`S
                 VALUE   DATE(S)  VALUE   FROM    VALUE  DATE(S)
                                          NORMAL
................................................................
TEMPERATURE (F)
RECORD
 HIGH             101   08/14/2002
 LOW               40   08/31/1965
                        08/30/1965
HIGHEST            88   08/28        79       9       97  08/04
                        08/22
                        08/08
LOWEST             51   08/06        59      -8       51  08/30
                                                          08/19
AVG. MAXIMUM     80.3              80.0     0.3     84.7
AVG. MINIMUM     59.7              59.6     0.1     61.3
MEAN             70.0              69.8     0.2     73.0
DAYS MAX >= 90      0               1.7    -1.7        7
DAYS MAX <= 32      0               0.0     0.0        0
DAYS MIN <= 32      0               0.0     0.0        0
DAYS MIN <= 0       0               0.0     0.0        0

PRECIPITATION (INCHES)
RECORD
 MAXIMUM         8.41   1956
 MINIMUM         1.02   1999
TOTALS           2.58              3.57   -0.99     2.27
DAILY AVG.       0.08              0.12   -0.04     0.07
DAYS >= .01        11              10.8     0.2        8
DAYS >= .10         8               6.8     1.2        7
DAYS >= .50         2               2.2    -0.2        1
DAYS >= 1.00        0               0.6    -0.6        0
GREATEST
 24 HR. TOTAL    0.69   08/12 TO 08/13
                        08/13 TO 08/13
                        08/13 TO 08/14

SNOWFALL (INCHES)
RECORDS
 TOTAL              T   2008
 24 HR TOTAL        T   08/07/2008 TO 08/07/2008
 SNOW DEPTH         0   MM
TOTALS            0.0               0.0     0.0      0.0
SINCE 7/1         0.0               0.0     0.0      0.0
SNOWDEPTH AVG.      0                MM      MM        0
DAYS >= TRACE       0               0.0     0.0        0
DAYS >= 1.0         0               0.0     0.0        0
GREATEST
 SNOW DEPTH         0   MM                             0  MM
 24 HR TOTAL      0.0   08/31 TO 08/31

DEGREE_DAYS
HEATING TOTAL       3                18     -15        1
 SINCE 7/1          6                26     -20        1
COOLING TOTAL     164               167      -3      257
 SINCE 1/1        643               513     130      873
.................................................................

WIND (MPH)
AVERAGE WIND SPEED              5.6
RESULTANT WIND SPEED/DIRECTION   3/255
HIGHEST WIND SPEED/DIRECTION    29/270    DATE  08/01
HIGHEST GUST SPEED/DIRECTION   270/024    DATE  08/26

SKY COVER
POSSIBLE SUNSHINE (PERCENT)   MM
AVERAGE SKY COVER           0.60
NUMBER OF DAYS FAIR            4
NUMBER OF DAYS PC             17
NUMBER OF DAYS CLOUDY         10

AVERAGE RH (PERCENT)     71

WEATHER CONDITIONS. NUMBER OF DAYS WITH
THUNDERSTORM              0     MIXED PRECIP               0
HEAVY RAIN                2     RAIN                       4
LIGHT RAIN               15     FREEZING RAIN              0
LT FREEZING RAIN          0     HAIL                       0
HEAVY SNOW                0     SNOW                       0
LIGHT SNOW                0     SLEET                      0
FOG                      14     FOG W/VIS <= 1/4 MILE      1
HAZE                      1

-  INDICATES NEGATIVE NUMBERS.
R  INDICATES RECORD WAS SET OR TIED.
MM INDICATES DATA IS MISSING.
T  INDICATES TRACE AMOUNT.

$$
