000
CXUS51 KBGM 012103
CLMSYR


CLIMATE REPORT
NATIONAL WEATHER SERVICE BINGHAMTON NY
349 PM EST WED JAN 1 2014

...................................

...THE SYRACUSE NY CLIMATE SUMMARY FOR THE YEAR OF 2013...

CLIMATE NORMAL PERIOD 1981 TO 2010
CLIMATE RECORD PERIOD 1902 TO 2013

WEATHER         OBSERVED          NORMAL  DEPART  LAST YEAR`S
                 VALUE   DATE(S)  VALUE   FROM    VALUE  DATE(S)
                                          NORMAL
................................................................
TEMPERATURE (F)
RECORD
 HIGH             101   07/17/2012
                        07/21/2011
                        08/14/2002
 LOW              -26   02/18/1979
                        01/26/1966
HIGHEST            95   07/19        57      38      101  07/17
LOWEST             -7   01/24        38     -45       -5  01/15
AVG. MAXIMUM     57.9              57.7     0.2     62.2
AVG. MINIMUM     39.6              39.0     0.6     42.8
MEAN             48.7              48.3     0.4     52.5
DAYS MAX >= 90     12               6.8     5.2       26
DAYS MAX <= 32     49              45.7     3.3       18
DAYS MIN <= 32    136             129.5     6.5      115
DAYS MIN <= 0       6               7.1    -1.1        2

PRECIPITATION (INCHES)
RECORD
 MAXIMUM        58.17   1976
 MINIMUM        27.10   1964
TOTALS          40.42             38.47    1.95    35.11
DAILY AVG.       0.11              0.11    0.00     0.09
DAYS >= .01       191             173.6    17.4      166
DAYS >= .10        99              89.7     9.3       88
DAYS >= .50        25              22.7     2.3       20
DAYS >= 1.00        3               5.3    -2.3        3
GREATEST
 24 HR. TOTAL    2.58   06/07 TO 06/07

SNOWFALL (INCHES)
RECORDS
 TOTAL          192.1   1992
 24 HR TOTAL     22.1   03/13/1993 TO 03/13/1993
 SNOW DEPTH        48   02/01/1966
                        02/21/1958
                        02/20/1958
TOTALS          123.5             123.8    -0.3     78.6
SINCE 7/1        43.3              42.6     0.7     35.2
SNOWDEPTH AVG.      1                MM      MM        0
DAYS >= TRACE     122              66.4    55.6       80
DAYS >= 1.0        35              34.5     0.5       20
GREATEST
 SNOW DEPTH        15   01/04                         19  12/30
                        01/01
                        01/02
 24 HR TOTAL     11.2   02/01 TO 02/02

DEGREE_DAYS
HEATING TOTAL    6504              6651    -147     5394
 SINCE 7/1       2475              2453      22     2128
COOLING TOTAL     712               570     142      953
 SINCE 1/1        712               569     143      953

FREEZE DATES
RECORD
 EARLIEST     09/23/1963
 LATEST       05/24/1963
EARLIEST                        10/14
LATEST                          04/29
..................................................

WIND (MPH)
AVERAGE WIND SPEED              7.9
RESULTANT WIND SPEED/DIRECTION   3/252
HIGHEST WIND SPEED/DIRECTION    40/260    DATE  01/20
HIGHEST GUST SPEED/DIRECTION   270/024    DATE  08/26

SKY COVER
POSSIBLE SUNSHINE (PERCENT)   MM
AVERAGE SKY COVER           0.80
NUMBER OF DAYS FAIR           26
NUMBER OF DAYS PC            127
NUMBER OF DAYS CLOUDY        212

AVERAGE RH (PERCENT)     69

WEATHER CONDITIONS. NUMBER OF DAYS WITH
THUNDERSTORM              0     MIXED PRECIP               4
HEAVY RAIN               29     RAIN                      65
LIGHT RAIN              170     FREEZING RAIN              1
LT FREEZING RAIN          8     HAIL                       4
HEAVY SNOW               13     SNOW                      45
LIGHT SNOW              109     SLEET                     14
FOG                     187     FOG W/VIS <= 1/4 MILE     14
HAZE                     45

-  INDICATES NEGATIVE NUMBERS.
R  INDICATES RECORD WAS SET OR TIED.
MM INDICATES DATA IS MISSING.
T  INDICATES TRACE AMOUNT.

$$
