000
CXUS51 KBGM 010621
CLMSYR


CLIMATE REPORT
NATIONAL WEATHER SERVICE BINGHAMTON NY
114 AM EST MON DEC 1 2014

...................................

...THE SYRACUSE NY CLIMATE SUMMARY FOR THE MONTH OF NOVEMBER 2014...

CLIMATE NORMAL PERIOD 1981 TO 2010
CLIMATE RECORD PERIOD 1902 TO 2014

WEATHER         OBSERVED          NORMAL  DEPART  LAST YEAR`S
                 VALUE   DATE(S)  VALUE   FROM    VALUE  DATE(S)
                                          NORMAL
................................................................
TEMPERATURE (F)
RECORD
 HIGH              81   11/01/1950
 LOW                5   11/30/1976
                        11/24/1956
HIGHEST            72   11/24        48      24       69  11/01
LOWEST             19   11/19        33     -14        7  11/30
AVG. MAXIMUM     46.2              48.4    -2.2     46.0
AVG. MINIMUM     33.2              32.8     0.4     29.3
MEAN             39.7              40.6    -0.9     37.7
DAYS MAX >= 90      0               0.0     0.0        0
DAYS MAX <= 32      4               1.6     2.4        3
DAYS MIN <= 32     13              14.4    -1.4       16
DAYS MIN <= 0       0               0.0     0.0        0

PRECIPITATION (INCHES)
RECORD
 MAXIMUM         6.79   1972
 MINIMUM         1.25   1978
TOTALS           2.30              3.53   -1.23     3.84
DAILY AVG.       0.08              0.12   -0.04     0.13
DAYS >= .01        15              16.7    -1.7       19
DAYS >= .10         7               8.7    -1.7        9
DAYS >= .50         1               1.8    -0.8        3
DAYS >= 1.00        0               0.4    -0.4        0
GREATEST
 24 HR. TOTAL    0.62   11/17 TO 11/17

SNOWFALL (INCHES)
RECORDS
 TOTAL           34.2   1995
 24 HR TOTAL     11.9   11/06/1973 TO 11/06/1973
 SNOW DEPTH        14   11/07/1973
TOTALS            8.7               9.5    -0.8     14.3
SINCE 7/1         8.7               9.9    -1.2     14.3
SNOWDEPTH AVG.      1                MM      MM        1
DAYS >= TRACE      14               5.8     8.2       15
DAYS >= 1.0         3               2.7     0.3        4
GREATEST
 SNOW DEPTH         5   11/29                          6  11/24
 24 HR TOTAL      2.6   MM

DEGREE_DAYS
HEATING TOTAL     752               732      20      811
 SINCE 7/1       1185              1349    -164     1333
COOLING TOTAL       0                 0       0        0
 SINCE 1/1        647               569      78      712
.................................................................

WIND (MPH)
AVERAGE WIND SPEED              10.8
RESULTANT WIND SPEED/DIRECTION   6/232
HIGHEST WIND SPEED/DIRECTION    33/240    DATE  11/18
HIGHEST GUST SPEED/DIRECTION    44/240    DATE  11/18

SKY COVER
POSSIBLE SUNSHINE (PERCENT)   MM
AVERAGE SKY COVER           0.80
NUMBER OF DAYS FAIR            0
NUMBER OF DAYS PC              7
NUMBER OF DAYS CLOUDY         23

AVERAGE RH (PERCENT)     65

WEATHER CONDITIONS. NUMBER OF DAYS WITH
THUNDERSTORM              0     MIXED PRECIP               0
HEAVY RAIN                1     RAIN                       3
LIGHT RAIN               14     FREEZING RAIN              0
LT FREEZING RAIN          0     HAIL                       0
HEAVY SNOW                1     SNOW                       3
LIGHT SNOW               14     SLEET                      2
FOG                      14     FOG W/VIS <= 1/4 MILE      1
HAZE                      3

-  INDICATES NEGATIVE NUMBERS.
R  INDICATES RECORD WAS SET OR TIED.
MM INDICATES DATA IS MISSING.
T  INDICATES TRACE AMOUNT.

&&
RECORD HIGH TEMPERATURE OF 72 WAS SET ON 11/24


$$
