000
CXUS51 KBGM 030115 CCA
CLMSYR

CLIMATE REPORT...CORRECTED
NATIONAL WEATHER SERVICE BINGHAMTON NY
915 PM EDT SAT APR 2 2016

...................................

...THE SYRACUSE NY CLIMATE SUMMARY FOR THE MONTH OF MARCH 2016...

CLIMATE NORMAL PERIOD 1981 TO 2010
CLIMATE RECORD PERIOD 1902 TO 2016

WEATHER         OBSERVED          NORMAL  DEPART  LAST YEAR`S
                 VALUE   DATE(S)  VALUE   FROM    VALUE  DATE(S)
                                          NORMAL
................................................................
TEMPERATURE (F)
RECORD
 HIGH              87   03/30/1986
 LOW              -16   03/04/1950
HIGHEST            78   03/09        43      35       51  03/16
LOWEST              8   03/03        25     -17       -7  03/01
AVG. MAXIMUM     50.7              43.2     7.5     35.8
AVG. MINIMUM     28.7              25.1     3.6     18.1
MEAN             39.7              34.2     5.5     27.0
DAYS MAX >= 90      0               0.0     0.0        0
DAYS MAX <= 32      3               5.4    -2.4       11
DAYS MIN <= 32     20              23.2    -3.2       27
DAYS MIN <= 0       0               0.4    -0.4        3

PRECIPITATION (INCHES)
RECORD
 MAXIMUM         6.84   1955
 MINIMUM         1.01   1981
TOTALS           2.45              2.95   -0.50     1.52
DAILY AVG.       0.08              0.10   -0.02     0.05
DAYS >= .01        14              15.8    -1.8       16
DAYS >= .10         7               7.3    -0.3        7
DAYS >= .50         1               1.9    -0.9        0
DAYS >= 1.00        0               0.2    -0.2        0
GREATEST
 24 HR. TOTAL    0.79   03/10 TO 03/11

SNOWFALL (INCHES)
RECORDS
 TOTAL           54.4   1993
 24 HR TOTAL     22.1   03/13/1993 TO 03/13/1993
 SNOW DEPTH        35   03/15/1993
TOTALS            5.4              18.0   -12.6     12.3
SINCE 7/1        72.2             119.9   -47.7    119.1
SNOWDEPTH AVG.      0                 4      -4       13
DAYS >= TRACE       8               9.9    -1.9       20
DAYS >= 1.0         1               4.8    -3.8        5
GREATEST
 SNOW DEPTH         4   03/03                         29  03/04
                                                          03/02
 24 HR TOTAL      5.1   03/02 TO 03/03

DEGREE_DAYS
HEATING TOTAL     775               957    -182     1169
 SINCE 7/1       4874              5788    -914     6394
COOLING TOTAL       0                 0       0        0
 SINCE 1/1          0                 0       0        0
.................................................................

WIND (MPH)
AVERAGE WIND SPEED              8.6
RESULTANT WIND SPEED/DIRECTION   2/262
HIGHEST WIND SPEED/DIRECTION    39/250    DATE  03/02
HIGHEST GUST SPEED/DIRECTION    49/280    DATE  03/02

SKY COVER
POSSIBLE SUNSHINE (PERCENT)   MM
AVERAGE SKY COVER           0.80
NUMBER OF DAYS FAIR            1
NUMBER OF DAYS PC              9
NUMBER OF DAYS CLOUDY         21

AVERAGE RH (PERCENT)     68

WEATHER CONDITIONS. NUMBER OF DAYS WITH
THUNDERSTORM              0     MIXED PRECIP               0
HEAVY RAIN                2     RAIN                       3
LIGHT RAIN               17     FREEZING RAIN              0
LT FREEZING RAIN          0     HAIL                       0
HEAVY SNOW                0     SNOW                       2
LIGHT SNOW                7     SLEET                      1
FOG                      12     FOG W/VIS <= 1/4 MILE      1
HAZE                      0

-  INDICATES NEGATIVE NUMBERS.
R  INDICATES RECORD WAS SET OR TIED.
MM INDICATES DATA IS MISSING.
T  INDICATES TRACE AMOUNT.

&&
CORRECTED GREATEST 24 HOUR SNOWFALL
13TH WARMEST MARCH SINCE 1902
7TH LOWEST SNOWFALL AT AIRPORT SINCE 1951
$$
