000
CXUS51 KBGM 101521 CCA
CLMSYR

CLIMATE REPORT...CORRECTED
NATIONAL WEATHER SERVICE BINGHAMTON NY
1120 AM EDT MON JUL 10 2017

...................................

...THE SYRACUSE NY CLIMATE SUMMARY FOR THE MONTH OF JUNE 2017...

CLIMATE NORMAL PERIOD 1981 TO 2010
CLIMATE RECORD PERIOD 1902 TO 2017

WEATHER         OBSERVED          NORMAL  DEPART  LAST YEAR`S
                 VALUE   DATE(S)  VALUE   FROM    VALUE  DATE(S)
                                          NORMAL
................................................................
TEMPERATURE (F)
RECORD
 HIGH              98   06/21/1953
 LOW               35   06/01/1966
HIGHEST            90   06/18        77      13       90  06/26
                        06/12                             06/20
LOWEST             45   06/07        55     -10       44  06/14
                        06/04
AVG. MAXIMUM     75.5              77.5    -2.0     77.7
AVG. MINIMUM     56.3              56.0     0.3     54.9
MEAN             65.9              66.7    -0.8     66.3
DAYS MAX >= 90      2               1.5     0.5        2
DAYS MAX <= 32      0               0.0     0.0        0
DAYS MIN <= 32      0               0.0     0.0        0
DAYS MIN <= 0       0               0.0     0.0        0

PRECIPITATION (INCHES)
RECORD
 MAXIMUM        15.92   1922
 MINIMUM         1.00   1995
TOTALS           4.69              3.31    1.38     1.95
DAILY AVG.       0.16              0.11    0.05     0.07
DAYS >= .01        17              12.1     4.9        7
DAYS >= .10        13               7.4     5.6        5
DAYS >= .50         4               2.1     1.9        1
DAYS >= 1.00        0               0.5    -0.5        0
GREATEST
 24 HR. TOTAL    0.89   06/05 TO 06/06

SNOWFALL (INCHES)
RECORDS
 TOTAL              T   2016
                        2008
 24 HR TOTAL        T   06/07/2016 TO 06/07/2016
                        06/16/2008 TO 06/16/2008
 SNOW DEPTH         T   06/16/2008
TOTALS            0.0               0.0     0.0        T
SINCE 7/1       134.9             123.8    11.1     80.3
SNOWDEPTH AVG.      0                MM      MM        0
DAYS >= TRACE       0               0.0     0.0        1
DAYS >= 1.0         0               0.0     0.0        0
GREATEST
 SNOW DEPTH         0   MM                             0  MM
 24 HR TOTAL      0.0   06/30 TO 06/30

DEGREE_DAYS
HEATING TOTAL      71                61      10       53
 SINCE 7/1       6138              6651    -513     5851
COOLING TOTAL     103               113     -10      101
 SINCE 1/1        135               143      -8      157
.................................................................

WIND (MPH)
AVERAGE WIND SPEED              7.7
RESULTANT WIND SPEED/DIRECTION   4/243
HIGHEST WIND SPEED/DIRECTION    30/250    DATE  06/27
HIGHEST GUST SPEED/DIRECTION    37/250    DATE  06/27

SKY COVER
POSSIBLE SUNSHINE (PERCENT)   MM
AVERAGE SKY COVER           0.70
NUMBER OF DAYS FAIR            1
NUMBER OF DAYS PC             19
NUMBER OF DAYS CLOUDY         10

AVERAGE RH (PERCENT)     73

WEATHER CONDITIONS. NUMBER OF DAYS WITH
THUNDERSTORM              9     MIXED PRECIP               0
HEAVY RAIN                7     RAIN                       7
LIGHT RAIN               21     FREEZING RAIN              0
LT FREEZING RAIN          0     HAIL                       0
HEAVY SNOW                0     SNOW                       0
LIGHT SNOW                0     SLEET                      0
FOG                      15     FOG W/VIS <= 1/4 MILE      0
HAZE                      1

-  INDICATES NEGATIVE NUMBERS.
R  INDICATES RECORD WAS SET OR TIED.
MM INDICATES DATA IS MISSING.
T  INDICATES TRACE AMOUNT.

&&
CORRECTED 24 HOUR GREATEST PRECIPITATION AND
  NUMBER OF THUNDERSTORM DAYS
$$

TAC
