000
CXUS51 KBGM 012122
CLMSYR


CLIMATE REPORT
NATIONAL WEATHER SERVICE BINGHAMTON NY
516 PM EDT SAT AUG 1 2015

...................................

...THE SYRACUSE NY CLIMATE SUMMARY FOR THE MONTH OF JULY 2015...

CLIMATE NORMAL PERIOD 1981 TO 2010
CLIMATE RECORD PERIOD 1902 TO 2015

WEATHER         OBSERVED          NORMAL  DEPART  LAST YEAR`S
                 VALUE   DATE(S)  VALUE   FROM    VALUE  DATE(S)
                                          NORMAL
................................................................
TEMPERATURE (F)
RECORD
 HIGH             101   07/17/2012
                        07/21/2011
                        07/03/1966
 LOW               45   07/25/1976
                        07/20/1965
HIGHEST            91   07/29        82       9       94  07/01
                        07/19
LOWEST             49   07/03        60     -11       52  07/30
                                                          07/11
AVG. MAXIMUM     81.2              81.6    -0.4     81.5
AVG. MINIMUM     60.8              61.0    -0.2     61.3
MEAN             71.0              71.3    -0.3     71.4
DAYS MAX >= 90      2               2.9    -0.9        2
DAYS MAX <= 32      0               0.0     0.0        0
DAYS MIN <= 32      0               0.0     0.0        0
DAYS MIN <= 0       0               0.0     0.0        0

PRECIPITATION (INCHES)
RECORD
 MAXIMUM        10.12   2006
 MINIMUM         0.90   1969
TOTALS           3.37              3.78   -0.41     5.18
DAILY AVG.       0.11              0.12   -0.01     0.17
DAYS >= .01        12              11.3     0.7       15
DAYS >= .10         8               7.0     1.0       10
DAYS >= .50         2               2.7    -0.7        3
DAYS >= 1.00        0               0.7    -0.7        1
GREATEST
 24 HR. TOTAL    3.42   06/30 TO 07/01

SNOWFALL (INCHES)
RECORDS
 TOTAL              T   1954
 24 HR TOTAL        T   07/14/1954 TO 07/14/1954
 SNOW DEPTH         0   MM
TOTALS            0.0               0.0     0.0      0.0
SINCE 7/1         0.0               0.0     0.0      0.0
SNOWDEPTH AVG.      0                MM      MM        0
DAYS >= TRACE       0               0.0     0.0        0
DAYS >= 1.0         0               0.0     0.0        0
GREATEST
 SNOW DEPTH         0   MM                             0  MM
 24 HR TOTAL      0.0   07/31 TO 07/31

DEGREE_DAYS
HEATING TOTAL       5                 8      -3        2
 SINCE 7/1          5                 8      -3        2
COOLING TOTAL     197               203      -6      210
 SINCE 1/1        391               346      45      413
.................................................................

WIND (MPH)
AVERAGE WIND SPEED              6.6
RESULTANT WIND SPEED/DIRECTION   3/259
HIGHEST WIND SPEED/DIRECTION    36/250    DATE  07/07
HIGHEST GUST SPEED/DIRECTION    43/250    DATE  07/07

SKY COVER
POSSIBLE SUNSHINE (PERCENT)   MM
AVERAGE SKY COVER           0.60
NUMBER OF DAYS FAIR            5
NUMBER OF DAYS PC             19
NUMBER OF DAYS CLOUDY          7

AVERAGE RH (PERCENT)     72

WEATHER CONDITIONS. NUMBER OF DAYS WITH
THUNDERSTORM              0     MIXED PRECIP               0
HEAVY RAIN                4     RAIN                       7
LIGHT RAIN               15     FREEZING RAIN              0
LT FREEZING RAIN          0     HAIL                       0
HEAVY SNOW                0     SNOW                       0
LIGHT SNOW                0     SLEET                      0
FOG                      17     FOG W/VIS <= 1/4 MILE      0
HAZE                      6

-  INDICATES NEGATIVE NUMBERS.
R  INDICATES RECORD WAS SET OR TIED.
MM INDICATES DATA IS MISSING.
T  INDICATES TRACE AMOUNT.

$$
