000
CXUS51 KBGM 021952 CCA
CLMSYR

CLIMATE REPORT...CORRECTED
NATIONAL WEATHER SERVICE BINGHAMTON NY
352 PM EDT TUE AUG 2 2016

...................................

...THE SYRACUSE NY CLIMATE SUMMARY FOR THE MONTH OF JULY 2016...

CLIMATE NORMAL PERIOD 1981 TO 2010
CLIMATE RECORD PERIOD 1902 TO 2016

WEATHER         OBSERVED          NORMAL  DEPART  LAST YEAR`S
                 VALUE   DATE(S)  VALUE   FROM    VALUE  DATE(S)
                                          NORMAL
................................................................
TEMPERATURE (F)
RECORD
 HIGH             101   07/17/2012
                        07/21/2011
                        07/03/1966
 LOW               45   07/25/1976
                        07/20/1965
HIGHEST            94   07/13        82      12       91  07/29
                                                          07/19
LOWEST             54   07/20        60      -6       49  07/03
AVG. MAXIMUM     83.7              81.6     2.1     81.2
AVG. MINIMUM     63.0              61.0     2.0     60.8
MEAN             73.3              71.3     2.0     71.0
DAYS MAX >= 90      4               2.9     1.1        2
DAYS MAX <= 32      0               0.0     0.0        0
DAYS MIN <= 32      0               0.0     0.0        0
DAYS MIN <= 0       0               0.0     0.0        0

PRECIPITATION (INCHES)
RECORD
 MAXIMUM        10.12   2006
 MINIMUM         0.90   1969
TOTALS           2.65              3.78   -1.13     3.37
DAILY AVG.       0.09              0.12   -0.03     0.11
DAYS >= .01         9              11.3    -2.3       12
DAYS >= .10         4               7.0    -3.0        8
DAYS >= .50         2               2.7    -0.7        2
DAYS >= 1.00        1               0.7     0.3        0
GREATEST
 24 HR. TOTAL    1.29   07/25 TO 07/25
                        07/24 TO 07/25
                        07/25 TO 07/25

SNOWFALL (INCHES)
RECORDS
 TOTAL              T   1954
 24 HR TOTAL        T   07/14/1954 TO 07/14/1954
 SNOW DEPTH         0   MM
TOTALS            0.0               0.0     0.0      0.0
SINCE 7/1         0.0               0.0     0.0      0.0
SNOWDEPTH AVG.      0                MM      MM        0
DAYS >= TRACE       0               0.0     0.0        0
DAYS >= 1.0         0               0.0     0.0        0
GREATEST
 SNOW DEPTH         0   MM                             0  MM
 24 HR TOTAL      0.0   07/31 TO 07/31

DEGREE_DAYS
HEATING TOTAL       0                 8      -8        5
 SINCE 7/1          0                 8      -8        5
COOLING TOTAL     265               203      62      197
 SINCE 1/1        422               346      76      391
.................................................................

WIND (MPH)
AVERAGE WIND SPEED              7.0
RESULTANT WIND SPEED/DIRECTION   3/265
HIGHEST WIND SPEED/DIRECTION    33/300    DATE  07/15
HIGHEST GUST SPEED/DIRECTION    44/290    DATE  07/15

SKY COVER
POSSIBLE SUNSHINE (PERCENT)   MM
AVERAGE SKY COVER           0.60
NUMBER OF DAYS FAIR            3
NUMBER OF DAYS PC             23
NUMBER OF DAYS CLOUDY          5

AVERAGE RH (PERCENT)     68

WEATHER CONDITIONS. NUMBER OF DAYS WITH
THUNDERSTORM              5     MIXED PRECIP               0
HEAVY RAIN                4     RAIN                       2
LIGHT RAIN               13     FREEZING RAIN              0
LT FREEZING RAIN          0     HAIL                       0
HEAVY SNOW                0     SNOW                       0
LIGHT SNOW                0     SLEET                      0
FOG                      10     FOG W/VIS <= 1/4 MILE      0
HAZE                      1

-  INDICATES NEGATIVE NUMBERS.
R  INDICATES RECORD WAS SET OR TIED.
MM INDICATES DATA IS MISSING.
T  INDICATES TRACE AMOUNT.

&&
CORRECTED TEMPERATURES, COOLING DEGREE DAYS, AVERAGE WIND SPEED,
AND THUNDERSTORM DAYS
23RD WARMEST JULY
$$

TAC
