000
CXUS51 KBGM 010548
CLMSYR


CLIMATE REPORT
NATIONAL WEATHER SERVICE BINGHAMTON NY
147 AM EDT FRI MAY 1 2015

...................................

...THE SYRACUSE NY CLIMATE SUMMARY FOR THE MONTH OF APRIL 2015...

CLIMATE NORMAL PERIOD 1981 TO 2010
CLIMATE RECORD PERIOD 1902 TO 2015

WEATHER         OBSERVED          NORMAL  DEPART  LAST YEAR`S
                 VALUE   DATE(S)  VALUE   FROM    VALUE  DATE(S)
                                          NORMAL
................................................................
TEMPERATURE (F)
RECORD
 HIGH              92   04/28/1990
 LOW                9   04/07/1972
HIGHEST            81   04/13        56      25       83  04/13
LOWEST             21   04/01        36     -15       22  04/16
AVG. MAXIMUM     56.9              57.2    -0.3     57.5
AVG. MINIMUM     35.9              36.6    -0.7     34.1
MEAN             46.4              46.9    -0.5     45.8
DAYS MAX >= 90      0               0.0     0.0        0
DAYS MAX <= 32      0               0.2    -0.2        0
DAYS MIN <= 32     10               8.9     1.1       12
DAYS MIN <= 0       0               0.0     0.0        0

PRECIPITATION (INCHES)
RECORD
 MAXIMUM         8.53   2011
 MINIMUM         0.84   2010
TOTALS           2.79              3.19   -0.40     4.64
DAILY AVG.       0.09              0.11   -0.02     0.15
DAYS >= .01        16              14.0     2.0       16
DAYS >= .10        10               8.1     1.9       11
DAYS >= .50         1               2.1    -1.1        3
DAYS >= 1.00        0               0.3    -0.3        2
GREATEST
 24 HR. TOTAL    0.57   04/08 TO 04/08

SNOWFALL (INCHES)
RECORDS
 TOTAL           16.4   1983
 24 HR TOTAL     10.5   04/02/2013 TO 04/02/2013
 SNOW DEPTH         8   04/03/2013
TOTALS            0.6               3.8    -3.2      0.4
SINCE 7/1       119.7             123.7    -4.0    132.0
SNOWDEPTH AVG.      0                MM      MM        0
DAYS >= TRACE       5               2.6     2.4        3
DAYS >= 1.0         0               1.5    -1.5        0
GREATEST
 SNOW DEPTH         T   04/24                          0  MM
 24 HR TOTAL      0.5   04/23 TO 04/23

DEGREE_DAYS
HEATING TOTAL     549               547       2      567
 SINCE 7/1       6942              6335     607     6870
COOLING TOTAL       0                 4      -4        1
 SINCE 1/1          0                 4      -4        1
.................................................................

WIND (MPH)
AVERAGE WIND SPEED              9.7
RESULTANT WIND SPEED/DIRECTION   3/280
HIGHEST WIND SPEED/DIRECTION    31/180    DATE  04/13
HIGHEST GUST SPEED/DIRECTION    41/280    DATE  04/21

SKY COVER
POSSIBLE SUNSHINE (PERCENT)   MM
AVERAGE SKY COVER           0.70
NUMBER OF DAYS FAIR            5
NUMBER OF DAYS PC              9
NUMBER OF DAYS CLOUDY         16

AVERAGE RH (PERCENT)     62

WEATHER CONDITIONS. NUMBER OF DAYS WITH
THUNDERSTORM              0     MIXED PRECIP               0
HEAVY RAIN                2     RAIN                       8
LIGHT RAIN               19     FREEZING RAIN              0
LT FREEZING RAIN          1     HAIL                       0
HEAVY SNOW                0     SNOW                       1
LIGHT SNOW                4     SLEET                      1
FOG                      16     FOG W/VIS <= 1/4 MILE      0
HAZE                      3

-  INDICATES NEGATIVE NUMBERS.
R  INDICATES RECORD WAS SET OR TIED.
MM INDICATES DATA IS MISSING.
T  INDICATES TRACE AMOUNT.

$$
