000
CXUS51 KBGM 010843
CLMSYR


CLIMATE REPORT
NATIONAL WEATHER SERVICE BINGHAMTON NY
436 AM EDT TUE JUL 1 2014

...................................

...THE SYRACUSE NY CLIMATE SUMMARY FOR THE MONTH OF JUNE 2014...

CLIMATE NORMAL PERIOD 1981 TO 2010
CLIMATE RECORD PERIOD 1902 TO 2014

WEATHER         OBSERVED          NORMAL  DEPART  LAST YEAR`S
                 VALUE   DATE(S)  VALUE   FROM    VALUE  DATE(S)
                                          NORMAL
................................................................
TEMPERATURE (F)
RECORD
 HIGH              98   06/21/1953
 LOW               35   06/01/1966
HIGHEST            90   06/29        77      13       91  06/24
                        06/17                             06/23
                        06/02
LOWEST             48   06/01        55      -7       46  06/20
AVG. MAXIMUM     79.6              77.5     2.1     76.0
AVG. MINIMUM     58.1              56.0     2.1     57.6
MEAN             68.8              66.7     2.1     66.8
DAYS MAX >= 90      3               1.5     1.5        3
DAYS MAX <= 32      0               0.0     0.0        0
DAYS MIN <= 32      0               0.0     0.0        0
DAYS MIN <= 0       0               0.0     0.0        0

PRECIPITATION (INCHES)
RECORD
 MAXIMUM        12.30   1972
 MINIMUM         1.00   1995
TOTALS           2.74              3.31   -0.57     6.80
DAILY AVG.       0.09              0.11   -0.02     0.23
DAYS >= .01        11              12.1    -1.1       16
DAYS >= .10         6               7.4    -1.4       10
DAYS >= .50         2               2.1    -0.1        4
DAYS >= 1.00        0               0.5    -0.5        2
GREATEST
 24 HR. TOTAL    1.37   06/24 TO 06/25

SNOWFALL (INCHES)
RECORDS
 TOTAL              T   2008
 24 HR TOTAL        T   06/16/2008 TO 06/16/2008
 SNOW DEPTH         T   06/16/2008
TOTALS            0.0               0.0     0.0      0.0
SINCE 7/1       132.0             123.8     8.2    115.4
SNOWDEPTH AVG.      0                MM      MM        0
DAYS >= TRACE       0               0.0     0.0        0
DAYS >= 1.0         0               0.0     0.0        0
GREATEST
 SNOW DEPTH         0   MM                             0  MM
 24 HR TOTAL      0.0   06/30 TO 06/30

DEGREE_DAYS
HEATING TOTAL      23                61     -38       61
 SINCE 7/1       7079              6651     428     6147
COOLING TOTAL     147               113      34      124
 SINCE 1/1        203               143      60      176
.................................................................

WIND (MPH)
AVERAGE WIND SPEED              6.1
RESULTANT WIND SPEED/DIRECTION   1/245
HIGHEST WIND SPEED/DIRECTION    29/280    DATE  06/17
HIGHEST GUST SPEED/DIRECTION    41/280    DATE  06/17

SKY COVER
POSSIBLE SUNSHINE (PERCENT)   MM
AVERAGE SKY COVER           0.70
NUMBER OF DAYS FAIR            3
NUMBER OF DAYS PC             14
NUMBER OF DAYS CLOUDY         13

AVERAGE RH (PERCENT)     69

WEATHER CONDITIONS. NUMBER OF DAYS WITH
THUNDERSTORM              0     MIXED PRECIP               0
HEAVY RAIN                3     RAIN                       6
LIGHT RAIN               13     FREEZING RAIN              0
LT FREEZING RAIN          0     HAIL                       0
HEAVY SNOW                0     SNOW                       0
LIGHT SNOW                0     SLEET                      0
FOG                      14     FOG W/VIS <= 1/4 MILE      0
HAZE                      2

-  INDICATES NEGATIVE NUMBERS.
R  INDICATES RECORD WAS SET OR TIED.
MM INDICATES DATA IS MISSING.
T  INDICATES TRACE AMOUNT.

$$
