000
CXUS51 KBGM 030233 CCA
CLMSYR

CLIMATE REPORT...CORRECTED
NATIONAL WEATHER SERVICE BINGHAMTON NY
1032 PM EDT FRI JUN 2 2017

...................................

...THE SYRACUSE NY CLIMATE SUMMARY FOR THE MONTH OF MAY 2017...

CLIMATE NORMAL PERIOD 1981 TO 2010
CLIMATE RECORD PERIOD 1902 TO 2017

WEATHER         OBSERVED          NORMAL  DEPART  LAST YEAR`S
                 VALUE   DATE(S)  VALUE   FROM    VALUE  DATE(S)
                                          NORMAL
................................................................
TEMPERATURE (F)
RECORD
 HIGH              96   05/21/1977
 LOW               25   05/07/1966
HIGHEST            88   05/18        68      20       91  05/28
                        05/17
LOWEST             30   05/10        46     -16       33  05/10
AVG. MAXIMUM     65.5              68.8    -3.3     69.8
AVG. MINIMUM     46.0              46.4    -0.4     46.6
MEAN             55.7              57.6    -1.9     58.2
DAYS MAX >= 90      0               0.3    -0.3        1
DAYS MAX <= 32      0               0.0     0.0        0
DAYS MIN <= 32      1               0.4     0.6        0
DAYS MIN <= 0       0               0.0     0.0        0

PRECIPITATION (INCHES)
RECORD
 MAXIMUM         7.86   2004
 MINIMUM         0.59   2005
TOTALS           6.46              3.22    3.24     3.58
DAILY AVG.       0.21              0.10    0.11     0.12
DAYS >= .01        17              12.9     4.1       10
DAYS >= .10        15               7.9     7.1        3
DAYS >= .50         5               1.8     3.2        2
DAYS >= 1.00        1               0.3     0.7        1
GREATEST
 24 HR. TOTAL    1.23   05/04 TO 05/05

SNOWFALL (INCHES)
RECORDS
 TOTAL            2.1   1996
 24 HR TOTAL      2.1   05/12/1996 TO 05/12/1996
 SNOW DEPTH         1   05/12/1996
TOTALS            0.0               0.1    -0.1        T
SINCE 7/1       134.9             123.8    11.1     80.3
SNOWDEPTH AVG.      0                MM      MM        0
DAYS >= TRACE       0               0.1    -0.1        2
DAYS >= 1.0         0               0.0     0.0        0
GREATEST
 SNOW DEPTH         0   MM                             T  05/16
                                                          05/15
 24 HR TOTAL      0.0   05/31 TO 05/31

DEGREE_DAYS
HEATING TOTAL     300               255      45      261
 SINCE 7/1       6067              6590    -523     5798
COOLING TOTAL      20                26      -6       56
 SINCE 1/1         32                30       2       56
.................................................................

WIND (MPH)
AVERAGE WIND SPEED              8.0
RESULTANT WIND SPEED/DIRECTION   1/246
HIGHEST WIND SPEED/DIRECTION    33/260    DATE  05/02
HIGHEST GUST SPEED/DIRECTION    41/260    DATE  05/31

SKY COVER
POSSIBLE SUNSHINE (PERCENT)   MM
AVERAGE SKY COVER           0.80
NUMBER OF DAYS FAIR            0
NUMBER OF DAYS PC             14
NUMBER OF DAYS CLOUDY         17

AVERAGE RH (PERCENT)     75

WEATHER CONDITIONS. NUMBER OF DAYS WITH
THUNDERSTORM              6     MIXED PRECIP               0
HEAVY RAIN                5     RAIN                      10
LIGHT RAIN               22     FREEZING RAIN              0
LT FREEZING RAIN          0     HAIL                       0
HEAVY SNOW                0     SNOW                       0
LIGHT SNOW                0     SLEET                      0
FOG                      19     FOG W/VIS <= 1/4 MILE      1
HAZE                      0

-  INDICATES NEGATIVE NUMBERS.
R  INDICATES RECORD WAS SET OR TIED.
MM INDICATES DATA IS MISSING.
T  INDICATES TRACE AMOUNT.

&&
CORRECTED NUMBER OF THUNDERSTORM DAYS
CORRECTED GREATEST 24 HOUR PRECIPITATION TOTAL
CORRECTED GREATEST SNOW DEPTH FROM LAST YEAR
THIRD WETTEST MAY

$$

TAC
