000
CXUS51 KBGM 011452 CCA
CLMSYR

CLIMATE REPORT...CORRECTED
NATIONAL WEATHER SERVICE BINGHAMTON NY
1053 AM EDT TUE NOV 1 2016

...................................

...THE SYRACUSE NY CLIMATE SUMMARY FOR THE MONTH OF OCTOBER 2016...

CLIMATE NORMAL PERIOD 1981 TO 2010
CLIMATE RECORD PERIOD 1902 TO 2016

WEATHER         OBSERVED          NORMAL  DEPART  LAST YEAR`S
                 VALUE   DATE(S)  VALUE   FROM    VALUE  DATE(S)
                                          NORMAL
................................................................
TEMPERATURE (F)
RECORD
 HIGH              87   10/07/1963
 LOW                8   10/29/2006
HIGHEST            82   10/18        60      22       78  10/12
LOWEST             30   10/31        41     -11       28  10/18
AVG. MAXIMUM     60.2              60.0     0.2     58.8
AVG. MINIMUM     42.9              41.2     1.7     41.0
MEAN             51.6              50.6     1.0     49.9
DAYS MAX >= 90      0               0.0     0.0        0
DAYS MAX <= 32      0               0.0     0.0        0
DAYS MIN <= 32      5               3.8     1.2        8
DAYS MIN <= 0       0               0.0     0.0        0

PRECIPITATION (INCHES)
RECORD
 MAXIMUM         8.29   1955
 MINIMUM         0.21   1963
TOTALS           7.69              3.44    4.25     3.77
DAILY AVG.       0.25              0.11    0.14     0.12
DAYS >= .01        16              14.2     1.8       17
DAYS >= .10        12               8.0     4.0        8
DAYS >= .50         6               2.0     4.0        2
DAYS >= 1.00        2               0.8     1.2        1
GREATEST
 24 HR. TOTAL    3.52   10/20 TO 10/21

SNOWFALL (INCHES)
RECORDS
 TOTAL            5.7   1988
 24 HR TOTAL      2.9   10/30/1988 TO 10/30/1988
 SNOW DEPTH         2   10/29/1965
                        10/27/1962
                        10/29/1952
TOTALS            0.2               0.4    -0.2      0.4
SINCE 7/1         0.2               0.4    -0.2      0.4
SNOWDEPTH AVG.      0                MM      MM        0
DAYS >= TRACE       3               0.5     2.5        3
DAYS >= 1.0         0               0.1    -0.1        0
GREATEST
 SNOW DEPTH         T   10/27                          0  MM
 24 HR TOTAL      0.2   10/27

DEGREE_DAYS
HEATING TOTAL     415               450     -35      460
 SINCE 7/1        504               617    -113      520
COOLING TOTAL       7                 4       3        0
 SINCE 1/1        809               569     240      717
.................................................................

WIND (MPH)
AVERAGE WIND SPEED              7.7
RESULTANT WIND SPEED/DIRECTION   1/264
HIGHEST WIND SPEED/DIRECTION    31/330    DATE  10/16
HIGHEST GUST SPEED/DIRECTION    42/290    DATE  10/23

SKY COVER
POSSIBLE SUNSHINE (PERCENT)   MM
AVERAGE SKY COVER           0.70
NUMBER OF DAYS FAIR            5
NUMBER OF DAYS PC              8
NUMBER OF DAYS CLOUDY         18

AVERAGE RH (PERCENT)     79

WEATHER CONDITIONS. NUMBER OF DAYS WITH
THUNDERSTORM              5     MIXED PRECIP               0
HEAVY RAIN                6     RAIN                      10
LIGHT RAIN               22     FREEZING RAIN              0
LT FREEZING RAIN          0     HAIL                       0
HEAVY SNOW                0     SNOW                       0
LIGHT SNOW                3     SLEET                      2
FOG                      21     FOG W/VIS <= 1/4 MILE      1
HAZE                      0

-  INDICATES NEGATIVE NUMBERS.
R  INDICATES RECORD WAS SET OR TIED.
MM INDICATES DATA IS MISSING.
T  INDICATES TRACE AMOUNT.

&&
CORRECTED AVERAGE MAXIMUM TEMPERATURE, MEAN TEMPERATURE, THUNDERSTORM
DAYS, DAYS OF SNOW, MAXIMUM SNOW DEPTH, AND HEATING DEGREE DAYS

$$

TAC
