000
CXUS51 KBGM 010616
CLMSYR


CLIMATE REPORT
NATIONAL WEATHER SERVICE BINGHAMTON NY
216 AM EDT THU MAY 1 2014

...................................

...THE SYRACUSE NY CLIMATE SUMMARY FOR THE MONTH OF APRIL 2014...

CLIMATE NORMAL PERIOD 1981 TO 2010
CLIMATE RECORD PERIOD 1902 TO 2014

WEATHER         OBSERVED          NORMAL  DEPART  LAST YEAR`S
                 VALUE   DATE(S)  VALUE   FROM    VALUE  DATE(S)
                                          NORMAL
................................................................
TEMPERATURE (F)
RECORD
 HIGH              92   04/28/1990
 LOW                9   04/07/1972
HIGHEST            83   04/13        56      27       75  04/28
                                                          04/19
LOWEST             22   04/16        36     -14       24  04/02
AVG. MAXIMUM     57.5              57.2     0.3     56.4
AVG. MINIMUM     34.1              36.6    -2.5     35.7
MEAN             45.8              46.9    -1.1     46.1
DAYS MAX >= 90      0               0.0     0.0        0
DAYS MAX <= 32      0               0.2    -0.2        1
DAYS MIN <= 32     12               8.9     3.1       12
DAYS MIN <= 0       0               0.0     0.0        0

PRECIPITATION (INCHES)
RECORD
 MAXIMUM         8.53   2011
 MINIMUM         0.84   2010
TOTALS           4.64              3.19    1.45     3.59
DAILY AVG.       0.15              0.11    0.04     0.12
DAYS >= .01        16              14.0     2.0       16
DAYS >= .10        11               8.1     2.9        9
DAYS >= .50         3               2.1     0.9        3
DAYS >= 1.00        2               0.3     1.7        0
GREATEST
 24 HR. TOTAL    1.18   04/07 TO 04/08

SNOWFALL (INCHES)
RECORDS
 TOTAL           16.4   1983
 24 HR TOTAL     10.5   04/02/2013 TO 04/02/2013
 SNOW DEPTH         8   04/03/2013
TOTALS            0.4               3.8    -3.4     12.0
SINCE 7/1       132.0             123.7     8.3    115.4
SNOWDEPTH AVG.      0                MM      MM        1
DAYS >= TRACE       3               2.6     0.4        8
DAYS >= 1.0         0               1.5    -1.5        1
GREATEST
 SNOW DEPTH         0   MM                             8  04/03
 24 HR TOTAL      0.3   MM

DEGREE_DAYS
HEATING TOTAL     567               547      20      562
 SINCE 7/1       6870              6335     535     5897
COOLING TOTAL       1                 4      -3        0
 SINCE 1/1          1                 4      -3        0
.................................................................

WIND (MPH)
AVERAGE WIND SPEED              9.3
RESULTANT WIND SPEED/DIRECTION   1/251
HIGHEST WIND SPEED/DIRECTION    32/270    DATE  04/05
HIGHEST GUST SPEED/DIRECTION    41/160    DATE  04/14

SKY COVER
POSSIBLE SUNSHINE (PERCENT)   MM
AVERAGE SKY COVER           0.70
NUMBER OF DAYS FAIR            2
NUMBER OF DAYS PC             13
NUMBER OF DAYS CLOUDY         15

AVERAGE RH (PERCENT)     65

WEATHER CONDITIONS. NUMBER OF DAYS WITH
THUNDERSTORM              0     MIXED PRECIP               0
HEAVY RAIN                6     RAIN                       8
LIGHT RAIN               17     FREEZING RAIN              0
LT FREEZING RAIN          0     HAIL                       0
HEAVY SNOW                0     SNOW                       1
LIGHT SNOW                3     SLEET                      1
FOG                      14     FOG W/VIS <= 1/4 MILE      0
HAZE                      1

-  INDICATES NEGATIVE NUMBERS.
R  INDICATES RECORD WAS SET OR TIED.
MM INDICATES DATA IS MISSING.
T  INDICATES TRACE AMOUNT.

$$
