000
CXUS51 KBGM 011109
CLMSYR


CLIMATE REPORT
NATIONAL WEATHER SERVICE BINGHAMTON NY
559 AM EST WED FEB 1 2017

...................................

...THE SYRACUSE NY CLIMATE SUMMARY FOR THE MONTH OF JANUARY 2017...

CLIMATE NORMAL PERIOD 1981 TO 2010
CLIMATE RECORD PERIOD 1902 TO 2017

WEATHER         OBSERVED          NORMAL  DEPART  LAST YEAR`S
                 VALUE   DATE(S)  VALUE   FROM    VALUE  DATE(S)
                                          NORMAL
................................................................
TEMPERATURE (F)
RECORD
 HIGH              70   01/08/2008
                        01/25/1967
                        01/08/1998
 LOW              -26   01/26/1966
HIGHEST            54   01/12        31      23       54  01/31
                                                          01/10
LOWEST              7   01/09        15      -8        1  01/22
                        01/08
                        01/06
AVG. MAXIMUM     35.3              31.5     3.8     33.7
AVG. MINIMUM     23.0              15.7     7.3     18.0
MEAN             29.1              23.6     5.5     25.9
DAYS MAX >= 90      0               0.0     0.0        0
DAYS MAX <= 32     10              16.3    -6.3       14
DAYS MIN <= 32     23              28.2    -5.2       29
DAYS MIN <= 0       0               4.0    -4.0        0

PRECIPITATION (INCHES)
RECORD
 MAXIMUM         5.77   1978
 MINIMUM         1.02   1970
TOTALS           3.03              2.50    0.53     1.71
DAILY AVG.       0.10              0.08    0.02     0.06
DAYS >= .01        16              19.1    -3.1       17
DAYS >= .10         7               7.2    -0.2        5
DAYS >= .50         2               1.1     0.9        1
DAYS >= 1.00        0               0.2    -0.2        0
GREATEST
 24 HR. TOTAL    1.03   01/17 TO 01/18

SNOWFALL (INCHES)
RECORDS
 TOTAL           78.1   2004
 24 HR TOTAL     22.0   01/31/1966 TO 01/31/1966
 SNOW DEPTH        39   01/31/1966
TOTALS            8.4              34.0   -25.6     38.8
SINCE 7/1        71.0              76.6    -5.6     41.7
SNOWDEPTH AVG.      1                 5      -4        6
DAYS >= TRACE      19              18.4     0.6       22
DAYS >= 1.0         4               9.9    -5.9        9
GREATEST
 SNOW DEPTH         4   01/01                         17  01/20
 24 HR TOTAL      2.4   MM

DEGREE_DAYS
HEATING TOTAL    1102              1283    -181     1204
 SINCE 7/1       3387              3736    -349     3020
COOLING TOTAL       0                 0       0        0
 SINCE 1/1          0                 0       0        0
.................................................................

WIND (MPH)
AVERAGE WIND SPEED              10.3
RESULTANT WIND SPEED/DIRECTION   4/240
HIGHEST WIND SPEED/DIRECTION    37/180    DATE  01/11
HIGHEST GUST SPEED/DIRECTION    49/250    DATE  01/04

SKY COVER
POSSIBLE SUNSHINE (PERCENT)   MM
AVERAGE SKY COVER           0.90
NUMBER OF DAYS FAIR            0
NUMBER OF DAYS PC              5
NUMBER OF DAYS CLOUDY         26

AVERAGE RH (PERCENT)     78

WEATHER CONDITIONS. NUMBER OF DAYS WITH
THUNDERSTORM              0     MIXED PRECIP               0
HEAVY RAIN                2     RAIN                       4
LIGHT RAIN               16     FREEZING RAIN              1
LT FREEZING RAIN          5     HAIL                       0
HEAVY SNOW                0     SNOW                       5
LIGHT SNOW               18     SLEET                      2
FOG                      21     FOG W/VIS <= 1/4 MILE      1
HAZE                      3

-  INDICATES NEGATIVE NUMBERS.
R  INDICATES RECORD WAS SET OR TIED.
MM INDICATES DATA IS MISSING.
T  INDICATES TRACE AMOUNT.

&&
14TH LEAST SNOWIEST JANUARY
20TH WARMEST JANUARY
$$
