000
CXUS51 KBGM 011534 CCA
CLMSYR

CLIMATE REPORT...CORRECTED
NATIONAL WEATHER SERVICE BINGHAMTON NY
1135 AM EDT WED OCT 1 2014

...................................

...THE SYRACUSE NY CLIMATE SUMMARY FOR THE MONTH OF SEPTEMBER 2014...

CLIMATE NORMAL PERIOD 1981 TO 2010
CLIMATE RECORD PERIOD 1902 TO 2014

WEATHER         OBSERVED          NORMAL  DEPART  LAST YEAR`S
                 VALUE   DATE(S)  VALUE   FROM    VALUE  DATE(S)
                                          NORMAL
................................................................
TEMPERATURE (F)
RECORD
 HIGH              97   09/04/1953
                        09/03/1953
 LOW               28   09/30/1991
                        09/28/1965
HIGHEST            90   09/05        72      18       94  09/11
LOWEST             37   09/19        51     -14       37  09/17
AVG. MAXIMUM     75.1              72.2     2.9     72.4
AVG. MINIMUM     52.5              51.9     0.6     50.2
MEAN             63.8              62.0     1.8     61.3
DAYS MAX >= 90      1               0.4     0.6        1
DAYS MAX <= 32      0               0.0     0.0        0
DAYS MIN <= 32      0               0.1    -0.1        0
DAYS MIN <= 0       0               0.0     0.0        0

PRECIPITATION (INCHES)
RECORD
 MAXIMUM         8.81   1975
 MINIMUM         0.51   1943
TOTALS           1.60              3.69   -2.09     3.20
DAILY AVG.       0.05              0.12   -0.07     0.11
DAYS >= .01         8              12.1    -4.1       13
DAYS >= .10         5               6.9    -1.9        7
DAYS >= .50         1               2.5    -1.5        2
DAYS >= 1.00        0               0.7    -0.7        0
GREATEST
 24 HR. TOTAL    0.52   09/02 TO 09/02

SNOWFALL (INCHES)
RECORDS
 TOTAL              T   1951
                        1989
                        1992
 24 HR TOTAL        T   09/30/1992 TO 09/30/1992
                        09/26/1989 TO 09/26/1989
                        09/27/1951 TO 09/27/1951
 SNOW DEPTH         0   MM
TOTALS            0.0               0.0     0.0      0.0
SINCE 7/1         0.0               0.0     0.0      0.0
SNOWDEPTH AVG.      0                MM      MM        0
DAYS >= TRACE       0               0.0     0.0        0
DAYS >= 1.0         0               0.0     0.0        0
GREATEST
 SNOW DEPTH         0   MM                             0  MM
 24 HR TOTAL      0.0

DEGREE_DAYS
HEATING TOTAL     103               141     -38      172
 SINCE 7/1        114               167     -53      178
COOLING TOTAL      75                52      23       68
 SINCE 1/1        634               565      69      711
.................................................................

WIND (MPH)
AVERAGE WIND SPEED              6.7
RESULTANT WIND SPEED/DIRECTION   2/213
HIGHEST WIND SPEED/DIRECTION    32/180    DATE  09/11
HIGHEST GUST SPEED/DIRECTION    43/190    DATE  09/11

SKY COVER
POSSIBLE SUNSHINE (PERCENT)   MM
AVERAGE SKY COVER           0.60
NUMBER OF DAYS FAIR            4
NUMBER OF DAYS PC             18
NUMBER OF DAYS CLOUDY          8

AVERAGE RH (PERCENT)     71

WEATHER CONDITIONS. NUMBER OF DAYS WITH
THUNDERSTORM              0     MIXED PRECIP               0
HEAVY RAIN                3     RAIN                       5
LIGHT RAIN               10     FREEZING RAIN              0
LT FREEZING RAIN          0     HAIL                       0
HEAVY SNOW                0     SNOW                       0
LIGHT SNOW                0     SLEET                      0
FOG                      18     FOG W/VIS <= 1/4 MILE      0
HAZE                      0

-  INDICATES NEGATIVE NUMBERS.
R  INDICATES RECORD WAS SET OR TIED.
MM INDICATES DATA IS MISSING.
T  INDICATES TRACE AMOUNT.

&&

CORRECTED RECORD LOW SEPTEMBER PRECIPITATION
19TH DRIEST SEPTEMBER

$$

TAC
