000
CXUS51 KBGM 020125 CCA
CLMSYR

CLIMATE REPORT...CORRECTED AND UPDATED
NATIONAL WEATHER SERVICE BINGHAMTON NY
823 PM EST TUE MAR 1 2016

...................................

...THE SYRACUSE NY CLIMATE SUMMARY FOR THE MONTH OF FEBRUARY 2016...

CLIMATE NORMAL PERIOD 1981 TO 2010
CLIMATE RECORD PERIOD 1902 TO 2016

WEATHER         OBSERVED          NORMAL  DEPART  LAST YEAR`S
                 VALUE   DATE(S)  VALUE   FROM    VALUE  DATE(S)
                                          NORMAL
................................................................
TEMPERATURE (F)
RECORD
 HIGH              69   02/19/1981
 LOW              -26   02/18/1979
HIGHEST            63   02/28        33      30       32  02/04
LOWEST            -23   02/14        16     -39      -18  02/24
AVG. MAXIMUM     36.6              34.2     2.4     18.6
AVG. MINIMUM     18.6              17.6     1.0     -0.6
MEAN             27.6              25.9     1.7      9.0
DAYS MAX >= 90      0               0.0     0.0        0
DAYS MAX <= 32     11              11.9    -0.9       28
DAYS MIN <= 32     26              25.2     0.8       28
DAYS MIN <= 0       3               1.7     1.3       15

PRECIPITATION (INCHES)
RECORD
 MAXIMUM         5.38   1951
 MINIMUM         0.63   1987
TOTALS           4.81              2.07    2.74     2.28
DAILY AVG.       0.17              0.07    0.10     0.08
DAYS >= .01        14              16.0    -2.0       19
DAYS >= .10         8               6.3     1.7        7
DAYS >= .50         3               0.9     2.1        0
DAYS >= 1.00        2               0.1     1.9        0
GREATEST
 24 HR. TOTAL    2.08   02/15 TO 02/16

SNOWFALL (INCHES)
RECORDS
 TOTAL           72.6   1958
 24 HR TOTAL     20.8   02/04/1961 TO 02/04/1961
 SNOW DEPTH        48   02/01/1966
                        02/21/1958
                        02/20/1958
TOTALS           25.1              25.3    -0.2     60.0
SINCE 7/1        66.8             101.9   -35.1    106.7
SNOWDEPTH AVG.      4                MM      MM       22
DAYS >= TRACE      19              14.4     4.6       27
DAYS >= 1.0         8               7.4     0.6       17
GREATEST
 SNOW DEPTH        12   02/16                         33  02/23
 24 HR TOTAL      4.9   02/11

DEGREE_DAYS
HEATING TOTAL    1079              1095     -16     1559
 SINCE 7/1       4099              4867    -768     5224
COOLING TOTAL       0                 0       0        0
 SINCE 1/1          0                 0       0        0
.................................................................

WIND (MPH)
AVERAGE WIND SPEED              10.4
RESULTANT WIND SPEED/DIRECTION   4/252
HIGHEST WIND SPEED/DIRECTION    37/160    DATE  02/19
HIGHEST GUST SPEED/DIRECTION    54/170    DATE  02/19

SKY COVER
POSSIBLE SUNSHINE (PERCENT)   MM
AVERAGE SKY COVER           0.80
NUMBER OF DAYS FAIR            1
NUMBER OF DAYS PC              8
NUMBER OF DAYS CLOUDY         20

AVERAGE RH (PERCENT)     74

WEATHER CONDITIONS. NUMBER OF DAYS WITH
THUNDERSTORM              0     MIXED PRECIP               1
HEAVY RAIN                2     RAIN                       3
LIGHT RAIN               10     FREEZING RAIN              1
LT FREEZING RAIN          4     HAIL                       0
HEAVY SNOW                1     SNOW                       5
LIGHT SNOW               19     SLEET                      3
FOG                      17     FOG W/VIS <= 1/4 MILE      1
HAZE                      2

-  INDICATES NEGATIVE NUMBERS.
R  INDICATES RECORD WAS SET OR TIED.
MM INDICATES DATA IS MISSING.
T  INDICATES TRACE AMOUNT.

&&
CORRECTED MONTHLY AND SEASONAL SNOWFALL
UPDATED TO ADD RECORDS BELOW
4TH WETTEST FEBRUARY
LOW TEMPERATURE 2/14 OF -23 THIRD COLDEST FOR FEBRUARY AND 8TH ALL TIME
RECORD DAILY COLDEST AVERAGE TEMPERATURE 2/14
RECORD DAILY PRECIPITATION 2/03, 2/16, AND 2/24

$$

TAC
