743
CXUS51 KBGM 010707
CLMSYR


CLIMATE REPORT
NATIONAL WEATHER SERVICE BINGHAMTON NY
306 AM EDT SUN OCT 1 2017

...................................

...THE SYRACUSE NY CLIMATE SUMMARY FOR THE MONTH OF SEPTEMBER 2017...

CLIMATE NORMAL PERIOD 1981 TO 2010
CLIMATE RECORD PERIOD 1902 TO 2017

WEATHER         OBSERVED          NORMAL  DEPART  LAST YEAR`S
                 VALUE   DATE(S)  VALUE   FROM    VALUE  DATE(S)
                                          NORMAL
................................................................
TEMPERATURE (F)
RECORD
 HIGH              97   09/04/1953
                        09/03/1953
 LOW               28   09/30/1991
                        09/28/1965
HIGHEST            91   09/27        72      19       89  09/08
                        09/26                             09/07
LOWEST             40   09/02        51     -11       40  09/26
                                                          09/25
AVG. MAXIMUM     76.1              72.2     3.9     76.6
AVG. MINIMUM     52.9              51.9     1.0     52.9
MEAN             64.5              62.0     2.5     64.8
DAYS MAX >= 90      3               0.4     2.6        0
DAYS MAX <= 32      0               0.0     0.0        0
DAYS MIN <= 32      0               0.1    -0.1        0
DAYS MIN <= 0       0               0.0     0.0        0

PRECIPITATION (INCHES)
RECORD
 MAXIMUM         8.81   1975
 MINIMUM         0.51   1943
TOTALS           1.38              3.69   -2.31     3.70
DAILY AVG.       0.05              0.12   -0.07     0.12
DAYS >= .01         9              12.1    -3.1        7
DAYS >= .10         3               6.9    -3.9        4
DAYS >= .50         1               2.5    -1.5        2
DAYS >= 1.00        0               0.7    -0.7        2
GREATEST
 24 HR. TOTAL    0.64   09/05 TO 09/05

SNOWFALL (INCHES)
RECORDS
 TOTAL              T   1951
                        1989
                        1992
 24 HR TOTAL        T   09/30/1992 TO 09/30/1992
                        09/26/1989 TO 09/26/1989
                        09/27/1951 TO 09/27/1951
 SNOW DEPTH         0   MM
TOTALS            0.0               0.0     0.0      0.0
SINCE 7/1         0.0               0.0     0.0      0.0
SNOWDEPTH AVG.      0                MM      MM        0
DAYS >= TRACE       0               0.0     0.0        0
DAYS >= 1.0         0               0.0     0.0        0
GREATEST
 SNOW DEPTH         0   MM                             0  MM
 24 HR TOTAL      0.0   09/30 TO 09/30

DEGREE_DAYS
HEATING TOTAL     103               141     -38       87
 SINCE 7/1        139               167     -28       88
COOLING TOTAL      95                52      43       90
 SINCE 1/1        545               565     -20      802
.................................................................

WIND (MPH)
AVERAGE WIND SPEED              4.9
RESULTANT WIND SPEED/DIRECTION   1/286
HIGHEST WIND SPEED/DIRECTION    26/240    DATE  09/05
HIGHEST GUST SPEED/DIRECTION    31/240    DATE  09/05

SKY COVER
POSSIBLE SUNSHINE (PERCENT)   MM
AVERAGE SKY COVER           0.60
NUMBER OF DAYS FAIR            4
NUMBER OF DAYS PC             19
NUMBER OF DAYS CLOUDY          7

AVERAGE RH (PERCENT)     76

WEATHER CONDITIONS. NUMBER OF DAYS WITH
THUNDERSTORM              0     MIXED PRECIP               0
HEAVY RAIN                0     RAIN                       4
LIGHT RAIN               12     FREEZING RAIN              0
LT FREEZING RAIN          0     HAIL                       0
HEAVY SNOW                0     SNOW                       0
LIGHT SNOW                0     SLEET                      0
FOG                      21     FOG W/VIS <= 1/4 MILE      3
HAZE                      1

-  INDICATES NEGATIVE NUMBERS.
R  INDICATES RECORD WAS SET OR TIED.
MM INDICATES DATA IS MISSING.
T  INDICATES TRACE AMOUNT.

$$
