000
CXUS51 KBGM 012158 CCA
CLMSYR

CLIMATE REPORT...CORRECTED AND UPDATED
NATIONAL WEATHER SERVICE BINGHAMTON NY
557 PM EDT THU SEP 1 2016

...................................

...THE SYRACUSE NY CLIMATE SUMMARY FOR THE MONTH OF AUGUST 2016...

CLIMATE NORMAL PERIOD 1981 TO 2010
CLIMATE RECORD PERIOD 1902 TO 2016

WEATHER         OBSERVED          NORMAL  DEPART  LAST YEAR`S
                 VALUE   DATE(S)  VALUE   FROM    VALUE  DATE(S)
                                          NORMAL
................................................................
TEMPERATURE (F)
RECORD
 HIGH             101   08/14/2002
 LOW               40   08/31/1965
                        08/30/1965
HIGHEST            92   08/12        79      13       89  08/18
                        08/11                             08/17
LOWEST             52   08/23        59      -7       54  08/29
                                                          08/28
                                                          08/08
AVG. MAXIMUM     83.9              80.0     3.9     80.5
AVG. MINIMUM     64.3              59.6     4.7     60.5
MEAN             74.1              69.8     4.3     70.5
DAYS MAX >= 90      4               1.7     2.3        0
DAYS MAX <= 32      0               0.0     0.0        0
DAYS MIN <= 32      0               0.0     0.0        0
DAYS MIN <= 0       0               0.0     0.0        0

PRECIPITATION (INCHES)
RECORD
 MAXIMUM         8.41   1956
 MINIMUM         1.02   1999
TOTALS           4.05              3.57    0.48     1.91
DAILY AVG.       0.13              0.12    0.01     0.06
DAYS >= .01         8              10.8    -2.8       13
DAYS >= .10         6               6.8    -0.8        5
DAYS >= .50         4               2.2     1.8        2
DAYS >= 1.00        2               0.6     1.4        0
GREATEST
 24 HR. TOTAL    1.09   08/13 TO 08/13

SNOWFALL (INCHES)
RECORDS
 TOTAL              T   2008
 24 HR TOTAL        T   08/07/2008 TO 08/07/2008
 SNOW DEPTH         0   MM
TOTALS            0.0               0.0     0.0      0.0
SINCE 7/1         0.0               0.0     0.0      0.0
SNOWDEPTH AVG.      0                MM      MM        0
DAYS >= TRACE       0               0.0     0.0        0
DAYS >= 1.0         0               0.0     0.0        0
GREATEST
 SNOW DEPTH         0   MM                             0  MM
 24 HR TOTAL      0.0   08/31 TO 08/31

DEGREE_DAYS
HEATING TOTAL       1                18     -17        3
 SINCE 7/1          1                26     -25        8
COOLING TOTAL     290               167     123      181
 SINCE 1/1        712               513     199      572
.................................................................

WIND (MPH)
AVERAGE WIND SPEED              6.9
RESULTANT WIND SPEED/DIRECTION   2/222
HIGHEST WIND SPEED/DIRECTION    29/270    DATE  08/17
HIGHEST GUST SPEED/DIRECTION    38/250    DATE  08/17

SKY COVER
POSSIBLE SUNSHINE (PERCENT)   MM
AVERAGE SKY COVER           0.60
NUMBER OF DAYS FAIR            4
NUMBER OF DAYS PC             17
NUMBER OF DAYS CLOUDY         10

AVERAGE RH (PERCENT)     72

WEATHER CONDITIONS. NUMBER OF DAYS WITH
THUNDERSTORM              5     MIXED PRECIP               0
HEAVY RAIN                5     RAIN                       7
LIGHT RAIN               13     FREEZING RAIN              0
LT FREEZING RAIN          0     HAIL                       0
HEAVY SNOW                0     SNOW                       0
LIGHT SNOW                0     SLEET                      0
FOG                      11     FOG W/VIS <= 1/4 MILE      0
HAZE                      0

-  INDICATES NEGATIVE NUMBERS.
R  INDICATES RECORD WAS SET OR TIED.
MM INDICATES DATA IS MISSING.
T  INDICATES TRACE AMOUNT.

&&
CORRECTED NUMBER OF THUNDERSTORM DAYS
4TH WARMEST AUGUST  RECORD 75.4F IN 1937
$$

TAC
