016
CXUS51 KBGM 011030
CLMSYR


CLIMATE REPORT
NATIONAL WEATHER SERVICE BINGHAMTON NY
629 AM EDT WED JUN 1 2016

...................................

...THE SYRACUSE NY CLIMATE SUMMARY FOR THE MONTH OF MAY 2016...

CLIMATE NORMAL PERIOD 1981 TO 2010
CLIMATE RECORD PERIOD 1902 TO 2016

WEATHER         OBSERVED          NORMAL  DEPART  LAST YEAR`S
                 VALUE   DATE(S)  VALUE   FROM    VALUE  DATE(S)
                                          NORMAL
................................................................
TEMPERATURE (F)
RECORD
 HIGH              96   05/21/1977
 LOW               25   05/07/1966
HIGHEST            91   05/28        68      23       90  05/08
LOWEST             33   05/10        46     -13       34  05/23
AVG. MAXIMUM     69.8              68.8     1.0     76.6
AVG. MINIMUM     46.6              46.4     0.2     51.6
MEAN             58.2              57.6     0.6     64.1
DAYS MAX >= 90      1               0.3     0.7        1
DAYS MAX <= 32      0               0.0     0.0        0
DAYS MIN <= 32      0               0.4    -0.4        0
DAYS MIN <= 0       0               0.0     0.0        0

PRECIPITATION (INCHES)
RECORD
 MAXIMUM         7.86   2004
 MINIMUM         0.59   2005
TOTALS           3.58              3.22    0.36     3.93
DAILY AVG.       0.12              0.10    0.02     0.13
DAYS >= .01        10              12.9    -2.9       10
DAYS >= .10         3               7.9    -4.9        7
DAYS >= .50         2               1.8     0.2        3
DAYS >= 1.00        1               0.3     0.7        1
GREATEST
 24 HR. TOTAL    2.42   05/29 TO 05/29

SNOWFALL (INCHES)
RECORDS
 TOTAL            2.1   1996
 24 HR TOTAL      2.1   05/12/1996 TO 05/12/1996
 SNOW DEPTH         1   05/12/1996
TOTALS              T               0.1    -0.1      0.0
SINCE 7/1        80.3             123.8   -43.5    119.7
SNOWDEPTH AVG.      0                MM      MM        0
DAYS >= TRACE       2               0.1     1.9        0
DAYS >= 1.0         0               0.0     0.0        0
GREATEST
 SNOW DEPTH         0   MM                             0  MM
 24 HR TOTAL        T   05/16 TO 05/16

DEGREE_DAYS
HEATING TOTAL     261               255       6      126
 SINCE 7/1       5798              6590    -792     7068
COOLING TOTAL      56                26      30      105
 SINCE 1/1         56                30      26      105
.................................................................

WIND (MPH)
AVERAGE WIND SPEED              7.0
RESULTANT WIND SPEED/DIRECTION   3/282
HIGHEST WIND SPEED/DIRECTION    43/360    DATE  05/29
HIGHEST GUST SPEED/DIRECTION    59/350    DATE  05/29

SKY COVER
POSSIBLE SUNSHINE (PERCENT)   MM
AVERAGE SKY COVER           0.70
NUMBER OF DAYS FAIR            1
NUMBER OF DAYS PC             15
NUMBER OF DAYS CLOUDY         15

AVERAGE RH (PERCENT)     67

WEATHER CONDITIONS. NUMBER OF DAYS WITH
THUNDERSTORM              0     MIXED PRECIP               0
HEAVY RAIN                2     RAIN                       2
LIGHT RAIN               14     FREEZING RAIN              0
LT FREEZING RAIN          0     HAIL                       0
HEAVY SNOW                0     SNOW                       0
LIGHT SNOW                1     SLEET                      0
FOG                      12     FOG W/VIS <= 1/4 MILE      2
HAZE                      0

-  INDICATES NEGATIVE NUMBERS.
R  INDICATES RECORD WAS SET OR TIED.
MM INDICATES DATA IS MISSING.
T  INDICATES TRACE AMOUNT.

$$
