000
CXUS51 KBGM 011701 CCA
CLMSYR

CLIMATE REPORT...CORRECTED
NATIONAL WEATHER SERVICE BINGHAMTON NY
1200 PM EST THU FEB 1 2018

...................................

...THE SYRACUSE NY CLIMATE SUMMARY FOR THE MONTH OF JANUARY 2018...

CLIMATE NORMAL PERIOD 1981 TO 2010
CLIMATE RECORD PERIOD 1902 TO 2018

WEATHER         OBSERVED          NORMAL  DEPART  LAST YEAR`S
                 VALUE   DATE(S)  VALUE   FROM    VALUE  DATE(S)
                                          NORMAL
................................................................
TEMPERATURE (F)
RECORD
 HIGH              70   01/08/2008
                        01/25/1967
                        01/08/1998
 LOW              -26   01/26/1966
HIGHEST            62   01/12        31      31       54  01/12
LOWEST            -15   01/01        15     -30        7  01/09
                                                          01/08
                                                          01/06
AVG. MAXIMUM     31.2              31.5    -0.3     35.3
AVG. MINIMUM     12.1              15.7    -3.6     23.0
MEAN             21.5              23.6    -2.1     29.1
DAYS MAX >= 90      0               0.0     0.0        0
DAYS MAX <= 32     17              16.3     0.7       10
DAYS MIN <= 32     29              28.2     0.8       23
DAYS MIN <= 0       7               4.0     3.0        0

PRECIPITATION (INCHES)
RECORD
 MAXIMUM         5.77   1978
 MINIMUM         1.02   1970
TOTALS           3.13              2.50    0.63     3.03
DAILY AVG.       0.10              0.08    0.02     0.10
DAYS >= .01        19              19.1    -0.1       16
DAYS >= .10         4               7.2    -3.2        7
DAYS >= .50         2               1.1     0.9        2
DAYS >= 1.00        1               0.2     0.8        0
GREATEST
 24 HR. TOTAL    1.64   01/12 TO 01/13

SNOWFALL (INCHES)
RECORDS
 TOTAL           78.1   2004
 24 HR TOTAL     22.0   01/31/1966 TO 01/31/1966
 SNOW DEPTH        39   01/31/1966
TOTALS           44.5              34.0    10.5      8.4
SINCE 7/1        83.9              76.6     7.3     71.0
SNOWDEPTH AVG.      7                 5       2        1
DAYS >= TRACE      18              18.4    -0.4       19
DAYS >= 1.0        12               9.9     2.1        4
GREATEST
 SNOW DEPTH        24   01/06                          4  01/01
 24 HR TOTAL      9.7   01/12 TO 01/13

DEGREE_DAYS
HEATING TOTAL    1298              1283      15     1102
 SINCE 7/1       3756              3736      20     3387
COOLING TOTAL       0                 0       0        0
 SINCE 1/1          0                 0       0        0
.................................................................

WIND (MPH)
AVERAGE WIND SPEED              9.0
RESULTANT WIND SPEED/DIRECTION   3/245
HIGHEST WIND SPEED/DIRECTION    40/250    DATE  01/23
HIGHEST GUST SPEED/DIRECTION    48/250    DATE  01/23

SKY COVER
POSSIBLE SUNSHINE (PERCENT)   MM
AVERAGE SKY COVER           0.80
NUMBER OF DAYS FAIR            2
NUMBER OF DAYS PC              9
NUMBER OF DAYS CLOUDY         20

AVERAGE RH (PERCENT)     78

WEATHER CONDITIONS. NUMBER OF DAYS WITH
THUNDERSTORM              0     MIXED PRECIP               0
HEAVY RAIN                1     RAIN                       2
LIGHT RAIN                8     FREEZING RAIN              0
LT FREEZING RAIN          0     HAIL                       0
HEAVY SNOW                4     SNOW                       7
LIGHT SNOW               18     SLEET                      1
FOG                      21     FOG W/VIS <= 1/4 MILE      3
HAZE                      1

-  INDICATES NEGATIVE NUMBERS.
R  INDICATES RECORD WAS SET OR TIED.
MM INDICATES DATA IS MISSING.
T  INDICATES TRACE AMOUNT.

&&
CORRECTED TABLE AT BOTTOM
CORRECTED GREATEST 24 HOUR SNOWFALL AND PRECIPITATION
CORRECTED GREATEST SNOW DEPTH
14TH MOST JANUARY SNOW
ON DAY 29 HIGH TEMPERATURE, AVERAGE TEMPERATURE, HEATING
DEGREE DAYS ALL MISSING DUE TO EQUIPMENT FAILURE
$$

TAC
