000
CXUS51 KBGM 011157
CLMSYR


CLIMATE REPORT
NATIONAL WEATHER SERVICE BINGHAMTON NY
752 AM EDT FRI AUG 1 2014

...................................

...THE SYRACUSE NY CLIMATE SUMMARY FOR THE MONTH OF JULY 2014...

CLIMATE NORMAL PERIOD 1981 TO 2010
CLIMATE RECORD PERIOD 1902 TO 2014

WEATHER         OBSERVED          NORMAL  DEPART  LAST YEAR`S
                 VALUE   DATE(S)  VALUE   FROM    VALUE  DATE(S)
                                          NORMAL
................................................................
TEMPERATURE (F)
RECORD
 HIGH             101   07/17/2012
                        07/21/2011
                        07/03/1966
 LOW               45   07/25/1976
                        07/20/1965
HIGHEST            94   07/01        82      12       95  07/19
LOWEST             52   07/30        60      -8       50  07/25
                        07/11
AVG. MAXIMUM     81.5              81.6    -0.1     83.8
AVG. MINIMUM     61.3              61.0     0.3     65.1
MEAN             71.4              71.3     0.1     74.5
DAYS MAX >= 90      2               2.9    -0.9        7
DAYS MAX <= 32      0               0.0     0.0        0
DAYS MIN <= 32      0               0.0     0.0        0
DAYS MIN <= 0       0               0.0     0.0        0

PRECIPITATION (INCHES)
RECORD
 MAXIMUM        10.12   2006
 MINIMUM         0.90   1969
TOTALS           5.18              3.78    1.40     3.26
DAILY AVG.       0.17              0.12    0.05     0.11
DAYS >= .01        15              11.3     3.7       17
DAYS >= .10        10               7.0     3.0        8
DAYS >= .50         3               2.7     0.3        1
DAYS >= 1.00        1               0.7     0.3        0
GREATEST
 24 HR. TOTAL    2.16   07/28 TO 07/28

SNOWFALL (INCHES)
RECORDS
 TOTAL              T   1954
 24 HR TOTAL        T   07/14/1954 TO 07/14/1954
 SNOW DEPTH         0   MM
TOTALS            0.0               0.0     0.0      0.0
SINCE 7/1         0.0               0.0     0.0      0.0
SNOWDEPTH AVG.      0                MM      MM        0
DAYS >= TRACE       0               0.0     0.0        0
DAYS >= 1.0         0               0.0     0.0        0
GREATEST
 SNOW DEPTH         0   MM                             0  MM
 24 HR TOTAL      0.0   07/31 TO 07/31

DEGREE_DAYS
HEATING TOTAL       2                 8      -6        3
 SINCE 7/1          2                 8      -6        3
COOLING TOTAL     210               203       7      303
 SINCE 1/1        413               346      67      479
.................................................................

WIND (MPH)
AVERAGE WIND SPEED              6.6
RESULTANT WIND SPEED/DIRECTION   3/239
HIGHEST WIND SPEED/DIRECTION    32/170    DATE  07/08
HIGHEST GUST SPEED/DIRECTION    41/190    DATE  07/08

SKY COVER
POSSIBLE SUNSHINE (PERCENT)   MM
AVERAGE SKY COVER           0.70
NUMBER OF DAYS FAIR            4
NUMBER OF DAYS PC             15
NUMBER OF DAYS CLOUDY         12

AVERAGE RH (PERCENT)     67

WEATHER CONDITIONS. NUMBER OF DAYS WITH
THUNDERSTORM              0     MIXED PRECIP               0
HEAVY RAIN                6     RAIN                       7
LIGHT RAIN               15     FREEZING RAIN              0
LT FREEZING RAIN          0     HAIL                       0
HEAVY SNOW                0     SNOW                       0
LIGHT SNOW                0     SLEET                      0
FOG                      13     FOG W/VIS <= 1/4 MILE      0
HAZE                      4

-  INDICATES NEGATIVE NUMBERS.
R  INDICATES RECORD WAS SET OR TIED.
MM INDICATES DATA IS MISSING.
T  INDICATES TRACE AMOUNT.

$$

PN
