000
CXUS51 KBGM 010541
CLMSYR


CLIMATE REPORT
NATIONAL WEATHER SERVICE BINGHAMTON NY
140 AM EDT MON JUN 1 2015

...................................

...THE SYRACUSE NY CLIMATE SUMMARY FOR THE MONTH OF MAY 2015...

CLIMATE NORMAL PERIOD 1981 TO 2010
CLIMATE RECORD PERIOD 1902 TO 2015

WEATHER         OBSERVED          NORMAL  DEPART  LAST YEAR`S
                 VALUE   DATE(S)  VALUE   FROM    VALUE  DATE(S)
                                          NORMAL
................................................................
TEMPERATURE (F)
RECORD
 HIGH              96   05/21/1977
 LOW               25   05/07/1966
HIGHEST            90   05/08        68      22       86  05/27
LOWEST             34   05/23        46     -12       36  05/07
AVG. MAXIMUM     76.6              68.8     7.8     71.0
AVG. MINIMUM     51.6              46.4     5.2     49.7
MEAN             64.1              57.6     6.5     60.4
DAYS MAX >= 90      1               0.3     0.7        0
DAYS MAX <= 32      0               0.0     0.0        0
DAYS MIN <= 32      0               0.4    -0.4        0
DAYS MIN <= 0       0               0.0     0.0        0

PRECIPITATION (INCHES)
RECORD
 MAXIMUM         7.86   2004
 MINIMUM         0.59   2005
TOTALS           3.93              3.22    0.71     3.71
DAILY AVG.       0.13              0.10    0.03     0.12
DAYS >= .01        10              12.9    -2.9       13
DAYS >= .10         7               7.9    -0.9        7
DAYS >= .50         3               1.8     1.2        3
DAYS >= 1.00        1               0.3     0.7        1
GREATEST
 24 HR. TOTAL    1.69   05/30 TO 05/31

SNOWFALL (INCHES)
RECORDS
 TOTAL            2.1   1996
 24 HR TOTAL      2.1   05/12/1996 TO 05/12/1996
 SNOW DEPTH         1   05/12/1996
TOTALS            0.0               0.1    -0.1        T
SINCE 7/1       119.7             123.8    -4.1    132.0
SNOWDEPTH AVG.      0                MM      MM        0
DAYS >= TRACE       0               0.1    -0.1        1
DAYS >= 1.0         0               0.0     0.0        0
GREATEST
 SNOW DEPTH         0   MM                             0  MM
 24 HR TOTAL      0.0   05/31 TO 05/31

DEGREE_DAYS
HEATING TOTAL     126               255    -129      191
 SINCE 7/1       7068              6590     478     7056
COOLING TOTAL     105                26      79       55
 SINCE 1/1        105                30      75       56
.................................................................

WIND (MPH)
AVERAGE WIND SPEED              7.7
RESULTANT WIND SPEED/DIRECTION   3/252
HIGHEST WIND SPEED/DIRECTION    31/260    DATE  05/12
HIGHEST GUST SPEED/DIRECTION    38/260    DATE  05/12

SKY COVER
POSSIBLE SUNSHINE (PERCENT)   MM
AVERAGE SKY COVER           0.70
NUMBER OF DAYS FAIR            3
NUMBER OF DAYS PC             16
NUMBER OF DAYS CLOUDY         12

AVERAGE RH (PERCENT)     62

WEATHER CONDITIONS. NUMBER OF DAYS WITH
THUNDERSTORM              0     MIXED PRECIP               0
HEAVY RAIN                4     RAIN                       8
LIGHT RAIN               14     FREEZING RAIN              0
LT FREEZING RAIN          0     HAIL                       0
HEAVY SNOW                0     SNOW                       0
LIGHT SNOW                0     SLEET                      0
FOG                      12     FOG W/VIS <= 1/4 MILE      0
HAZE                      3

-  INDICATES NEGATIVE NUMBERS.
R  INDICATES RECORD WAS SET OR TIED.
MM INDICATES DATA IS MISSING.
T  INDICATES TRACE AMOUNT.

$$
