000
CXUS51 KBGM 020350
CLSSYR


CLIMATE REPORT
NATIONAL WEATHER SERVICE BINGHAMTON NY
1034 PM EST TUE MAR 1 2016

...................................

...THE SYRACUSE NY CLIMATE SUMMARY FOR THE SEASON, FROM
12/1/2015 TO 2/29/2016...

CLIMATE NORMAL PERIOD 1981 TO 2010
CLIMATE RECORD PERIOD 1902 TO 2016

WEATHER         OBSERVED          NORMAL  DEPART  LAST YEAR`S
                 VALUE   DATE(S)  VALUE   FROM    VALUE  DATE(S)
                                          NORMAL
................................................................
TEMPERATURE (F)
RECORD
 HIGH              72   12/06/2001
 LOW              -26   02/18/1979
                        01/26/1966
HIGHEST            68   12/24        34      34       59  12/25
LOWEST            -23   02/14        18     -41      -18  02/24
AVG. MAXIMUM     39.5              34.0     5.5     27.8
AVG. MINIMUM     23.6              18.6     5.0     11.1
MEAN             31.5              26.3     5.2     19.5
DAYS MAX >= 90      0               0.0     0.0        0
DAYS MAX <= 32     25              38.6   -13.6       60
DAYS MIN <= 32     66              78.6   -12.6       83
DAYS MIN <= 0       3               6.7    -3.7       25

PRECIPITATION (INCHES)
RECORD
 MAXIMUM        12.98   1959
 MINIMUM         4.57   1979
TOTALS          11.35              7.79    3.56     6.90
DAILY AVG.       0.13              0.09    0.04     0.08
DAYS >= .01        47              53.7    -6.7       51
DAYS >= .10        24              21.6     2.4       20
DAYS >= .50         7               3.6     3.4        2
DAYS >= 1.00        2               0.8     1.2        0
GREATEST
 24 HR. TOTAL    2.08   02/15 TO 02/16           02/28 TO 02/28

SNOWFALL (INCHES)
RECORDS
 TOTAL          159.7   2011
 24 HR TOTAL     22.0   01/31/1966 TO 01/31/1966
 SNOW DEPTH        48   02/01/1966
                        02/21/1958
                        02/20/1958
TOTALS           65.3              92.0   -26.7     95.8
SINCE 7/1        66.1             101.9   -35.8    104.5
SNOWDEPTH AVG.      3                 5      -2        9
DAYS >= TRACE      48              47.5     0.5       71
DAYS >= 1.0        18              25.4    -7.4       27
GREATEST
 SNOW DEPTH        17   01/20                         33  02/23
 24 HR TOTAL     15.4   01/12 TO 01/13           02/28 TO 02/28

DEGREE_DAYS
HEATING TOTAL    3014              3481    -467     4039
 SINCE 7/1       4099              4867    -768     5224
COOLING TOTAL       0                 0       0        0
 SINCE 1/1          0                 0       0        0

FREEZE DATES
RECORD
 EARLIEST     09/23/1963
 LATEST       05/24/1963
EARLIEST                        10/14
LATEST                          04/29
.........................................................

WIND (MPH)
AVERAGE WIND SPEED              9.5
RESULTANT WIND SPEED/DIRECTION   3/239
HIGHEST WIND SPEED/DIRECTION    44/250    DATE  01/10
HIGHEST GUST SPEED/DIRECTION    55/250    DATE  01/10

SKY COVER
POSSIBLE SUNSHINE (PERCENT)   MM
AVERAGE SKY COVER           0.80

AVERAGE RH (PERCENT)     76


-  INDICATES NEGATIVE NUMBERS.
R  INDICATES RECORD WAS SET OR TIED.
MM INDICATES DATA IS MISSING.
T  INDICATES TRACE AMOUNT.

&&
9TH WETTEST DECEMBER TO FEBRUARY
6TH WARMEST DECEMBER TO FEBRUARY

$$
