000
CXUS51 KBGM 011808
CLSSYR
CLIMATE REPORT
NATIONAL WEATHER SERVICE BINGHAMTON, NY
108 PM EST WED DEC 01 2021
...................................
...THE SYRACUSE NY CLIMATE SUMMARY FOR THE SEASON, FROM
9/1/2021 TO 11/30/2021...
CLIMATE NORMAL PERIOD 1991 TO 2020
CLIMATE RECORD PERIOD 1902 TO 2021
WEATHER OBSERVED NORMAL DEPART LAST YEAR`S
VALUE DATE(S) VALUE FROM VALUE DATE(S)
NORMAL
................................................................
TEMPERATURE (F)
RECORD
HIGH 97 09/04/1953
09/03/1953
LOW 11/23/2018
HIGHEST 85 09/14 60 25 88 09/09
LOWEST 21 11/24 42 -21 22 11/18
AVG. MAXIMUM 64.1 60.5 3.6 63.9
AVG. MINIMUM 46.6 42.6 4.0 43.5
MEAN 55.4 51.5 3.9 53.7
DAYS MAX >= 90 0 1.0 -1.0 0
DAYS MAX <= 32 0 1.7 -1.7 1
DAYS MIN <= 32 18 19.5 -1.5 17
DAYS MIN <= 0 0 0.0 0.0 0
PRECIPITATION (INCHES)
RECORD
MAXIMUM 16.60 1977
MINIMUM 4.47 1964
TOTALS 13.45 10.50 2.95 7.46
DAILY AVG. 0.15 0.12 0.03 0.08
DAYS >= .01 42 42.1 -0.1 29
DAYS >= .10 24 22.9 1.1 13
DAYS >= .50 8 6.3 1.7 0
DAYS >= 1.00 3 1.7 1.3 0
GREATEST
24 HR. TOTAL 2.36 10/25 TO 10/26 1.03 09/29 TO 09/30
SNOWFALL (INCHES)
RECORDS
TOTAL 34.2 1995
24 HR TOTAL 18.3 11/21/2016 TO 11/21/2016
SNOW DEPTH 22 11/21/2016
11/22/2016
TOTALS 4.2 10.0 -5.8 1.6
SINCE 7/1 4.2 10.0 -5.8 1.6
SNOWDEPTH AVG. 0 T
DAYS >= TRACE 11 6.2 4.8 9
DAYS >= 1.0 1 2.7 -1.7 0
GREATEST
SNOW DEPTH 2 11/23 T 10/29
10/30
10/31
24 HR TOTAL 2.2 11/22 TO 11/23 0.9 11/17 TO 11/18
DEGREE DAYS
HEATING TOTAL 951 1292 -341 1103
SINCE 7/1 954 1312 -358 1105
COOLING TOTAL 103 68 35 94
SINCE 1/1 975 619 356 991
FREEZE DATES
RECORD
EARLIEST 09/23/1963
LATEST 05/24/1963
EARLIEST 11/03
LATEST 04/22
................................................................
WIND (MPH)
AVERAGE WIND SPEED 7.3
RESULTANT WIND SPEED/DIRECTION 2/230
HIGHEST WIND SPEED/DIRECTION 30/260 DATE 11/26
HIGHEST GUST SPEED/DIRECTION 34/260 DATE 09/06
SKY COVER
POSSIBLE SUNSHINE (PERCENT) MM
AVERAGE SKY COVER 0.71
AVERAGE RH (PERCENT) 77
WEATHER CONDITIONS. NUMBER OF DAYS WITH
THUNDERSTORM 5 MIXED PRECIP 0
HEAVY RAIN 10 RAIN 15
LIGHT RAIN 56 FREEZING RAIN 0
LT FREEZING RAIN 0 HAIL 2
HEAVY SNOW 0 SNOW 0
LIGHT SNOW 9 SLEET 2
FOG 50 FOG W/VIS <= 1/4 MILE 0
HAZE 2
- INDICATES NEGATIVE NUMBERS.
R INDICATES RECORD WAS SET OR TIED.
MM INDICATES DATA IS MISSING.
T INDICATES TRACE AMOUNT.
&&
2ND WARMEST SEPTEMBER TO NOVEMBER
11TH MOST PRECIPITATION SEPTEMBER TO NOVEMBER
$$
TAC