000
CXUS51 KBGM 031611 CCA
CLSSYR

CLIMATE REPORT...CORRECTED
NATIONAL WEATHER SERVICE BINGHAMTON NY
1210 PM EDT FRI JUN 3 2011

...................................

...THE SYRACUSE NY CLIMATE SUMMARY FOR THE SEASON, FROM
3/1/2011 TO 5/31/2011...

CLIMATE NORMAL PERIOD 1971 TO 2000
CLIMATE RECORD PERIOD 1902 TO 2011

WEATHER         OBSERVED          NORMAL  DEPART  LAST YEAR`S
                 VALUE   DATE(S)  VALUE   FROM    VALUE  DATE(S)
                                          NORMAL
................................................................
TEMPERATURE (F)
RECORD
 HIGH              96   05/21/1977
 LOW              -16   03/04/1950
HIGHEST            92   05/31        56      36       92  05/31
LOWEST              5   03/03        36     -31       18  03/27
                                                          03/06
AVG. MAXIMUM     57.7              56.0     1.7     62.0
AVG. MINIMUM     39.2              36.0     3.2     40.3
MEAN             48.4              45.7     2.7     51.2
DAYS MAX >= 90      2               0.0     2.0        2
DAYS MAX <= 32      6               6.0     0.0        0
DAYS MIN <= 32     30              36.0    -6.0       20
DAYS MIN <= 0       0               0.0     0.0        0

PRECIPITATION (INCHES)
RECORD
 MAXIMUM        20.15   1976
 MINIMUM         5.66   1981
TOTALS          15.29              8.80    6.49     6.25
DAILY AVG.       0.17              0.10    0.07     0.07
DAYS >= .01        47              42.0     5.0       32
DAYS >= .10        27              22.0     5.0       16
DAYS >= .50        13               6.0     7.0        4
DAYS >= 1.00        3               1.0     2.0        0
GREATEST
 24 HR. TOTAL    2.16   04/25 TO 04/26

SNOWFALL (INCHES)
RECORDS
 TOTAL           66.7   1993
 24 HR TOTAL     22.1   03/13/1993 TO 03/13/1993
 SNOW DEPTH        35   03/15/1993
TOTALS           18.9              19.5    -0.6      0.2
SINCE 7/1       179.4             111.9    67.5    106.2
SNOWDEPTH AVG.      1                 1       0        1
DAYS >= TRACE      23              22.0     1.0       11
DAYS >= 1.0         3               6.0    -3.0        0
GREATEST
 SNOW DEPTH        12   03/07                         14  03/01
 24 HR TOTAL     12.6   03/06 TO 03/07

DEGREE_DAYS
HEATING TOTAL    1599              1796    -197     1342
 SINCE 7/1         MM              6737      MM     6136
COOLING TOTAL      96                34      62       90
 SINCE 1/1         96                34      62       90

FREEZE DATES
RECORD
 EARLIEST     09/23/1963
 LATEST       05/24/1963
EARLIEST                        10/14
LATEST                          04/29
.................................................................

WIND (MPH)
AVERAGE WIND SPEED              8.9
RESULTANT WIND SPEED/DIRECTION   2/291
HIGHEST WIND SPEED/DIRECTION    40/280    DATE  04/17
HIGHEST GUST SPEED/DIRECTION    51/280    DATE  04/17

SKY COVER
POSSIBLE SUNSHINE (PERCENT)   MM


AVERAGE RH (PERCENT)     67


-  INDICATES NEGATIVE NUMBERS.
R  INDICATES RECORD WAS SET OR TIED.
MM INDICATES DATA IS MISSING.
T  INDICATES TRACE AMOUNT.

&&
THIRD WETTEST SPRING
CORRECTED NORMAL SEASONAL PRECIPITATION AND ALSO
DEPARTURE FROM NORMAL FOR SEASONAL PRECIPITATION
$$

TAC
