000
CXUS51 KBGM 012206 AAA
CLSSYR

CLIMATE REPORT...UPDATED
NATIONAL WEATHER SERVICE BINGHAMTON NY
605 PM EDT SUN SEP 1 2013

...................................

...THE SYRACUSE NY CLIMATE SUMMARY FOR THE SEASON, FROM
6/1/2013 TO 8/31/2013...

CLIMATE NORMAL PERIOD 1981 TO 2010
CLIMATE RECORD PERIOD 1902 TO 2013

WEATHER         OBSERVED          NORMAL  DEPART  LAST YEAR`S
                 VALUE   DATE(S)  VALUE   FROM    VALUE  DATE(S)
                                          NORMAL
................................................................
TEMPERATURE (F)
RECORD
 HIGH             101   07/17/2012
                        08/14/2002
                        07/21/2011
 LOW               35   06/01/1966
HIGHEST            95   07/19        79      16      101  07/17
LOWEST             46   06/20        58     -12       46  06/05
AVG. MAXIMUM     80.0              79.7     0.3     84.0
AVG. MINIMUM     60.8              58.9     1.9     61.3
MEAN             70.4              69.3     1.1     72.7
DAYS MAX >= 90     10               6.1     3.9       23
DAYS MAX <= 32      0               0.0     0.0        0
DAYS MIN <= 32      0               0.0     0.0        0
DAYS MIN <= 0       0               0.0     0.0        0

PRECIPITATION (INCHES)
RECORD
 MAXIMUM        19.51   1972
 MINIMUM         5.33   1965
TOTALS          12.64             10.66    1.98     6.39
DAILY AVG.       0.14              0.12    0.02     0.07
DAYS >= .01        44              34.2     9.8       29
DAYS >= .10        26              21.2     4.8       21
DAYS >= .50         7               7.0     0.0        2
DAYS >= 1.00        2               1.8     0.2        0
GREATEST
 24 HR. TOTAL    2.58   06/06 TO 06/07

SNOWFALL (INCHES)
RECORDS
 TOTAL              T   2008
                        2005
 24 HR TOTAL        T   08/07/2008 TO 08/07/2008
                        06/16/2008 TO 06/16/2008
 SNOW DEPTH         0   MM
TOTALS            0.0               0.0     0.0      0.0
SINCE 7/1         0.0               0.0     0.0      0.0
SNOWDEPTH AVG.      0                MM      MM        0
DAYS >= TRACE       0               0.0     0.0        0
DAYS >= 1.0         0               0.0     0.0        0
GREATEST
 SNOW DEPTH         0   MM                             0  MM
 24 HR TOTAL      0.0   MM

DEGREE_DAYS
HEATING TOTAL      67                87     -20       44
 SINCE 7/1          6                26     -20        1
COOLING TOTAL     591               483     108      778
 SINCE 1/1        643               513     130      873

FREEZE DATES
RECORD
 EARLIEST     09/23/1963
 LATEST       05/24/1963
EARLIEST                        10/14
LATEST                          04/29
.........................................................

WIND (MPH)
AVERAGE WIND SPEED              5.9
RESULTANT WIND SPEED/DIRECTION   2/261
HIGHEST WIND SPEED/DIRECTION    37/310    DATE  07/19
HIGHEST GUST SPEED/DIRECTION   270/024    DATE  08/26

SKY COVER
POSSIBLE SUNSHINE (PERCENT)   MM
AVERAGE SKY COVER           0.70

AVERAGE RH (PERCENT)     72


-  INDICATES NEGATIVE NUMBERS.
R  INDICATES RECORD WAS SET OR TIED.
MM INDICATES DATA IS MISSING.
T  INDICATES TRACE AMOUNT.

$$
