000
CXUS51 KBGM 032240
CLSSYR


CLIMATE REPORT
NATIONAL WEATHER SERVICE BINGHAMTON NY
631 PM EDT SAT JUN 3 2017

...................................

...THE SYRACUSE NY CLIMATE SUMMARY FOR THE SEASON, FROM
3/1/2017 TO 5/31/2017...

CLIMATE NORMAL PERIOD 1981 TO 2010
CLIMATE RECORD PERIOD 1902 TO 2017

WEATHER         OBSERVED          NORMAL  DEPART  LAST YEAR`S
                 VALUE   DATE(S)  VALUE   FROM    VALUE  DATE(S)
                                          NORMAL
................................................................
TEMPERATURE (F)
RECORD
 HIGH              96   05/21/1977
 LOW              -16   03/04/1950
HIGHEST            88   05/18        56      32       91  05/28
                        05/17
LOWEST              2   03/05        36     -34        8  03/03
AVG. MAXIMUM     55.0              56.4    -1.4     58.0
AVG. MINIMUM     36.2              36.0     0.2     35.7
MEAN             45.6              46.2    -0.6     46.8
DAYS MAX >= 90      0               0.3    -0.3        1
DAYS MAX <= 32     10               5.5     4.5        6
DAYS MIN <= 32     32              32.6    -0.6       36
DAYS MIN <= 0       0               0.4    -0.4        0

PRECIPITATION (INCHES)
RECORD
 MAXIMUM        20.15   1976
 MINIMUM         5.66   1981
TOTALS          15.26              9.36    5.90     8.04
DAILY AVG.       0.16              0.10    0.06     0.09
DAYS >= .01        49              42.7     6.3       35
DAYS >= .10        36              23.3    12.7       18
DAYS >= .50        11               5.8     5.2        3
DAYS >= 1.00        2               0.8     1.2        1
GREATEST
 24 HR. TOTAL    1.45   04/04 TO 04/04

SNOWFALL (INCHES)
RECORDS
 TOTAL           66.7   1993
 24 HR TOTAL     22.1   03/13/1993 TO 03/13/1993
 SNOW DEPTH        35   03/15/1993
TOTALS           31.2              21.9     9.3     13.5
SINCE 7/1       134.9             123.8    11.1     79.6
SNOWDEPTH AVG.      1                MM      MM        0
DAYS >= TRACE      18              12.6     5.4       19
DAYS >= 1.0         5               6.3    -1.3        3
GREATEST
 SNOW DEPTH        22   03/15                          5  04/05
                                                          04/04
 24 HR TOTAL     20.7   03/14 TO 03/15

DEGREE_DAYS
HEATING TOTAL    1798              1759      39     1699
 SINCE 7/1       6067              6590    -523     5798
COOLING TOTAL      32                30       2       56
 SINCE 1/1         32                30       2       56

FREEZE DATES
RECORD
 EARLIEST     09/23/1963
 LATEST       05/24/1963
EARLIEST                        10/14
LATEST                          04/29
....................................................

WIND (MPH)
AVERAGE WIND SPEED              9.1
RESULTANT WIND SPEED/DIRECTION   2/284
HIGHEST WIND SPEED/DIRECTION    44/260    DATE  03/02
HIGHEST GUST SPEED/DIRECTION    64/270    DATE  03/02

SKY COVER
POSSIBLE SUNSHINE (PERCENT)   MM
AVERAGE SKY COVER           0.80

AVERAGE RH (PERCENT)     72

WEATHER CONDITIONS. NUMBER OF DAYS WITH
THUNDERSTORM              9     MIXED PRECIP               0
HEAVY RAIN               10     RAIN                      24
LIGHT RAIN               49     FREEZING RAIN              0
LT FREEZING RAIN          1     HAIL                       0
HEAVY SNOW                2     SNOW                       8
LIGHT SNOW               18     SLEET                      1
FOG                      52     FOG W/VIS <= 1/4 MILE      3
HAZE                      2

-  INDICATES NEGATIVE NUMBERS.
R  INDICATES RECORD WAS SET OR TIED.
MM INDICATES DATA IS MISSING.
T  INDICATES TRACE AMOUNT.

&&
4TH MOST PRECIPITATION MARCH TO MAY

$$
