000
CXUS51 KBGM 011917
CLSSYR


CLIMATE REPORT
NATIONAL WEATHER SERVICE BINGHAMTON NY
302 PM EDT FRI JUN 1 2012

...................................

...THE SYRACUSE NY CLIMATE SUMMARY FOR THE SEASON, FROM
3/1/2012 TO 5/31/2012...

CLIMATE NORMAL PERIOD 1981 TO 2010
CLIMATE RECORD PERIOD 1902 TO 2012

WEATHER         OBSERVED          NORMAL  DEPART  LAST YEAR`S
                 VALUE   DATE(S)  VALUE   FROM    VALUE  DATE(S)
                                          NORMAL
................................................................
TEMPERATURE (F)
RECORD
 HIGH              96   05/21/1977
 LOW              -16   03/04/1950
HIGHEST            93   05/29        56      37       92  05/31
LOWEST             13   03/05        36     -23        5  03/03
AVG. MAXIMUM     63.2              56.4     6.8     57.7
AVG. MINIMUM     41.2              36.0     5.2     39.2
MEAN             52.2              46.2     6.0     48.4
DAYS MAX >= 90      3               0.3     2.7        2
DAYS MAX <= 32      2               5.5    -3.5        6
DAYS MIN <= 32     23              32.6    -9.6       30
DAYS MIN <= 0       0               0.4    -0.4        0

PRECIPITATION (INCHES)
RECORD
 MAXIMUM        20.15   1976
 MINIMUM         5.66   1981
TOTALS           7.35              9.36   -2.01    15.29
DAILY AVG.       0.08              0.10   -0.02     0.17
DAYS >= .01        38              42.7    -4.7       47
DAYS >= .10        17              23.3    -6.3       27
DAYS >= .50         4               5.8    -1.8       13
DAYS >= 1.00        1               0.8     0.2        3
GREATEST
 24 HR. TOTAL    1.52   05/07 TO 05/08

SNOWFALL (INCHES)
RECORDS
 TOTAL           66.7   1993
 24 HR TOTAL     22.1   03/13/1993 TO 03/13/1993
 SNOW DEPTH        35   03/15/1993
TOTALS            7.2              21.9   -14.7     18.9
SINCE 7/1        50.6             123.8   -73.2    179.4
SNOWDEPTH AVG.      0                MM      MM        1
DAYS >= TRACE      12              12.6    -0.6       23
DAYS >= 1.0         4               6.3    -2.3        3
GREATEST
 SNOW DEPTH         2   03/10                         12  03/07
                        03/05
 24 HR TOTAL      2.7   03/09 TO 03/09

DEGREE_DAYS
HEATING TOTAL    1247              1759    -512     1599
 SINCE 7/1       5113              6590   -1477     6590
COOLING TOTAL      95                30      65       96
 SINCE 1/1         95                30      65       96

FREEZE DATES
RECORD
 EARLIEST     09/23/1963
 LATEST       05/24/1963
EARLIEST                        10/14
LATEST                          04/29
........................................................

WIND (MPH)
AVERAGE WIND SPEED              7.9
RESULTANT WIND SPEED/DIRECTION   3/297
HIGHEST WIND SPEED/DIRECTION    37/290    DATE  03/03
HIGHEST GUST SPEED/DIRECTION    45/270    DATE  03/03

SKY COVER
POSSIBLE SUNSHINE (PERCENT)   MM
AVERAGE SKY COVER           0.70

AVERAGE RH (PERCENT)     65


-  INDICATES NEGATIVE NUMBERS.
R  INDICATES RECORD WAS SET OR TIED.
MM INDICATES DATA IS MISSING.
T  INDICATES TRACE AMOUNT.

&&
WARMEST MARCH TO MAY EVER. OLD RECORD 51.2 IN 1921.

$$

TAC
