000
CXUS51 KBGM 022106
CLSSYR
CLIMATE REPORT
NATIONAL WEATHER SERVICE BINGHAMTON NY
346 PM EST MON DEC 2 2019
...................................
...THE SYRACUSE NY CLIMATE SUMMARY FOR THE SEASON, FROM
9/1/2019 TO 11/30/2019...
CLIMATE NORMAL PERIOD 1981 TO 2010
CLIMATE RECORD PERIOD 1902 TO 2019
WEATHER OBSERVED NORMAL DEPART LAST YEAR`S
VALUE DATE(S) VALUE FROM VALUE DATE(S)
NORMAL
................................................................
TEMPERATURE (F)
RECORD
HIGH 97 09/04/1953
09/03/1953
LOW 11/23/2018
HIGHEST 88 10/01 60 28 92 09/05
LOWEST 13 11/13 42 -29 -1 11/23
AVG. MAXIMUM 60.1 60.2 -0.1 57.3
AVG. MINIMUM 42.1 41.9 0.2 42.8
MEAN 51.1 51.1 0.0 50.0
DAYS MAX >= 90 0 0.4 -0.4 2
DAYS MAX <= 32 6 1.6 4.4 4
DAYS MIN <= 32 20 18.3 1.7 26
DAYS MIN <= 0 0 0.0 0.0 1
PRECIPITATION (INCHES)
RECORD
MAXIMUM 16.60 1977
MINIMUM 4.47 1964
TOTALS 11.60 10.66 0.94 13.76
DAILY AVG. 0.13 0.12 0.01 0.15
DAYS >= .01 38 43.0 -5.0 49
DAYS >= .10 25 23.6 1.4 34
DAYS >= .50 9 6.3 2.7 9
DAYS >= 1.00 4 1.9 2.1 2
GREATEST
24 HR. TOTAL 1.95 10/31 TO 10/31
SNOWFALL (INCHES)
RECORDS
TOTAL 34.2 1995
24 HR TOTAL 18.3 11/21/2016 TO 11/21/2016
SNOW DEPTH 22 11/21/2016
11/22/2016
TOTALS 6.6 9.9 -3.3 22.8
SINCE 7/1 6.6 9.9 -3.3 22.8
SNOWDEPTH AVG. 0 MM MM 1
DAYS >= TRACE 13 6.3 6.7 22
DAYS >= 1.0 2 2.8 -0.8 8
GREATEST
SNOW DEPTH 4 11/13 12 11/16
24 HR TOTAL 3.2 11/12 TO 11/12
DEGREE_DAYS
HEATING TOTAL 1290 1323 -33 1500
SINCE 7/1 1295 1349 -54 1500
COOLING TOTAL 54 56 -2 156
SINCE 1/1 622 569 53 806
FREEZE DATES
RECORD
EARLIEST 09/23/1963
LATEST 05/24/1963
EARLIEST 10/14
LATEST 04/29
.................................................................
WIND (MPH)
AVERAGE WIND SPEED 7.4
RESULTANT WIND SPEED/DIRECTION 2/223
HIGHEST WIND SPEED/DIRECTION 43/250 DATE 11/01
HIGHEST GUST SPEED/DIRECTION 53/250 DATE 11/01
SKY COVER
POSSIBLE SUNSHINE (PERCENT) MM
AVERAGE SKY COVER 0.70
AVERAGE RH (PERCENT) 71
WEATHER CONDITIONS. NUMBER OF DAYS WITH
THUNDERSTORM 5 MIXED PRECIP 0
HEAVY RAIN 8 RAIN 20
LIGHT RAIN 44 FREEZING RAIN 0
LT FREEZING RAIN 1 HAIL 2
HEAVY SNOW 0 SNOW 5
LIGHT SNOW 11 SLEET 2
FOG 49 FOG W/VIS <= 1/4 MILE 3
HAZE 5
- INDICATES NEGATIVE NUMBERS.
R INDICATES RECORD WAS SET OR TIED.
MM INDICATES DATA IS MISSING.
T INDICATES TRACE AMOUNT.
$$
TAC