156
CXUS51 KBGM 032108
CLSSYR


CLIMATE REPORT
NATIONAL WEATHER SERVICE BINGHAMTON NY
357 PM EST FRI MAR 3 2017

...................................

...THE SYRACUSE NY CLIMATE SUMMARY FOR THE SEASON, FROM
12/1/2016 TO 2/28/2017...

CLIMATE NORMAL PERIOD 1981 TO 2010
CLIMATE RECORD PERIOD 1902 TO 2017

WEATHER         OBSERVED          NORMAL  DEPART  LAST YEAR`S
                 VALUE   DATE(S)  VALUE   FROM    VALUE  DATE(S)
                                          NORMAL
................................................................
TEMPERATURE (F)
RECORD
 HIGH              72   12/06/2001
 LOW              -26   02/18/1979
                        01/26/1966
HIGHEST            71   02/24        34      37       68  12/24
LOWEST             -2   12/16        18     -20      -23  02/14
AVG. MAXIMUM     37.8              34.0     3.8     39.5
AVG. MINIMUM     23.5              18.6     4.9     23.6
MEAN             30.7              26.3     4.4     31.5
DAYS MAX >= 90      0               0.0     0.0        0
DAYS MAX <= 32     27              38.6   -11.6       25
DAYS MIN <= 32     74              78.6    -4.6       66
DAYS MIN <= 0       1               6.7    -5.7        3

PRECIPITATION (INCHES)
RECORD
 MAXIMUM        12.98   1959
 MINIMUM         4.57   1979
TOTALS           9.82              7.79    2.03    11.35
DAILY AVG.       0.11              0.09    0.02     0.13
DAYS >= .01        56              53.7     2.3       47
DAYS >= .10        25              21.6     3.4       24
DAYS >= .50         6               3.6     2.4        7
DAYS >= 1.00        0               0.8    -0.8        2
GREATEST
 24 HR. TOTAL    1.03   01/17 TO 01/18

SNOWFALL (INCHES)
RECORDS
 TOTAL          159.7   2011
 24 HR TOTAL     22.0   01/31/1966 TO 01/31/1966
 SNOW DEPTH        48   02/01/1966
                        02/21/1958
                        02/20/1958
TOTALS           78.3              92.0   -13.7     65.3
SINCE 7/1       103.7             101.9     1.8     66.1
SNOWDEPTH AVG.      3                 5      -2        3
DAYS >= TRACE      58              47.5    10.5       48
DAYS >= 1.0        22              25.4    -3.4       18
GREATEST
 SNOW DEPTH        12   02/17                         17  01/20
                        02/13
                        02/14
 24 HR TOTAL      7.3   02/13 TO 02/13

DEGREE_DAYS
HEATING TOTAL    3075              3481    -406     3014
 SINCE 7/1       4269              4831    -562     4076
COOLING TOTAL       0                 0       0        0
 SINCE 1/1          0                 0       0        0

FREEZE DATES
RECORD
 EARLIEST     09/23/1963
 LATEST       05/24/1963
EARLIEST                        10/14
LATEST                          04/29
....................................................

WIND (MPH)
AVERAGE WIND SPEED              10.7
RESULTANT WIND SPEED/DIRECTION   5/247
HIGHEST WIND SPEED/DIRECTION    37/180    DATE  01/11
HIGHEST GUST SPEED/DIRECTION    49/250    DATE  01/04

SKY COVER
POSSIBLE SUNSHINE (PERCENT)   MM
AVERAGE SKY COVER           0.90

AVERAGE RH (PERCENT)     75

WEATHER CONDITIONS. NUMBER OF DAYS WITH
THUNDERSTORM              2     MIXED PRECIP               0
HEAVY RAIN                5     RAIN                       9
LIGHT RAIN               37     FREEZING RAIN              2
LT FREEZING RAIN          8     HAIL                       0
HEAVY SNOW                6     SNOW                      21
LIGHT SNOW               57     SLEET                      5
FOG                      60     FOG W/VIS <= 1/4 MILE      4
HAZE                      8

-  INDICATES NEGATIVE NUMBERS.
R  INDICATES RECORD WAS SET OR TIED.
MM INDICATES DATA IS MISSING.
T  INDICATES TRACE AMOUNT.

&&

7TH WARMEST DECEMBER TO FEBRUARY  WARMEST 34.0 IN 2002

$$
