000
CXUS51 KBGM 041621
CLSSYR


CLIMATE REPORT
NATIONAL WEATHER SERVICE BINGHAMTON NY
1207 PM EDT TUE JUN 4 2013

...................................

...THE SYRACUSE NY CLIMATE SUMMARY FOR THE SEASON, FROM
3/1/2013 TO 5/31/2013...

CLIMATE NORMAL PERIOD 1981 TO 2010
CLIMATE RECORD PERIOD 1902 TO 2013

WEATHER         OBSERVED          NORMAL  DEPART  LAST YEAR`S
                 VALUE   DATE(S)  VALUE   FROM    VALUE  DATE(S)
                                          NORMAL
................................................................
TEMPERATURE (F)
RECORD
 HIGH              96   05/21/1977
 LOW              -16   03/04/1950
HIGHEST            91   05/31        56      35       93  05/29
LOWEST             14   03/18        36     -22       13  03/05
AVG. MAXIMUM     56.5              56.4     0.1     63.2
AVG. MINIMUM     36.9              36.0     0.9     41.2
MEAN             46.7              46.2     0.5     52.2
DAYS MAX >= 90      1               0.3     0.7        3
DAYS MAX <= 32      8               5.5     2.5        2
DAYS MIN <= 32     39              32.6     6.4       23
DAYS MIN <= 0       0               0.4    -0.4        0

PRECIPITATION (INCHES)
RECORD
 MAXIMUM        20.15   1976
 MINIMUM         5.66   1981
TOTALS           9.52              9.36    0.16     7.35
DAILY AVG.       0.10              0.10    0.00     0.08
DAYS >= .01        42              42.7    -0.7       38
DAYS >= .10        24              23.3     0.7       17
DAYS >= .50         6               5.8     0.2        4
DAYS >= 1.00        1               0.8     0.2        1
GREATEST
 24 HR. TOTAL    1.40   05/28 TO 05/29           05/07 TO 05/08

SNOWFALL (INCHES)
RECORDS
 TOTAL           66.7   1993
 24 HR TOTAL     22.1   03/13/1993 TO 03/13/1993
 SNOW DEPTH        35   03/15/1993
TOTALS           32.2              21.9    10.3      7.2
SINCE 7/1       115.4             123.8    -8.4     50.6
SNOWDEPTH AVG.      1                MM      MM        0
DAYS >= TRACE      33              12.6    20.4       12
DAYS >= 1.0         7               6.3     0.7        4
GREATEST
 SNOW DEPTH         8   04/03                          2  03/10
                        03/23                             03/05
 24 HR TOTAL     10.5   04/02 TO 04/02           03/09 TO 03/09

DEGREE_DAYS
HEATING TOTAL    1715              1759     -44     1247
 SINCE 7/1       6086              6590     504     5113
COOLING TOTAL      52                30      22       95
 SINCE 1/1         52                30      22       95

FREEZE DATES
RECORD
 EARLIEST     09/23/1963
 LATEST       05/24/1963
EARLIEST                        10/14
LATEST                          04/29
..........................................................

WIND (MPH)
AVERAGE WIND SPEED              9.0
RESULTANT WIND SPEED/DIRECTION   3/262
HIGHEST WIND SPEED/DIRECTION    36/250    DATE  04/20
HIGHEST GUST SPEED/DIRECTION    45/310    DATE  05/29

SKY COVER
POSSIBLE SUNSHINE (PERCENT)   MM
AVERAGE SKY COVER           0.70

AVERAGE RH (PERCENT)     63


-  INDICATES NEGATIVE NUMBERS.
R  INDICATES RECORD WAS SET OR TIED.
MM INDICATES DATA IS MISSING.
T  INDICATES TRACE AMOUNT.

$$

TAC
