000
CXUS51 KBGM 072117
CLSSYR


CLIMATE REPORT
NATIONAL WEATHER SERVICE BINGHAMTON NY
508 PM EDT SUN JUN 7 2015

...................................

...THE SYRACUSE NY CLIMATE SUMMARY FOR THE SEASON, FROM
3/1/2015 TO 5/31/2015...

CLIMATE NORMAL PERIOD 1981 TO 2010
CLIMATE RECORD PERIOD 1902 TO 2015

WEATHER         OBSERVED          NORMAL  DEPART  LAST YEAR`S
                 VALUE   DATE(S)  VALUE   FROM    VALUE  DATE(S)
                                          NORMAL
................................................................
TEMPERATURE (F)
RECORD
 HIGH              96   05/21/1977
 LOW              -16   03/04/1950
HIGHEST            90   05/08        56      34       86  05/27
LOWEST             -7   03/01        36     -43       -8  03/06
AVG. MAXIMUM     56.4              56.4     0.0     54.5
AVG. MINIMUM     35.2              36.0    -0.8     33.4
MEAN             45.8              46.2    -0.4     44.0
DAYS MAX >= 90      1               0.3     0.7        0
DAYS MAX <= 32     11               5.5     5.5       12
DAYS MIN <= 32     37              32.6     4.4       41
DAYS MIN <= 0       3               0.4     2.6        2

PRECIPITATION (INCHES)
RECORD
 MAXIMUM        20.15   1976
 MINIMUM         5.66   1981
TOTALS           8.24              9.36   -1.12    11.83
DAILY AVG.       0.09              0.10   -0.01     0.13
DAYS >= .01        42              42.7    -0.7       41
DAYS >= .10        24              23.3     0.7       23
DAYS >= .50         4               5.8    -1.8        8
DAYS >= 1.00        1               0.8     0.2        5
GREATEST
 24 HR. TOTAL    1.69   05/30 TO 05/31

SNOWFALL (INCHES)
RECORDS
 TOTAL           66.7   1993
 24 HR TOTAL     22.1   03/13/1993 TO 03/13/1993
 SNOW DEPTH        35   03/15/1993
TOTALS           12.9              21.9    -9.0     22.1
SINCE 7/1       117.4             123.8    -6.4    131.8
SNOWDEPTH AVG.      4                MM      MM        2
DAYS >= TRACE      25              12.6    12.4       26
DAYS >= 1.0         5               6.3    -1.3        4
GREATEST
 SNOW DEPTH        29   03/04                         14  03/13
                        03/02
 24 HR TOTAL      2.9   03/01 TO 03/02

DEGREE_DAYS
HEATING TOTAL    1844              1759      85     1969
 SINCE 7/1       7068              6590     478     7056
COOLING TOTAL     105                30      75       56
 SINCE 1/1        105                30      75       56

FREEZE DATES
RECORD
 EARLIEST     09/23/1963
 LATEST       05/24/1963
EARLIEST                        10/14
LATEST                          04/29
....................................................

WIND (MPH)
AVERAGE WIND SPEED              8.9
RESULTANT WIND SPEED/DIRECTION   4/269
HIGHEST WIND SPEED/DIRECTION    33/280    DATE  03/02
HIGHEST GUST SPEED/DIRECTION    43/310    DATE  03/17

SKY COVER
POSSIBLE SUNSHINE (PERCENT)   MM
AVERAGE SKY COVER           0.70

AVERAGE RH (PERCENT)     64


-  INDICATES NEGATIVE NUMBERS.
R  INDICATES RECORD WAS SET OR TIED.
MM INDICATES DATA IS MISSING.
T  INDICATES TRACE AMOUNT.

$$

TAC
