000
CXUS51 KBGM 011318
CLSSYR


CLIMATE REPORT
NATIONAL WEATHER SERVICE BINGHAMTON NY
817 AM EST SUN DEC 1 2013

...................................

...THE SYRACUSE NY CLIMATE SUMMARY FOR THE SEASON, FROM
9/1/2013 TO 11/30/2013...

CLIMATE NORMAL PERIOD 1981 TO 2010
CLIMATE RECORD PERIOD 1902 TO 2013

WEATHER         OBSERVED          NORMAL  DEPART  LAST YEAR`S
                 VALUE   DATE(S)  VALUE   FROM    VALUE  DATE(S)
                                          NORMAL
................................................................
TEMPERATURE (F)
RECORD
 HIGH              97   09/04/1953
                        09/03/1953
 LOW                5   11/30/1976
                        11/24/1956
HIGHEST            94   09/11        60      34       87  09/14
                                                          09/13
LOWEST              7   11/30        42     -35       24  11/18
                                                          11/07
                                                          11/16
AVG. MAXIMUM     60.4              60.2     0.2     61.4
AVG. MINIMUM     41.4              41.9    -0.5     43.4
MEAN             50.9              51.1    -0.2     52.4
DAYS MAX >= 90      1               0.4     0.6       MM
DAYS MAX <= 32      3               1.6     1.4       MM
DAYS MIN <= 32     18              18.3    -0.3       MM
DAYS MIN <= 0       0               0.0     0.0       MM

PRECIPITATION (INCHES)
RECORD
 MAXIMUM        16.60   1977
 MINIMUM         4.47   1964
TOTALS          10.95             10.66    0.29     8.51
DAILY AVG.       0.12              0.12    0.00     0.09
DAYS >= .01        49              43.0     6.0       MM
DAYS >= .10        26              23.6     2.4       MM
DAYS >= .50         9               6.3     2.7       MM
DAYS >= 1.00        0               1.9    -1.9       MM
GREATEST
 24 HR. TOTAL    1.48   MM                       11/30 TO 11/30
                                                          11/30 TO 11/30
                                                          11/30 TO 11/30
 STORM TOTAL       MM                                 MM
 (MM/DD(HH))            MM                    11/30(00) TO 11/30(00)
                                                 11/30(00) TO 11/30(00)0
                                                 11/30(00) TO 11/30(00)0

SNOWFALL (INCHES)
RECORDS
 TOTAL           34.2   1995
 24 HR TOTAL     11.9   11/06/1973 TO 11/06/1973
 SNOW DEPTH        14   11/07/1973
TOTALS           14.3               9.9     4.4      2.8
SINCE 7/1        14.3               9.9     4.4      2.8
SNOWDEPTH AVG.      0                MM      MM        0
DAYS >= TRACE      19               6.3    12.7       MM
DAYS >= 1.0         4               2.8     1.2       MM
GREATEST
 SNOW DEPTH         6   11/24                          1  11/25
 24 HR TOTAL      4.5   MM                       11/30 TO 11/30
                                                          11/30 TO 11/30
                                                          11/30 TO 11/30
 STORM TOTAL       MM                                 MM
 (MM/DD(HH))            MM                    11/30(00) TO 11/30(00)
                                                 11/30(00) TO 11/30(00)0
                                                 11/30(00) TO 11/30(00)0

DEGREE_DAYS
HEATING TOTAL    1327              1323       4     1204
 SINCE 7/1         MM              1349      MM       MM
COOLING TOTAL      69                56      13       80
 SINCE 1/1        712               569     143      953

FREEZE DATES
RECORD
 EARLIEST     09/23/1963
 LATEST       05/24/1963
EARLIEST                        10/14
LATEST                          04/29
.................................................

WIND (MPH)
AVERAGE WIND SPEED              7.7
RESULTANT WIND SPEED/DIRECTION   3/237
HIGHEST WIND SPEED/DIRECTION    38/230    DATE  11/18
HIGHEST GUST SPEED/DIRECTION    53/260    DATE  10/07

SKY COVER
POSSIBLE SUNSHINE (PERCENT)   MM
AVERAGE SKY COVER           0.70

AVERAGE RH (PERCENT)     70


-  INDICATES NEGATIVE NUMBERS.
R  INDICATES RECORD WAS SET OR TIED.
MM INDICATES DATA IS MISSING.
T  INDICATES TRACE AMOUNT.

$$
