000
CXUS51 KBGM 031837 CCA
CLSSYR

CLIMATE REPORT
NATIONAL WEATHER SERVICE BINGHAMTON NY
135 PM EST MON DEC 3 2012

...................................

...THE SYRACUSE NY CLIMATE SUMMARY FOR THE SEASON, FROM
9/1/2012 TO 11/30/2012...

CLIMATE NORMAL PERIOD 1981 TO 2010
CLIMATE RECORD PERIOD 1902 TO 2012

WEATHER         OBSERVED          NORMAL  DEPART  LAST YEAR`S
                 VALUE   DATE(S)  VALUE   FROM    VALUE  DATE(S)
                                          NORMAL
................................................................
TEMPERATURE (F)
RECORD
 HIGH              97   09/04/1953
                        09/03/1953
 LOW                5   11/30/1976
                        11/24/1956
HIGHEST            87   09/14        60      27       90  09/03
                        09/13
LOWEST             24   11/18        42     -18       23  11/22
                        11/07
                        11/16
AVG. MAXIMUM     61.4              60.2     1.2     64.7
AVG. MINIMUM     43.4              41.9     1.5     45.6
MEAN             52.4              51.1     1.3     55.1
DAYS MAX >= 90      0               0.4    -0.4        1
DAYS MAX <= 32      0               1.6    -1.6        0
DAYS MIN <= 32     22              18.3     3.7       16
DAYS MIN <= 0       0               0.0     0.0        0

PRECIPITATION (INCHES)
RECORD
 MAXIMUM        16.60   1977
 MINIMUM         4.47   1964
TOTALS           8.51             10.66   -2.15    12.92
DAILY AVG.       0.09              0.12   -0.03     0.14
DAYS >= .01        44              43.0     1.0       44
DAYS >= .10        23              23.6    -0.6       27
DAYS >= .50         5               6.3    -1.3        7
DAYS >= 1.00        0               1.9    -1.9        1
GREATEST
 24 HR. TOTAL    0.84   10/19

SNOWFALL (INCHES)
RECORDS
 TOTAL           34.2   1995
 24 HR TOTAL     11.9   11/06/1973 TO 11/06/1973
 SNOW DEPTH        14   11/07/1973
TOTALS            2.8               9.9    -7.1      0.6
SINCE 7/1         2.8               9.9    -7.1      0.6
SNOWDEPTH AVG.      0                MM      MM        0
DAYS >= TRACE       8               6.3     1.7        5
DAYS >= 1.0         0               2.8    -2.8        0
GREATEST
 SNOW DEPTH         1   11/25                          T  11/18
 24 HR TOTAL      0.9   11/25
                        11/26

DEGREE_DAYS
HEATING TOTAL    1204              1323    -119      981
 SINCE 7/1       1205              1349    -144       MM
COOLING TOTAL      80                56      24      104
 SINCE 1/1        953               569     384      911

FREEZE DATES
RECORD
 EARLIEST     09/23/1963
 LATEST       05/24/1963
EARLIEST                        10/14
LATEST                          04/29
.........................................................

WIND (MPH)
AVERAGE WIND SPEED              7.2
RESULTANT WIND SPEED/DIRECTION   2/231
HIGHEST WIND SPEED/DIRECTION    38/260    DATE  09/14
HIGHEST GUST SPEED/DIRECTION    47/260    DATE  09/14

SKY COVER
POSSIBLE SUNSHINE (PERCENT)   MM
AVERAGE SKY COVER           0.70

AVERAGE RH (PERCENT)     71


-  INDICATES NEGATIVE NUMBERS.
R  INDICATES RECORD WAS SET OR TIED.
MM INDICATES DATA IS MISSING.
T  INDICATES TRACE AMOUNT.

&&
CORRECTED TO ADD DATES AND HEATING DEGREE TOTALS

$$

TAC
