000
CXUS51 KBGM 010723
CLSSYR
CLIMATE REPORT
NATIONAL WEATHER SERVICE BINGHAMTON, NY
323 AM EDT WED JUN 01 2022
...................................
...THE SYRACUSE NY CLIMATE SUMMARY FOR THE SEASON, FROM
3/1/2022 TO 5/31/2022...
CLIMATE NORMAL PERIOD 1991 TO 2020
CLIMATE RECORD PERIOD 1902 TO 2022
WEATHER OBSERVED NORMAL DEPART LAST YEAR`S
VALUE DATE(S) VALUE FROM VALUE DATE(S)
NORMAL
................................................................
TEMPERATURE (F)
RECORD
HIGH 96 05/21/1977
LOW -16 03/04/1950
HIGHEST 91 05/21 56 35 93 05/21
LOWEST 11 03/04 36 -25 8 03/08
AVG. MAXIMUM 58.8 56.0 2.8 60.0
AVG. MINIMUM 37.4 36.2 1.2 37.7
MEAN 48.1 46.1 2.0 48.9
DAYS MAX >= 90 1 0.5 0.5 3
DAYS MAX <= 32 4 6.6 -2.6 5
DAYS MIN <= 32 32 34.6 -2.6 28
DAYS MIN <= 0 0 0.6 -0.6 0
PRECIPITATION (INCHES)
RECORD
MAXIMUM 20.15 1976
MINIMUM 5.66 1981
TOTALS 8.00 9.94 -1.94 6.43
DAILY AVG. 0.09 0.11 -0.02 0.07
DAYS >= .01 49 43.2 5.8 40
DAYS >= .10 21 23.7 -2.7 25
DAYS >= .50 4 6.0 -2.0 2
DAYS >= 1.00 1 1.2 -0.2 0
GREATEST
24 HR. TOTAL 1.38 04/06 TO 04/07 0.65 04/29 TO 04/30
STORM TOTAL 1.38 MM
(MM/DD(HH)) MM
SNOWFALL (INCHES)
RECORDS
TOTAL 66.7 1993
24 HR TOTAL 22.1 03/13/1993 TO 03/13/1993
SNOW DEPTH 35 03/15/1993
TOTALS 17.9 22.9 -5.0 8.9
SINCE 7/1 76.0 127.8 -51.8 MM
SNOWDEPTH AVG. 0 0
DAYS >= TRACE 25 12.7 12.3 12
DAYS >= 1.0 7 5.9 1.1 4
GREATEST
SNOW DEPTH 6 03/28 3 03/07
03/29
03/29
04/22
04/22
24 HR TOTAL 5.5 03/27 TO 03/28 3.1 04/21 TO 04/22
STORM TOTAL 6.8 MM
(MM/DD(HH)) MM
DEGREE DAYS
HEATING TOTAL 1594 1776 -182 1516
SINCE 7/1 5816 6532 -716 MM
COOLING TOTAL 66 38 28 59
SINCE 1/1 66 38 28 MM
FREEZE DATES
RECORD
EARLIEST 09/23/1963
LATEST 05/24/1963
EARLIEST 11/03
LATEST 04/22
................................................................
WIND (MPH)
AVERAGE WIND SPEED 8.5
RESULTANT WIND SPEED/DIRECTION 3/270
HIGHEST WIND SPEED/DIRECTION 38/260 DATE 05/16
HIGHEST GUST SPEED/DIRECTION 52/190 DATE 05/16
SKY COVER
POSSIBLE SUNSHINE (PERCENT) MM
AVERAGE SKY COVER 0.72
AVERAGE RH (PERCENT) 65
WEATHER CONDITIONS. NUMBER OF DAYS WITH
THUNDERSTORM 4 MIXED PRECIP 1
HEAVY RAIN 6 RAIN 13
LIGHT RAIN 51 FREEZING RAIN 0
LT FREEZING RAIN 0 HAIL 4
HEAVY SNOW 3 SNOW 5
LIGHT SNOW 24 SLEET 2
FOG 41 FOG W/VIS <= 1/4 MILE 3
HAZE 5
- INDICATES NEGATIVE NUMBERS.
R INDICATES RECORD WAS SET OR TIED.
MM INDICATES DATA IS MISSING.
T INDICATES TRACE AMOUNT.
$$