000
CXUS51 KBGM 010851
CLSSYR


CLIMATE REPORT
NATIONAL WEATHER SERVICE BINGHAMTON NY
335 AM EST THU DEC 1 2011

...................................

...THE SYRACUSE NY CLIMATE SUMMARY FOR THE SEASON, FROM
9/1/2011 TO 11/30/2011...

CLIMATE NORMAL PERIOD 1981 TO 2010
CLIMATE RECORD PERIOD 1902 TO 2011

WEATHER         OBSERVED          NORMAL  DEPART  LAST YEAR`S
                 VALUE   DATE(S)  VALUE   FROM    VALUE  DATE(S)
                                          NORMAL
................................................................
TEMPERATURE (F)
RECORD
 HIGH              97   09/04/1953
                        09/03/1953
 LOW                5   11/30/1976
                        11/24/1956
HIGHEST            90   09/03        60      30       92  09/02
LOWEST             23   11/22        42     -19       24  11/29
                                                          11/13
                                                          11/25
AVG. MAXIMUM     64.7              60.2     4.5     60.7
AVG. MINIMUM     45.6              41.9     3.7     42.9
MEAN             55.1              51.1     4.0     51.8
DAYS MAX >= 90      1               0.4     0.6        4
DAYS MAX <= 32      0               1.6    -1.6        0
DAYS MIN <= 32     16              18.3    -2.3       17
DAYS MIN <= 0       0               0.0     0.0        0

PRECIPITATION (INCHES)
RECORD
 MAXIMUM        16.60   1977
 MINIMUM         4.47   1964
TOTALS          12.92             10.66    2.26    12.29
DAILY AVG.       0.14              0.12    0.02     0.14
DAYS >= .01        44              43.0     1.0       47
DAYS >= .10        27              23.6     3.4       26
DAYS >= .50         7               6.3     0.7        6
DAYS >= 1.00        1               1.9    -0.9        1
GREATEST
 24 HR. TOTAL    2.65   09/07 TO 09/08

SNOWFALL (INCHES)
RECORDS
 TOTAL           34.2   1995
 24 HR TOTAL     11.9   11/06/1973 TO 11/06/1973
 SNOW DEPTH        14   11/07/1973
TOTALS            0.6               9.9    -9.3      0.8
SINCE 7/1         0.6               9.9    -9.3      0.8
SNOWDEPTH AVG.      0                MM      MM        0
DAYS >= TRACE       5               6.3    -1.3       12
DAYS >= 1.0         0               2.8    -2.8        0
GREATEST
 SNOW DEPTH         T   11/18                          T  11/28
                                                          11/24
                                                          11/27
 24 HR TOTAL      0.6   11/18 TO 11/18           11/24 TO 11/24

DEGREE_DAYS
HEATING TOTAL     981              1323    -342     1260
 SINCE 7/1        983              1349    -366     1267
COOLING TOTAL     104                56      48       73
 SINCE 1/1        911               569     342      796

FREEZE DATES
RECORD
 EARLIEST     09/23/1963
 LATEST       05/24/1963
EARLIEST                        10/14
LATEST                          04/29
..........................................................

WIND (MPH)
AVERAGE WIND SPEED              6.8
RESULTANT WIND SPEED/DIRECTION   2/243
HIGHEST WIND SPEED/DIRECTION    33/290    DATE  11/11
HIGHEST GUST SPEED/DIRECTION    44/280    DATE  10/15

SKY COVER
POSSIBLE SUNSHINE (PERCENT)   MM
AVERAGE SKY COVER           0.70

AVERAGE RH (PERCENT)     70


-  INDICATES NEGATIVE NUMBERS.
R  INDICATES RECORD WAS SET OR TIED.
MM INDICATES DATA IS MISSING.
T  INDICATES TRACE AMOUNT.

&&
THIRD WARMEST SEASONAL TEMPERATURE  RECORD 57.9 IN 1931
TIED EIGHTH LOWEST SEASONAL SNOWFALL

$$

TAC
