000
CXUS51 KBGM 011930
CLSSYR


CLIMATE REPORT
NATIONAL WEATHER SERVICE BINGHAMTON NY
323 PM EDT SAT SEP 1 2012

...................................

...THE SYRACUSE NY CLIMATE SUMMARY FOR THE SEASON, FROM
6/1/2012 TO 8/31/2012...

CLIMATE NORMAL PERIOD 1981 TO 2010
CLIMATE RECORD PERIOD 1902 TO 2012

WEATHER         OBSERVED          NORMAL  DEPART  LAST YEAR`S
                 VALUE   DATE(S)  VALUE   FROM    VALUE  DATE(S)
                                          NORMAL
................................................................
TEMPERATURE (F)
RECORD
 HIGH             101   07/17/2012
                        08/14/2002
                        07/21/2011
 LOW               35   06/01/1966
HIGHEST           101R  07/17        79      22      101  07/21
LOWEST             46   06/05        58     -12       48  06/03
AVG. MAXIMUM     84.0              79.7     4.3     82.4
AVG. MINIMUM     61.3              58.9     2.4     61.9
MEAN             72.7              69.3     3.4     72.2
DAYS MAX >= 90     23               6.1    16.9       10
DAYS MAX <= 32      0               0.0     0.0        0
DAYS MIN <= 32      0               0.0     0.0        0
DAYS MIN <= 0       0               0.0     0.0        0

PRECIPITATION (INCHES)
RECORD
 MAXIMUM        19.51   1972
 MINIMUM         5.33   1965
TOTALS           6.39             10.66   -4.27    13.27
DAILY AVG.       0.07              0.12   -0.05     0.14
DAYS >= .01        29              34.2    -5.2       32
DAYS >= .10        21              21.2    -0.2       24
DAYS >= .50         2               7.0    -5.0       12
DAYS >= 1.00        0               1.8    -1.8        3
GREATEST
 24 HR. TOTAL    0.74   08/27 TO 08/28

SNOWFALL (INCHES)
RECORDS
 TOTAL              T   2008
                        2005
 24 HR TOTAL        T   08/07/2008 TO 08/07/2008
                        06/16/2008 TO 06/16/2008
 SNOW DEPTH         0   MM
TOTALS            0.0               0.0     0.0      0.0
SINCE 7/1         0.0               0.0     0.0      0.0
SNOWDEPTH AVG.      0                MM      MM        0
DAYS >= TRACE       0               0.0     0.0        0
DAYS >= 1.0         0               0.0     0.0        0
GREATEST
 SNOW DEPTH         0   MM                             0  MM
 24 HR TOTAL      0.0   MM

DEGREE_DAYS
HEATING TOTAL      44                87     -43       23
 SINCE 7/1          1                26     -25        2
COOLING TOTAL     778               483     295      711
 SINCE 1/1        873               513     360      807

FREEZE DATES
RECORD
 EARLIEST     09/23/1963
 LATEST       05/24/1963
EARLIEST                        10/14
LATEST                          04/29
.................................................

WIND (MPH)
AVERAGE WIND SPEED              6.4
RESULTANT WIND SPEED/DIRECTION   2/261
HIGHEST WIND SPEED/DIRECTION    40/250    DATE  08/09
HIGHEST GUST SPEED/DIRECTION    54/230    DATE  08/09

SKY COVER
POSSIBLE SUNSHINE (PERCENT)   MM
AVERAGE SKY COVER           0.60

AVERAGE RH (PERCENT)     66


-  INDICATES NEGATIVE NUMBERS.
R  INDICATES RECORD WAS SET OR TIED.
MM INDICATES DATA IS MISSING.
T  INDICATES TRACE AMOUNT.

&&
4TH WARMEST JUNE TO AUGUST
9TH LOWEST PRECIPITATION JUNE TO AUGUST

$$
