000
CXUS51 KBGM 032005
CLSSYR


CLIMATE REPORT
NATIONAL WEATHER SERVICE BINGHAMTON NY
252 PM EST THU MAR 3 2011

...................................

...THE SYRACUSE NY CLIMATE SUMMARY FOR THE SEASON, FROM
12/1/2010 TO 2/28/2011...

CLIMATE NORMAL PERIOD 1971 TO 2000
CLIMATE RECORD PERIOD 1902 TO 2011

WEATHER         OBSERVED          NORMAL  DEPART  LAST YEAR`S
                 VALUE   DATE(S)  VALUE   FROM    VALUE  DATE(S)
                                          NORMAL
................................................................
TEMPERATURE (F)
RECORD
 HIGH              72   12/06/2001
 LOW              -26   02/18/1979
                        01/26/1966
HIGHEST            63   12/01        34      29       58  12/03
LOWEST            -13   01/24        18     -31       -9  01/10
AVG. MAXIMUM     30.5              34.0    -3.5     31.9
AVG. MINIMUM     16.3              18.0    -1.7     19.6
MEAN             23.4              25.8    -2.4     25.7
DAYS MAX >= 90      0               0.0     0.0        0
DAYS MAX <= 32     64              43.0    21.0       49
DAYS MIN <= 32     87              80.0     7.0       84
DAYS MIN <= 0       6               9.0    -3.0        4

PRECIPITATION (INCHES)
RECORD
 MAXIMUM        12.98   1959
 MINIMUM         4.57   1979
TOTALS           6.50              7.53   -1.03     5.49
DAILY AVG.       0.08              0.08    0.00     0.06
DAYS >= .01        52              53.0    -1.0       49
DAYS >= .10        15              22.0    -7.0       16
DAYS >= .50         2               3.0    -1.0        3
DAYS >= 1.00        1               0.0     1.0        0
GREATEST
 24 HR. TOTAL      MM                            02/25 TO 02/26

SNOWFALL (INCHES)
RECORDS
 TOTAL          146.0   2004
 24 HR TOTAL     22.0   01/31/1966 TO 01/31/1966
 SNOW DEPTH        48   02/01/1966
                        02/21/1958
                        02/20/1958
TOTALS          159.3R             81.0    78.3    105.7
SINCE 7/1       160.1              88.9    71.2    106.0
SNOWDEPTH AVG.      9                 5       4        5
DAYS >= TRACE      75              64.0    11.0       73
DAYS >= 1.0        38              23.0    15.0       25
GREATEST
 SNOW DEPTH        21   12/09                         24  01/04
                        12/08
 24 HR TOTAL     15.0   12/15 TO 12/16           02/25 TO 02/26

DEGREE_DAYS
HEATING TOTAL    3724              3540     184     3512
 SINCE 7/1       4991              4941      50     4794
COOLING TOTAL       0                 0       0        0
 SINCE 1/1          0                 0       0        0

FREEZE DATES
RECORD
 EARLIEST     09/23/1963
 LATEST       05/24/1963
EARLIEST                        10/14
LATEST                          04/29
.................................................................

WIND (MPH)
AVERAGE WIND SPEED              8.6
RESULTANT WIND SPEED/DIRECTION   4/297
HIGHEST WIND SPEED/DIRECTION    43/300    DATE  02/18
HIGHEST GUST SPEED/DIRECTION    55/310    DATE  02/18

SKY COVER
POSSIBLE SUNSHINE (PERCENT)   43


AVERAGE RH (PERCENT)     75


-  INDICATES NEGATIVE NUMBERS.
R  INDICATES RECORD WAS SET OR TIED.
MM INDICATES DATA IS MISSING.
T  INDICATES TRACE AMOUNT.

&&
RECORD SNOWFALL FOR SEASON

$$

TAC
