000
CXUS51 KBGM 061653
CLSSYR


CLIMATE REPORT
NATIONAL WEATHER SERVICE BINGHAMTON NY
1246 PM EDT TUE SEP 6 2011

...................................

...THE SYRACUSE NY CLIMATE SUMMARY FOR THE SEASON, FROM
6/1/2011 TO 8/31/2011...

CLIMATE NORMAL PERIOD 1981 TO 2010
CLIMATE RECORD PERIOD 1902 TO 2011

WEATHER         OBSERVED          NORMAL  DEPART  LAST YEAR`S
                 VALUE   DATE(S)  VALUE   FROM    VALUE  DATE(S)
                                          NORMAL
................................................................
TEMPERATURE (F)
RECORD
 HIGH             101   08/14/2002
 LOW               35   06/01/1966
HIGHEST           101R  07/21        79      22       94  07/08
                                                          07/05
                                                          07/06
LOWEST             48   06/03        58     -10       47  06/09
AVG. MAXIMUM     82.4              79.7     2.7     80.8
AVG. MINIMUM     61.9              58.9     3.0     61.5
MEAN             72.2              69.3     2.9     71.1
DAYS MAX >= 90     10               6.1     3.9        9
DAYS MAX <= 32      0               0.0     0.0        0
DAYS MIN <= 32      0               0.0     0.0        0
DAYS MIN <= 0       0               0.0     0.0        0

PRECIPITATION (INCHES)
RECORD
 MAXIMUM        19.51   1972
 MINIMUM         5.33   1965
TOTALS          13.27             10.66    2.61    17.21
DAILY AVG.       0.14              0.12    0.02     0.19
DAYS >= .01        32              34.2    -2.2       37
DAYS >= .10        24              21.2     2.8       24
DAYS >= .50        12               7.0     5.0       10
DAYS >= 1.00        3               1.8     1.2        5
GREATEST
 24 HR. TOTAL    1.60   08/09 TO 08/10

SNOWFALL (INCHES)
RECORDS
 TOTAL              T   2008
                        2005
 24 HR TOTAL        T   08/07/2008 TO 08/07/2008
                        06/16/2008 TO 06/16/2008
 SNOW DEPTH         0   MM
TOTALS            0.0               0.0     0.0      0.0
SINCE 7/1         0.0               0.0     0.0      0.0
SNOWDEPTH AVG.      0                MM      MM        0
DAYS >= TRACE       0               0.0     0.0        0
DAYS >= 1.0         0               0.0     0.0        0
GREATEST
 SNOW DEPTH         0   MM                             0  MM
 24 HR TOTAL      0.0   MM

DEGREE_DAYS
HEATING TOTAL      23                87     -64       47
 SINCE 7/1          2                26     -24        7
COOLING TOTAL     711               483     228      633
 SINCE 1/1        807               513     294      723

FREEZE DATES
RECORD
 EARLIEST     09/23/1963
 LATEST       05/24/1963
EARLIEST                        10/14
LATEST                          04/29
....................................................

WIND (MPH)
AVERAGE WIND SPEED              6.3
RESULTANT WIND SPEED/DIRECTION   3/305
HIGHEST WIND SPEED/DIRECTION    37/290    DATE  08/25
HIGHEST GUST SPEED/DIRECTION    48/290    DATE  08/25

SKY COVER
POSSIBLE SUNSHINE (PERCENT)   53
AVERAGE SKY COVER           0.70

AVERAGE RH (PERCENT)     66


-  INDICATES NEGATIVE NUMBERS.
R  INDICATES RECORD WAS SET OR TIED.
MM INDICATES DATA IS MISSING.
T  INDICATES TRACE AMOUNT.

&&
4TH WARMEST JUNE TO AUGUST
$$
