000
CXUS51 KBGM 040040
CLSSYR

CLIMATE REPORT
NATIONAL WEATHER SERVICE BINGHAMTON NY
731 PM EST FRI DEC 3 2010

...................................

...THE SYRACUSE NY CLIMATE SUMMARY FOR THE SEASON, FROM
9/1/2010 TO 11/30/2010...

CLIMATE NORMAL PERIOD 1971 TO 2000
CLIMATE RECORD PERIOD 1902 TO 2010

WEATHER         OBSERVED          NORMAL  DEPART  LAST YEAR`S
                 VALUE   DATE(S)  VALUE   FROM    VALUE  DATE(S)
                                          NORMAL
................................................................
TEMPERATURE (F)
RECORD
 HIGH              97   09/04/1953
                        09/03/1953
 LOW                5   11/30/1976
                        11/24/1956
HIGHEST            92   09/02        60      32       83  09/23
LOWEST             24   11/29        42     -18       23  11/13
                        11/13
                        11/25
AVG. MAXIMUM     60.7              60.0     0.7     60.6
AVG. MINIMUM     42.9              42.0     0.9     41.9
MEAN             51.8              50.9     0.9     51.2
DAYS MAX >= 90      4               0.0     4.0        0
DAYS MAX <= 32      0               1.0    -1.0        0
DAYS MIN <= 32     17              19.0    -2.0       19
DAYS MIN <= 0       0               0.0     0.0        0

PRECIPITATION (INCHES)
RECORD
 MAXIMUM        16.60   1977
 MINIMUM         4.47   1964
TOTALS          12.29             10.65    1.64     8.51
DAILY AVG.       0.14              0.12    0.02     0.09
DAYS >= .01        47              40.0     7.0       35
DAYS >= .10        26              23.0     3.0       22
DAYS >= .50         6               6.0     0.0        5
DAYS >= 1.00        1               2.0    -1.0        1
GREATEST
 24 HR. TOTAL    2.86   09/30 TO 10/01

SNOWFALL (INCHES)
RECORDS
 TOTAL           34.2   1995
 24 HR TOTAL     11.9   11/06/1973 TO 11/06/1973
 SNOW DEPTH        14   11/07/1973
TOTALS            0.8               9.7    -8.9      0.3
SINCE 7/1         0.8              11.2   -10.4      0.3
SNOWDEPTH AVG.      0                 0       0        0
DAYS >= TRACE      12              12.0     0.0        5
DAYS >= 1.0         0               3.0    -3.0        0
GREATEST
 SNOW DEPTH         T   11/28                         -1  11/06
                        11/24
                        11/27
 24 HR TOTAL      0.3   11/24 TO 11/24           11/06 TO 11/06
                        11/19 TO 11/19

DEGREE_DAYS
HEATING TOTAL    1260              1366    -106     1258
 SINCE 7/1       1267              1401    -134     1282
COOLING TOTAL      73                51      22       27
 SINCE 1/1        796               551     245      432

FREEZE DATES
RECORD
 EARLIEST     09/23/1963
 LATEST       05/24/1963
EARLIEST                        10/14
LATEST                          04/29
.................................................................

WIND (MPH)
AVERAGE WIND SPEED              7.8
RESULTANT WIND SPEED/DIRECTION   3/286
HIGHEST WIND SPEED/DIRECTION    39/280    DATE  11/17
HIGHEST GUST SPEED/DIRECTION    51/280    DATE  11/17

SKY COVER
POSSIBLE SUNSHINE (PERCENT)   MM


AVERAGE RH (PERCENT)     72


-  INDICATES NEGATIVE NUMBERS.
R  INDICATES RECORD WAS SET OR TIED.
MM INDICATES DATA IS MISSING.
T  INDICATES TRACE AMOUNT.

$$

TAC
