000
CXUS51 KBGM 011015
CLSSYR


CLIMATE REPORT
NATIONAL WEATHER SERVICE BINGHAMTON NY
604 AM EDT WED SEP 1 2010

...................................

...THE SYRACUSE NY CLIMATE SUMMARY FOR THE SEASON, FROM
6/1/2010 TO 8/31/2010...

CLIMATE NORMAL PERIOD 1971 TO 2000
CLIMATE RECORD PERIOD 1902 TO 2010

WEATHER         OBSERVED          NORMAL  DEPART  LAST YEAR`S
                 VALUE   DATE(S)  VALUE   FROM    VALUE  DATE(S)
                                          NORMAL
................................................................
TEMPERATURE (F)
RECORD
 HIGH             101   08/14/2002
 LOW               35   06/01/1966
HIGHEST            94   07/08        79      15       91  08/17
                        07/05
                        07/06
LOWEST             47   06/09        58     -11       38  06/01
AVG. MAXIMUM     80.8              79.0     1.8     77.6
AVG. MINIMUM     61.5              58.0     3.5     58.1
MEAN             71.1              68.6     2.5     67.9
DAYS MAX >= 90      9               6.0     3.0       MM
DAYS MAX <= 32      0               0.0     0.0       MM
DAYS MIN <= 32      0               0.0     0.0       MM
DAYS MIN <= 0       0               0.0     0.0       MM

PRECIPITATION (INCHES)
RECORD
 MAXIMUM        19.51   1972
 MINIMUM         5.33   1965
TOTALS          17.21             11.12    6.09    11.85
DAILY AVG.       0.19              0.12    0.07     0.13
DAYS >= .01        37              33.0     4.0       MM
DAYS >= .10        24              21.0     3.0       MM
DAYS >= .50        10               7.0     3.0       MM
DAYS >= 1.00        5               2.0     3.0       MM
GREATEST
 24 HR. TOTAL    4.54   08/22 TO 08/23

SNOWFALL (INCHES)
RECORDS
 TOTAL              T   2008
                        2005
 24 HR TOTAL        T   08/07/2008 TO 08/07/2008
                        06/16/2008 TO 06/16/2008
 SNOW DEPTH         0   MM
TOTALS            0.0               0.0     0.0      0.0
SINCE 7/1         0.0               0.0     0.0      0.0
SNOWDEPTH AVG.      0                 0       0        0
DAYS >= TRACE       0               0.0     0.0       MM
DAYS >= 1.0         0               0.0     0.0       MM
GREATEST
 SNOW DEPTH         0   MM                             0  MM
 24 HR TOTAL      0.0   MM

DEGREE_DAYS
HEATING TOTAL      47               101     -54       82
 SINCE 7/1          7                35     -28       24
COOLING TOTAL     633               466     167      376
 SINCE 1/1        723               500     223      405

FREEZE DATES
RECORD
 EARLIEST     09/23/1963
 LATEST       05/24/1963
EARLIEST                        10/14
LATEST                          04/29
.................................................................

WIND (MPH)
AVERAGE WIND SPEED              6.8
RESULTANT WIND SPEED/DIRECTION   3/291
HIGHEST WIND SPEED/DIRECTION    33/260    DATE  06/19
HIGHEST GUST SPEED/DIRECTION    54/270    DATE  06/19

SKY COVER
POSSIBLE SUNSHINE (PERCENT)   53


AVERAGE RH (PERCENT)     71


-  INDICATES NEGATIVE NUMBERS.
R  INDICATES RECORD WAS SET OR TIED.
MM INDICATES DATA IS MISSING.
T  INDICATES TRACE AMOUNT.

&&
JUNE TO AUGUST AVERAGE TEMPERATURE TIED 11TH WARMEST  (RECORD 73.7 IN 2005)
JUNE TO AUGUST PRECIPITATION 7TH HIGHEST  (RECORD 23.18" IN 1922)
$$

TAC
