000
CXUS51 KBGM 031429
CLSSYR


CLIMATE REPORT
NATIONAL WEATHER SERVICE BINGHAMTON NY
1008 AM EDT THU JUN 3 2010

...................................

...THE SYRACUSE NY CLIMATE SUMMARY FOR THE SEASON, FROM
3/1/2010 TO 5/31/2010...

CLIMATE NORMAL PERIOD 1971 TO 2000
CLIMATE RECORD PERIOD 1902 TO 2010

WEATHER         OBSERVED          NORMAL  DEPART  LAST YEAR`S
                 VALUE   DATE(S)  VALUE   FROM    VALUE  DATE(S)
                                          NORMAL
................................................................
TEMPERATURE (F)
RECORD
 HIGH              96   05/21/1977
 LOW              -16   03/04/1950
HIGHEST            92   05/31        56      36       91  04/27
LOWEST             18   03/27        36     -18        8  03/03
                        03/06                             03/01
AVG. MAXIMUM     62.0              56.0     6.0     57.7
AVG. MINIMUM     40.3              36.0     4.3     36.2
MEAN             51.2              45.7     5.5     47.0
DAYS MAX >= 90      2               0.0     2.0        1
DAYS MAX <= 32      0               6.0    -6.0        6
DAYS MIN <= 32     20              36.0   -16.0       31
DAYS MIN <= 0       0               0.0     0.0        0

PRECIPITATION (INCHES)
RECORD
 MAXIMUM        20.15   1976
 MINIMUM         3.92   1915
TOTALS           6.25              9.23   -2.98     9.64
DAILY AVG.       0.07              0.10   -0.03     0.10
DAYS >= .01        32              42.0   -10.0       36
DAYS >= .10        16              22.0    -6.0       23
DAYS >= .50         4               6.0    -2.0        6
DAYS >= 1.00        0               1.0    -1.0        1
GREATEST
 24 HR. TOTAL    1.16   03/22 TO 03/23

SNOWFALL (INCHES)
RECORDS
 TOTAL           66.7   1993
 24 HR TOTAL     22.1   03/13/1993 TO 03/13/1993
 SNOW DEPTH        35   03/15/1993
TOTALS            0.2              19.5   -19.3      1.6
SINCE 7/1       106.2             111.9    -5.7    149.3
SNOWDEPTH AVG.      1                 1       0        0
DAYS >= TRACE      11              22.0   -11.0       12
DAYS >= 1.0         0               6.0    -6.0        0
GREATEST
 SNOW DEPTH        14   03/01                          T
 24 HR TOTAL      0.2   05/08 TO 05/09

DEGREE_DAYS
HEATING TOTAL    1342              1796    -454     1666
 SINCE 7/1       6136              6737    -601     6754
COOLING TOTAL      90                34      56       29
 SINCE 1/1         90                34      56       29

FREEZE DATES
RECORD
 EARLIEST     09/23/1963
 LATEST       05/24/1963
EARLIEST                        10/14
LATEST                          04/29
.................................................................

WIND (MPH)
AVERAGE WIND SPEED              8.0
RESULTANT WIND SPEED/DIRECTION   3/322
HIGHEST WIND SPEED/DIRECTION    46/290    DATE  05/04
HIGHEST GUST SPEED/DIRECTION    63/270    DATE  05/04

SKY COVER
POSSIBLE SUNSHINE (PERCENT)   50


AVERAGE RH (PERCENT)     63


-  INDICATES NEGATIVE NUMBERS.
R  INDICATES RECORD WAS SET OR TIED.
MM INDICATES DATA IS MISSING.
T  INDICATES TRACE AMOUNT.

&&
TIED WARMEST MARCH TO APRIL  OLD RECORD 51.2 DEGREES IN 1921
TENTH LOWEST PRECIPITATION 6.25 INCHES  RECORD 3.92 INCHES IN 1915
LOWEST SNOWFALL 0.2 INCHES  OLD RECORD 0.8 INCHES IN 1927
   CURRENT THIRD LOWEST SNOWFALL 1.6 INCHES IN 2009
$$

TAC
