328
CXUS51 KBGM 061038 RRB
CLSSYR

CLIMATE REPORT
NATIONAL WEATHER SERVICE BINGHAMTON NY
619 AM EDT MON JUN 6 2016

...................................

...THE SYRACUSE NY CLIMATE SUMMARY FOR THE SEASON, FROM
3/1/2016 TO 5/31/2016...

CLIMATE NORMAL PERIOD 1981 TO 2010
CLIMATE RECORD PERIOD 1902 TO 2016

WEATHER         OBSERVED          NORMAL  DEPART  LAST YEAR`S
                 VALUE   DATE(S)  VALUE   FROM    VALUE  DATE(S)
                                          NORMAL
................................................................
TEMPERATURE (F)
RECORD
 HIGH              96   05/21/1977
 LOW              -16   03/04/1950
HIGHEST            91   05/28        56      35       90  05/08
LOWEST              8   03/03        36     -28       -7  03/01
AVG. MAXIMUM     58.0              56.4     1.6     56.4
AVG. MINIMUM     35.7              36.0    -0.3     35.2
MEAN             46.8              46.2     0.6     45.8
DAYS MAX >= 90      1               0.3     0.7        1
DAYS MAX <= 32      6               5.5     0.5       11
DAYS MIN <= 32     36              32.6     3.4       37
DAYS MIN <= 0       0               0.4    -0.4        3

PRECIPITATION (INCHES)
RECORD
 MAXIMUM        20.15   1976
 MINIMUM         5.66   1981
TOTALS           8.04              9.36   -1.32     8.24
DAILY AVG.       0.09              0.10   -0.01     0.09
DAYS >= .01        35              42.7    -7.7       42
DAYS >= .10        18              23.3    -5.3       24
DAYS >= .50         3               5.8    -2.8        4
DAYS >= 1.00        1               0.8     0.2        1
GREATEST
 24 HR. TOTAL    2.42   05/29 TO 05/29

SNOWFALL (INCHES)
RECORDS
 TOTAL           66.7   1993
 24 HR TOTAL     22.1   03/13/1993 TO 03/13/1993
 SNOW DEPTH        35   03/15/1993
TOTALS           13.5              21.9    -8.4     12.9
SINCE 7/1        79.6             123.8   -44.2    117.4
SNOWDEPTH AVG.      0                MM      MM        4
DAYS >= TRACE      19              12.6     6.4       25
DAYS >= 1.0         3               6.3    -3.3        5
GREATEST
 SNOW DEPTH         5   04/05                         29  03/04
                        04/04                             03/02
 24 HR TOTAL      6.4   04/03 TO 04/03

DEGREE_DAYS
HEATING TOTAL    1699              1759     -60     1844
 SINCE 7/1       5798              6590     -92     7068
COOLING TOTAL      56                30      26      105
 SINCE 1/1         56                30      26      105

FREEZE DATES
RECORD
 EARLIEST     09/23/1963
 LATEST       05/24/1963
EARLIEST                        10/14
LATEST                          04/29
...................................................

WIND (MPH)
AVERAGE WIND SPEED              7.7
RESULTANT WIND SPEED/DIRECTION   2/281
HIGHEST WIND SPEED/DIRECTION    43/360    DATE  05/29
HIGHEST GUST SPEED/DIRECTION    59/350    DATE  05/29

SKY COVER
POSSIBLE SUNSHINE (PERCENT)   MM
AVERAGE SKY COVER           0.70

AVERAGE RH (PERCENT)     66


-  INDICATES NEGATIVE NUMBERS.
R  INDICATES RECORD WAS SET OR TIED.
MM INDICATES DATA IS MISSING.
T  INDICATES TRACE AMOUNT.

$$
