000
CXUS55 KPUB 011310
CF6TAD
PRELIMINARY LOCAL CLIMATOLOGICAL DATA (WS FORM: F-6)
STATION: TRINIDAD CO
MONTH: NOVEMBER
YEAR: 2021
LATITUDE: 37 16 N
LONGITUDE: 104 20 W
TEMPERATURE IN F: :PCPN: SNOW: WIND :SUNSHINE: SKY :PK WND
================================================================================
1 2 3 4 5 6A 6B 7 8 9 10 11 12 13 14 15 16 17 18
12Z AVG MX 2MIN
DY MAX MIN AVG DEP HDD CDD WTR SNW DPTH SPD SPD DIR MIN PSBL S-S WX SPD DR
================================================================================
1 54 25 40 -7 25 0 0.00 M M 5.5 14 220 M M 1 18 60
2 54 33 44 -3 21 0 T M M 4.9 13 30 M M 5 17 20
3 60 27 44 -2 21 0 0.00 M M 6.9 13 260 M M 2 18 40
4 68 31 50 4 15 0 0.00 M M 7.2 16 250 M M 0 21 230
5 77 32 55 9 10 0 0.00 M M 10.2 17 40 M M 0 22 30
6 80 36 58 13 7 0 0.00 M M 9.0 17 250 M M 0 20 250
7 79 35 57 12 8 0 0.00 M M 10.7 20 260 M M 0 25 260
8 68 30 49 5 16 0 0.00 M M 8.5 18 70 M M 0 24 50
9 69 24 47 3 18 0 0.00 M M 10.2 31 250 M M 0 44 260
10 61 31 46 2 19 0 T M M 10.4 24 320 M M 2 33 320
11 61 24 43 0 22 0 0.00 M M 7.9 15 260 M M 0 19 290
12 60 19 40 -3 25 0 0.00 M M 8.8 21 60 M M 0 29 50
13 72 30 51 9 14 0 0.00 M M 10.4 20 350 M M 0 28 350
14 74 24 49 7 16 0 0.00 M M 8.9 21 320 M M 0 26 310
15 78 42 60 18 5 0 0.00 M M 9.8 18 250 M M 0 25 250
16 67 41 54 13 11 0 0.00 M M 8.0 18 260 M M 0 24 290
17 49 13 31 -10 34 0 0.00 M M 7.5 16 30 M M 2 23 30
18 56 11 34 -6 31 0 0.00 M M 9.0 21 260 M M 0 27 240
19 70 34 52 12 13 0 0.00 M M 8.9 25 270 M M 0 31 270
20 61 28 45 5 20 0 0.00 M M 7.6 16 250 M M 1 20 260
21 52 27 40 1 25 0 T M M 6.2 14 20 M M 3 20 40
22 68 27 48 9 17 0 0.00 M M 10.6 21 250 M M 0 27 240
23 71 27 49 11 16 0 0.00 M M 11.5 26 250 M M 0 35 250
24 54 30 42 4 23 0 0.02 M M 9.6 22 50 M M 6 1 28 50
25 51 14 33 -5 32 0 0.00 M M 9.3 17 250 M M 1 24 240
26 68 31 50 13 15 0 0.00 M M 9.2 20 250 M M 0 26 250
27 57 26 42 5 23 0 0.00 M M 8.2 15 250 M M 0 19 250
28 71 24 48 11 17 0 0.00 M M 8.9 17 250 M M 0 23 230
29 73 36 55 19 10 0 0.00 M M 10.3 21 240 M M 0 26 240
30 58 34 46 10 19 0 0.00 M M 10.7 20 250 M M 0 27 250
================================================================================
SM 1941 846 548 0 0.02 M 264.8 M 23
================================================================================
AV 64.7 28.2 8.8 FASTST M M 1 MAX(MPH)
MISC ----> 31 250 44 260
================================================================================
NOTES:
# LAST OF SEVERAL OCCURRENCES
COLUMN 17 PEAK WIND IN M.P.H.
PRELIMINARY LOCAL CLIMATOLOGICAL DATA (WS FORM: F-6) , PAGE 2
STATION: TRINIDAD CO
MONTH: NOVEMBER
YEAR: 2021
LATITUDE: 37 16 N
LONGITUDE: 104 20 W
[TEMPERATURE DATA] [PRECIPITATION DATA] SYMBOLS USED IN COLUMN 16
AVERAGE MONTHLY: 46.4 TOTAL FOR MONTH: 0.02 1 = FOG OR MIST
DPTR FM NORMAL: 4.9 DPTR FM NORMAL: -0.57 2 = FOG REDUCING VISIBILITY
HIGHEST: 80 ON 6 GRTST 24HR 0.02 ON 24-24 TO 1/4 MILE OR LESS
LOWEST: 11 ON 18 3 = THUNDER
SNOW, ICE PELLETS, HAIL 4 = ICE PELLETS
TOTAL MONTH: M 5 = HAIL
GRTST 24HR M ON M 6 = FREEZING RAIN OR DRIZZLE
GRTST DEPTH: M ON M 7 = DUSTSTORM OR SANDSTORM:
VSBY 1/2 MILE OR LESS
8 = SMOKE OR HAZE
[NO. OF DAYS WITH] [WEATHER - DAYS WITH] 9 = BLOWING SNOW
X = TORNADO
MAX 32 OR BELOW: 0 0.01 INCH OR MORE: 1
MAX 90 OR ABOVE: 0 0.10 INCH OR MORE: 0
MIN 32 OR BELOW: 22 0.50 INCH OR MORE: 0
MIN 0 OR BELOW: 0 1.00 INCH OR MORE: 0
[HDD (BASE 65) ]
TOTAL THIS MO. 548 CLEAR (SCALE 0-3) 28
DPTR FM NORMAL -159 PTCLDY (SCALE 4-7) 2
TOTAL FM JUL 1 901 CLOUDY (SCALE 8-10) 0
DPTR FM NORMAL -263
[CDD (BASE 65) ]
TOTAL THIS MO. 0
DPTR FM NORMAL 0 [PRESSURE DATA]
TOTAL FM JAN 1 1002 HIGHEST SLP 30.55 ON 25
DPTR FM NORMAL 125 LOWEST SLP 29.54 ON 23
[REMARKS]
#FINAL-11-21#