000
CXUS52 KTBW 011100
CF6TBW
PRELIMINARY LOCAL CLIMATOLOGICAL DATA (WS FORM: F-6)
STATION: RUSKIN WFO
MONTH: FEBRUARY
YEAR: 2021
LATITUDE: 27 42 N
LONGITUDE: 82 24 W
TEMPERATURE IN F: :PCPN: SNOW: WIND :SUNSHINE: SKY :PK WND
================================================================================
1 2 3 4 5 6A 6B 7 8 9 10 11 12 13 14 15 16 17 18
12Z AVG MX 2MIN
DY MAX MIN AVG DEP HDD CDD WTR SNW DPTH SPD SPD DIR MIN PSBL S-S WX SPD DR
================================================================================
1 67 50 59 M 6 0 0.46 0.0 0 M M M M M M 3 M M
2 54 48 51 M 14 0 0.00 0.0 0 M M M M M M M M
3 60 40 50 M 15 0 0.00 0.0 0 M M M M M M M M
4 67 37 52 M 13 0 0.00 0.0 0 M M M M M M M M
5 77 41 59 M 6 0 0.00 0.0 0 M M M M M M M M
6 80 60 70 M 0 5 0.01 0.0 0 M M M M M M M M
7 73 58 66 M 0 1 0.64 0.0 0 M M M M M M 3 M M
8 79 56 68 M 0 3 0.00 0.0 0 M M M M M M M M
9 82 65 74 M 0 9 0.00 0.0 0 M M M M M M M M
10 86 62 74 M 0 9 0.00 0.0 0 M M M M M M M M
11 84 62 73 M 0 8 0.00 0.0 0 M M M M M M M M
12 82 63 73 M 0 8 T 0.0 0 M M M M M M M M
13 82 66 74 M 0 9 0.40 0.0 0 M M M M M M 3 M M
14 84 68 76 M 0 11 0.48 0.0 0 M M M M M M 3 M M
15 86 66 76 M 0 11 0.24 0.0 0 M M M M M M 3 M M
16 69 59 64 M 1 0 0.22 0.0 0 M M M M M M M M
17 72 57 65 M 0 0 0.04 0.0 0 M M M M M M M M
18 86 66 76 M 0 11 0.00 0.0 0 M M M M M M M M
19 82 53 68 M 0 3 0.03 0.0 0 M M M M M M M M
20 69 47 58 M 7 0 0.00 0.0 0 M M M M M M M M
21 78 50 64 M 1 0 0.00 0.0 0 M M M M M M M M
22 83 57 70 M 0 5 0.05 0.0 0 M M M M M M M M
23 77 58 68 M 0 3 0.00 0.0 0 M M M M M M M M
24 77 52 65 M 0 0 0.00 0.0 0 M M M M M M M M
25 82 51 67 M 0 2 0.00 0.0 0 M M M M M M M M
26 87 58 73 M 0 8 0.00 0.0 0 M M M M M M M M
27 88 65 77 M 0 12 0.00 0.0 0 M M M M M M M M
28 88 65 77 M 0 12 0.00 0.0 0 M M M M M M M M
================================================================================
SM 2181 1580 63 130 2.57 0.0 M M M
================================================================================
AV 77.9 56.4 M FASTST M M M MAX(MPH)
MISC ----> M M M M
================================================================================
NOTES:
# LAST OF SEVERAL OCCURRENCES
COLUMN 17 PEAK WIND IN M.P.H.
PRELIMINARY LOCAL CLIMATOLOGICAL DATA (WS FORM: F-6) , PAGE 2
STATION: RUSKIN WFO
MONTH: FEBRUARY
YEAR: 2021
LATITUDE: 27 42 N
LONGITUDE: 82 24 W
[TEMPERATURE DATA] [PRECIPITATION DATA] SYMBOLS USED IN COLUMN 16
AVERAGE MONTHLY: 67.2 TOTAL FOR MONTH: 2.57 1 = FOG OR MIST
DPTR FM NORMAL: 0.0 DPTR FM NORMAL: 2.57 2 = FOG REDUCING VISIBILITY
HIGHEST: 88 ON 28,27 GRTST 24HR 0.64 ON 7- 7 TO 1/4 MILE OR LESS
LOWEST: 37 ON 4 3 = THUNDER
SNOW, ICE PELLETS, HAIL 4 = ICE PELLETS
TOTAL MONTH: 0.0 INCH 5 = HAIL
GRTST 24HR 0.0 6 = FREEZING RAIN OR DRIZZLE
GRTST DEPTH: 0 7 = DUSTSTORM OR SANDSTORM:
VSBY 1/2 MILE OR LESS
8 = SMOKE OR HAZE
[NO. OF DAYS WITH] [WEATHER - DAYS WITH] 9 = BLOWING SNOW
X = TORNADO
MAX 32 OR BELOW: 0 0.01 INCH OR MORE: 10
MAX 90 OR ABOVE: 0 0.10 INCH OR MORE: 6
MIN 32 OR BELOW: 0 0.50 INCH OR MORE: 1
MIN 0 OR BELOW: 0 1.00 INCH OR MORE: 0
[HDD (BASE 65) ]
TOTAL THIS MO. 63 CLEAR (SCALE 0-3) 0
DPTR FM NORMAL M PTCLDY (SCALE 4-7) 0
TOTAL FM JUL 1 372 CLOUDY (SCALE 8-10) 28
DPTR FM NORMAL M
[CDD (BASE 65) ]
TOTAL THIS MO. 130
DPTR FM NORMAL M [PRESSURE DATA]
TOTAL FM JAN 1 176 HIGHEST SLP M ON M
DPTR FM NORMAL M LOWEST SLP M ON M
[REMARKS]
#FINAL-02-21#